{"id":719349,"date":"2025-08-27T18:20:56","date_gmt":"2025-08-27T15:20:56","guid":{"rendered":"https:\/\/roveyayinevi.com.tr\/index.php\/urun\/gokyuzunde-balonlar\/"},"modified":"2026-04-16T02:27:32","modified_gmt":"2026-04-15T23:27:32","slug":"gokyuzunde-balonlar","status":"publish","type":"product","link":"https:\/\/roveyayinevi.com.tr\/index.php\/urun\/gokyuzunde-balonlar\/","title":{"rendered":"G\u00f6ky\u00fcz\u00fcnde Balonlar"},"content":{"rendered":"<p>S\u00fcrprizlerle dolu, reng\u00e2renk balonlarla g\u00f6klere \u00e7\u0131kmaya haz\u0131r m\u0131s\u0131n\u0131z?G\u00f6ky\u00fcz\u00fcnde Balonlar&#8217;da Ayt\u00fcl Akal, g\u00fcndelik hayata dair konular\u0131 dokuz e\u011flenceli \u00f6yk\u00fcyle bir araya getiriyor. Al\u0131\u015fveri\u015f merkezine giderken otopark s\u0131ras\u0131na tak\u0131lanlar, \u0130nternet tutkunu dedeler, hiperaktif krallar ve krali\u00e7eler, y\u0131lba\u015f\u0131 dilekleri, esrarengiz defterler, al\u0131ngan nineler&#8230; Akal, teknolojinin ili\u015fkilerimize etkileri ve al\u0131\u015fveri\u015f merkezlerinin hayat\u0131m\u0131za girmesi gibi g\u00fcn\u00fcm\u00fczde gittik\u00e7e daha fazla kar\u015f\u0131m\u0131za \u00e7\u0131kan konular\u0131, aile ve arkada\u015fl\u0131k ili\u015fkileriyle harmanlayarak okura yepyeni bir bak\u0131\u015f a\u00e7\u0131s\u0131 sunuyor.Farkl\u0131 tasar\u0131m\u0131yla da \u00f6ne \u00e7\u0131kan bu kitapta, An\u0131l Tortop&#8217;un e\u011flenceli \u00e7izimleri yer al\u0131yor. G\u00f6ky\u00fcz\u00fcnde Balonlar, Ayt\u00fcl Akal&#8217;\u0131n Redhouse Kidz&#8217;den yay\u0131mlanan ilk kitab\u0131. Yazar\u0131n s\u0131cac\u0131k ve esprili diliyle anlatt\u0131\u011f\u0131 her bir \u00f6yk\u00fcde kendinizden ya da yak\u0131nlar\u0131n\u0131zdan bir \u015feyler bulacaks\u0131n\u0131z!<\/p>\n","protected":false},"excerpt":{"rendered":"<p>S\u00fcrprizlerle dolu, reng\u00e2renk balonlarla g\u00f6klere \u00e7\u0131kmaya haz\u0131r m\u0131s\u0131n\u0131z?G\u00f6ky\u00fcz\u00fcnde Balonlar&#8217;da Ayt\u00fcl Akal, g\u00fcndelik hayata dair konular\u0131 dokuz e\u011flenceli \u00f6yk\u00fcyle bir araya getiriyor. Al\u0131\u015fveri\u015f merkezine giderken otopark s\u0131ras\u0131na<span class=\"excerpt-hellip\"> [\u2026]<\/span><\/p>\n","protected":false},"featured_media":0,"template":"","meta":{"_monsterinsights_skip_tracking":false,"_monsterinsights_sitenote_active":false,"_monsterinsights_sitenote_note":"","_monsterinsights_sitenote_category":0},"product_brand":[],"product_cat":[12274,12284],"product_tag":[],"class_list":{"0":"post-719349","1":"product","2":"type-product","3":"status-publish","5":"product_cat-cocuk-ve-genclik-kitaplari","6":"product_cat-hikayeler","7":"pa_cilt-ciltsiz","8":"pa_tur-kitap","9":"pa_yayinevi-redhouse-kidz-yayinlari","10":"pa_yazar-aytul-akal","12":"first","13":"instock","14":"sale","15":"shipping-taxable","16":"purchasable","17":"product-type-simple"},"_links":{"self":[{"href":"https:\/\/roveyayinevi.com.tr\/index.php\/wp-json\/wp\/v2\/product\/719349","targetHints":{"allow":["GET"]}}],"collection":[{"href":"https:\/\/roveyayinevi.com.tr\/index.php\/wp-json\/wp\/v2\/product"}],"about":[{"href":"https:\/\/roveyayinevi.com.tr\/index.php\/wp-json\/wp\/v2\/types\/product"}],"wp:attachment":[{"href":"https:\/\/roveyayinevi.com.tr\/index.php\/wp-json\/wp\/v2\/media?parent=719349"}],"wp:term":[{"taxonomy":"product_brand","embeddable":true,"href":"https:\/\/roveyayinevi.com.tr\/index.php\/wp-json\/wp\/v2\/product_brand?post=719349"},{"taxonomy":"product_cat","embeddable":true,"href":"https:\/\/roveyayinevi.com.tr\/index.php\/wp-json\/wp\/v2\/product_cat?post=719349"},{"taxonomy":"product_tag","embeddable":true,"href":"https:\/\/roveyayinevi.com.tr\/index.php\/wp-json\/wp\/v2\/product_tag?post=719349"}],"curies":[{"name":"wp","href":"https:\/\/api.w.org\/{rel}","templated":true}]}}