{"id":719304,"date":"2025-08-27T18:20:25","date_gmt":"2025-08-27T15:20:25","guid":{"rendered":"https:\/\/roveyayinevi.com.tr\/index.php\/urun\/atletizm-sporcularinin-basari-algilari-ve-spora-katilim-guduleri\/"},"modified":"2026-04-16T02:27:31","modified_gmt":"2026-04-15T23:27:31","slug":"atletizm-sporcularinin-basari-algilari-ve-spora-katilim-guduleri","status":"publish","type":"product","link":"https:\/\/roveyayinevi.com.tr\/index.php\/urun\/atletizm-sporcularinin-basari-algilari-ve-spora-katilim-guduleri\/","title":{"rendered":"Atletizm Sporcular\u0131n\u0131n Ba\u015far\u0131 Alg\u0131lar\u0131 ve Spora Kat\u0131l\u0131m G\u00fcd\u00fcleri"},"content":{"rendered":"<p>\u0130\u00e7indekiler;Problem Durumu Sporcu E\u011fitim Merkezleri G\u00fcd\u00fclenme (Motivasyon) Ba\u015far\u0131 Alg\u0131s\u0131 Kuramsal Yakla\u015f\u0131mlar Ara\u015ft\u0131rman\u0131n Amac\u0131 Temel Problemler Alt Problemler Say\u0131lt\u0131lar S\u0131n\u0131rl\u0131l\u0131klar Tan\u0131mlar Genel Bilgiler Spor Nedir? Atletizm Nedir? Sporcu E\u011fitim Merkezleri G\u00fcd\u00fclenme (Motivasyon) Sporda G\u00fcd\u00fclenme Spora Kat\u0131l\u0131m G\u00fcd\u00fcs\u00fc Spora Kat\u0131l\u0131m G\u00fcd\u00fcs\u00fc ile \u0130lgili Ara\u015ft\u0131rmalar Ba\u015far\u0131 Alg\u0131s\u0131 Kuramsal Yakla\u015f\u0131m Ba\u015far\u0131 G\u00fcd\u00fclenmesi Kuram\u0131 Hedefi Ger\u00e7ekle\u015ftirme Kuram\u0131 Hedef Y\u00f6nelimi Ba\u015far\u0131 Hedefleri Teorisi Ego Y\u00f6nelimli Hedefler G\u00f6rev Y\u00f6nelimli Hedefler Ba\u015far\u0131 G\u00fcd\u00fclenmesi \u0130le \u0130lgili Yap\u0131lan \u00c7al\u0131\u015fmalar Gere\u00e7 ve Y\u00f6ntem Ara\u015ft\u0131rman\u0131n Amac\u0131 Ara\u015ft\u0131rman\u0131n \u00d6nemi Ara\u015ft\u0131rman\u0131n \u00d6n Kabulleri Ara\u015ft\u0131rman\u0131n Evren ve \u00d6rneklemi Ara\u015ft\u0131rman\u0131n Y\u00f6ntemi Ara\u015ft\u0131rman\u0131n Veri Toplama Ara\u00e7lar\u0131 Ki\u015fisel Bilgi Formu Spora Kat\u0131l\u0131m G\u00fcd\u00fcs\u00fc \u00d6l\u00e7e\u011fi (Participation Motivation Questionnaire PMQ) Ba\u015far\u0131 Alg\u0131s\u0131 Envanteri- \u00c7ocuk Versiyonu (Thre Children&#8217;s Version of The Perception of Success Questionnaire-POSQ-Ch) Ara\u015ft\u0131rman\u0131n Verilerinin Toplanmas\u0131 \u00d6l\u00e7eklere \u0130li\u015fkin G\u00fcvenirlilik Analizleri BulgularAra\u015ft\u0131rman\u0131n Birinci Alt Problemine \u0130li\u015fkin Bulgular Ara\u015ft\u0131rman\u0131n \u0130kinci Alt Problemine \u0130li\u015fkin Bulgular Ara\u015ft\u0131rman\u0131n \u00dc\u00e7\u00fcnc\u00fc Alt Problemine \u0130li\u015fkin Bulgular Ara\u015ft\u0131rman\u0131n D\u00f6rd\u00fcnc\u00fc Alt Problemine \u0130li\u015fkin Bulgular Ara\u015ft\u0131rman\u0131n Be\u015finci Alt Problemine \u0130li\u015fkin Bulgular Ara\u015ft\u0131rman\u0131n Alt\u0131nc\u0131 Alt Problemine \u0130li\u015fkin Bulgular Atletizm Sporcular\u0131n\u0131n Ba\u015far\u0131 Alg\u0131lar\u0131 ve Spora Kat\u0131l\u0131m G\u00fcd\u00fcleri Ara\u015ft\u0131rman\u0131n Yedinci Alt Problemine \u0130li\u015fkin Bulgular Tart\u0131\u015fmaAra\u015ft\u0131rman\u0131n Birinci Alt Problemine \u0130li\u015fkin Tart\u0131\u015fma Ara\u015ft\u0131rman\u0131n \u0130kinci Alt Problemine \u0130li\u015fkin Tart\u0131\u015fma Ara\u015ft\u0131rman\u0131n \u00dc\u00e7\u00fcnc\u00fc Alt Problemine \u0130li\u015fkin Tart\u0131\u015fma Ara\u015ft\u0131rman\u0131n D\u00f6rd\u00fcnc\u00fc Alt Problemine \u0130li\u015fkin Tart\u0131\u015fma Ara\u015ft\u0131rman\u0131n Be\u015finci Alt Problemine \u0130li\u015fkin Tart\u0131\u015fma Ara\u015ft\u0131rman\u0131n Alt\u0131nc\u0131 Alt Problemine \u0130li\u015fkin Tart\u0131\u015fma Ara\u015ft\u0131rman\u0131n Yedinci Alt Problemine \u0130li\u015fkin Tart\u0131\u015fma <\/p>\n","protected":false},"excerpt":{"rendered":"<p>\u0130\u00e7indekiler;Problem Durumu Sporcu E\u011fitim Merkezleri G\u00fcd\u00fclenme (Motivasyon) Ba\u015far\u0131 Alg\u0131s\u0131 Kuramsal Yakla\u015f\u0131mlar Ara\u015ft\u0131rman\u0131n Amac\u0131 Temel Problemler Alt Problemler Say\u0131lt\u0131lar S\u0131n\u0131rl\u0131l\u0131klar Tan\u0131mlar Genel Bilgiler Spor Nedir? Atletizm Nedir?<span class=\"excerpt-hellip\"> [\u2026]<\/span><\/p>\n","protected":false},"featured_media":0,"template":"","meta":{"_monsterinsights_skip_tracking":false,"_monsterinsights_sitenote_active":false,"_monsterinsights_sitenote_note":"","_monsterinsights_sitenote_category":0},"product_brand":[],"product_cat":[15563,15564],"product_tag":[],"class_list":{"0":"post-719304","1":"product","2":"type-product","3":"status-publish","5":"product_cat-hobi","6":"product_cat-spor","7":"pa_cilt-ciltsiz","8":"pa_tur-kitap","9":"pa_yayinevi-gazi-kitabevi","10":"pa_yazar-yesim-karac","12":"first","13":"instock","14":"sale","15":"shipping-taxable","16":"purchasable","17":"product-type-simple"},"_links":{"self":[{"href":"https:\/\/roveyayinevi.com.tr\/index.php\/wp-json\/wp\/v2\/product\/719304","targetHints":{"allow":["GET"]}}],"collection":[{"href":"https:\/\/roveyayinevi.com.tr\/index.php\/wp-json\/wp\/v2\/product"}],"about":[{"href":"https:\/\/roveyayinevi.com.tr\/index.php\/wp-json\/wp\/v2\/types\/product"}],"wp:attachment":[{"href":"https:\/\/roveyayinevi.com.tr\/index.php\/wp-json\/wp\/v2\/media?parent=719304"}],"wp:term":[{"taxonomy":"product_brand","embeddable":true,"href":"https:\/\/roveyayinevi.com.tr\/index.php\/wp-json\/wp\/v2\/product_brand?post=719304"},{"taxonomy":"product_cat","embeddable":true,"href":"https:\/\/roveyayinevi.com.tr\/index.php\/wp-json\/wp\/v2\/product_cat?post=719304"},{"taxonomy":"product_tag","embeddable":true,"href":"https:\/\/roveyayinevi.com.tr\/index.php\/wp-json\/wp\/v2\/product_tag?post=719304"}],"curies":[{"name":"wp","href":"https:\/\/api.w.org\/{rel}","templated":true}]}}