{"id":719302,"date":"2025-08-27T18:20:24","date_gmt":"2025-08-27T15:20:24","guid":{"rendered":"https:\/\/roveyayinevi.com.tr\/index.php\/urun\/halk-anlatilarinin-yeniden-yazimi-surecinde-tepegoz-1923-2018\/"},"modified":"2026-04-16T02:27:31","modified_gmt":"2026-04-15T23:27:31","slug":"halk-anlatilarinin-yeniden-yazimi-surecinde-tepegoz-1923-2018","status":"publish","type":"product","link":"https:\/\/roveyayinevi.com.tr\/index.php\/urun\/halk-anlatilarinin-yeniden-yazimi-surecinde-tepegoz-1923-2018\/","title":{"rendered":"Halk Anlat\u0131lar\u0131n\u0131n Yeniden Yaz\u0131m\u0131 S\u00fcrecinde Tepeg\u00f6z (1923-2018)"},"content":{"rendered":"<p>Antik bir mitolojik karakter olarak tarihle efsanenin bulan\u0131k bir e\u015fikte birbiriyle kayna\u015fmas\u0131ndan \u00e7ok \u00f6nce yarat\u0131lan Tepeg\u00f6z, Dede Korkut boylar\u0131 i\u00e7inde ola\u011fan\u00fcst\u00fc motiflerle s\u00fcsl\u00fc anlat\u0131lar\u0131n en tan\u0131d\u0131k ve \u0130sko\u00e7ya\u2019dan T\u00fcrkistan\u2019a kadar geni\u015f bir co\u011frafyada s\u00f6zl\u00fc gelene\u011fe ait pek \u00e7ok varyant\u0131 bulunan evrensel fig\u00fcr\u00fcd\u00fcr. T\u00fcrk milletinin maddi ve manevi de\u011ferlerinin \u00f6nemli bir katalo\u011funu sunan Dede Korkut Kitab\u0131\u2019n\u0131n ke\u015ffinden sonra yap\u0131lan ilk \u00e7al\u0131\u015fmalarda bile \u00f6zne odur ve bu incelemelerde me\u015fhur Yunan Polyphemos\u2019una kaynakl\u0131k eden eski anlat\u0131n\u0131n O\u011fuz \u00f6yk\u00fcs\u00fc oldu\u011fu savunulmu\u015ftur.Ahmet \u00d6zg\u00fcr G\u00fcven\u00e7, arkaik \u00e7a\u011flardan bu yana i\u015flenen, mitos ve masallar\u0131n yo\u011furdu\u011fu Tepeg\u00f6z\u2019\u00fcn \u00e7a\u011fda\u015f maceras\u0131n\u0131 bize anlat\u0131yor. Metinleraras\u0131 ili\u015fki bi\u00e7imleri ve halk anlat\u0131lar\u0131n\u0131n yeniden yaz\u0131lmas\u0131 s\u00fcre\u00e7lerinde, as\u0131l metin olan \u201cBasat\u2019\u0131n Tepeg\u00f6z\u2019\u00fc \u00d6ld\u00fcrmesi\u201dnin k\u00fclt\u00fcrel ve tarihsel y\u00f6nleriyle ele al\u0131nd\u0131\u011f\u0131 kitapta, bu ola\u011fan\u00fcst\u00fc anlat\u0131 temelinde bilhassa Ziya G\u00f6kalp\u2019\u0131n Alt\u0131n I\u015f\u0131k\u2019taki ilk nazma \u00e7ekme \u00e7al\u0131\u015fmalar\u0131ndan ba\u015flayarak 1923-2018 y\u0131llar\u0131 aras\u0131nda, baz\u0131lar\u0131 dil ve \u015fekil y\u00f6n\u00fcnden orijinal metinlerden ayr\u0131l\u0131p baz\u0131lar\u0131 dil ve \u015fekil haricinde i\u00e7erik bak\u0131m\u0131ndan da farkl\u0131l\u0131klar g\u00f6stererek masal, hik\u00e2ye, efsane, roman, \u015fiir, tiyatro metni, \u00e7izgi roman ve \u00e7izgi film senaryosu formlar\u0131nda ortaya konan metinler incelenmi\u015f, b\u00f6ylece bir halk anlat\u0131s\u0131n\u0131n zaman i\u00e7inde u\u011frad\u0131\u011f\u0131 d\u00f6n\u00fc\u015f\u00fcmler ortaya konulmu\u015ftur.<\/p>\n","protected":false},"excerpt":{"rendered":"<p>Antik bir mitolojik karakter olarak tarihle efsanenin bulan\u0131k bir e\u015fikte birbiriyle kayna\u015fmas\u0131ndan \u00e7ok \u00f6nce yarat\u0131lan Tepeg\u00f6z, Dede Korkut boylar\u0131 i\u00e7inde ola\u011fan\u00fcst\u00fc motiflerle s\u00fcsl\u00fc anlat\u0131lar\u0131n en tan\u0131d\u0131k<span class=\"excerpt-hellip\"> [\u2026]<\/span><\/p>\n","protected":false},"featured_media":0,"template":"","meta":{"_monsterinsights_skip_tracking":false,"_monsterinsights_sitenote_active":false,"_monsterinsights_sitenote_note":"","_monsterinsights_sitenote_category":0},"product_brand":[],"product_cat":[12291,13706],"product_tag":[],"class_list":{"0":"post-719302","1":"product","2":"type-product","3":"status-publish","5":"product_cat-edebiyat","6":"product_cat-efsane-destan-masal","7":"pa_cilt-ciltsiz","8":"pa_tur-kitap","9":"pa_yayinevi-otuken-nesriyat","10":"pa_yazar-ahmet-ozgur-guvenc","12":"first","13":"instock","14":"sale","15":"shipping-taxable","16":"purchasable","17":"product-type-simple"},"_links":{"self":[{"href":"https:\/\/roveyayinevi.com.tr\/index.php\/wp-json\/wp\/v2\/product\/719302","targetHints":{"allow":["GET"]}}],"collection":[{"href":"https:\/\/roveyayinevi.com.tr\/index.php\/wp-json\/wp\/v2\/product"}],"about":[{"href":"https:\/\/roveyayinevi.com.tr\/index.php\/wp-json\/wp\/v2\/types\/product"}],"wp:attachment":[{"href":"https:\/\/roveyayinevi.com.tr\/index.php\/wp-json\/wp\/v2\/media?parent=719302"}],"wp:term":[{"taxonomy":"product_brand","embeddable":true,"href":"https:\/\/roveyayinevi.com.tr\/index.php\/wp-json\/wp\/v2\/product_brand?post=719302"},{"taxonomy":"product_cat","embeddable":true,"href":"https:\/\/roveyayinevi.com.tr\/index.php\/wp-json\/wp\/v2\/product_cat?post=719302"},{"taxonomy":"product_tag","embeddable":true,"href":"https:\/\/roveyayinevi.com.tr\/index.php\/wp-json\/wp\/v2\/product_tag?post=719302"}],"curies":[{"name":"wp","href":"https:\/\/api.w.org\/{rel}","templated":true}]}}