{"id":719290,"date":"2025-08-27T18:20:18","date_gmt":"2025-08-27T15:20:18","guid":{"rendered":"https:\/\/roveyayinevi.com.tr\/index.php\/urun\/avci-ciltli\/"},"modified":"2026-04-16T02:27:31","modified_gmt":"2026-04-15T23:27:31","slug":"avci-ciltli","status":"publish","type":"product","link":"https:\/\/roveyayinevi.com.tr\/index.php\/urun\/avci-ciltli\/","title":{"rendered":"Avc\u0131 (Ciltli)"},"content":{"rendered":"<p>Kirli oyunlar d\u00f6n\u00fcyordu ve herkes bu oyundayd\u0131. S\u0131rlar\u0131n\u0131n ard\u0131na gizlenmi\u015f Jay Sullivan bile\u2026 Peki, bu oyunda onun yeri neresiydi?   Annabelle, bunu hen\u00fcz \u00f6\u011frenemese de art\u0131k kendi yerini biliyordu. As\u0131rlar \u00f6ncesinden beri her \u015feyin merkezinde o vard\u0131. Peki, ger\u00e7ekte neydi o? Ya da kimdi?   Bu sorular\u0131n cevaplar\u0131 kimisinin batakl\u0131\u011f\u0131 olacakt\u0131. Ve bakal\u0131m, kimler bu batakl\u0131ktan kurtulacak, kimler tamamen dibe batacakt\u0131? Art\u0131k kar\u015f\u0131lar\u0131nda bir Av de\u011fil, Avc\u0131 vard\u0131352<\/p>\n","protected":false},"excerpt":{"rendered":"<p>Kirli oyunlar d\u00f6n\u00fcyordu ve herkes bu oyundayd\u0131. S\u0131rlar\u0131n\u0131n ard\u0131na gizlenmi\u015f Jay Sullivan bile\u2026 Peki, bu oyunda onun yeri neresiydi? Annabelle, bunu hen\u00fcz \u00f6\u011frenemese de art\u0131k kendi<span class=\"excerpt-hellip\"> [\u2026]<\/span><\/p>\n","protected":false},"featured_media":0,"template":"","meta":{"_monsterinsights_skip_tracking":false,"_monsterinsights_sitenote_active":false,"_monsterinsights_sitenote_note":"","_monsterinsights_sitenote_category":0},"product_brand":[],"product_cat":[12291,14777],"product_tag":[],"class_list":{"0":"post-719290","1":"product","2":"type-product","3":"status-publish","5":"product_cat-edebiyat","6":"product_cat-fantastik","7":"pa_cilt-ciltli","8":"pa_tur-kitap","9":"pa_yayinevi-ephesus-yayinlari","10":"pa_yazar-m-rise","12":"first","13":"instock","14":"sale","15":"shipping-taxable","16":"purchasable","17":"product-type-simple"},"_links":{"self":[{"href":"https:\/\/roveyayinevi.com.tr\/index.php\/wp-json\/wp\/v2\/product\/719290","targetHints":{"allow":["GET"]}}],"collection":[{"href":"https:\/\/roveyayinevi.com.tr\/index.php\/wp-json\/wp\/v2\/product"}],"about":[{"href":"https:\/\/roveyayinevi.com.tr\/index.php\/wp-json\/wp\/v2\/types\/product"}],"wp:attachment":[{"href":"https:\/\/roveyayinevi.com.tr\/index.php\/wp-json\/wp\/v2\/media?parent=719290"}],"wp:term":[{"taxonomy":"product_brand","embeddable":true,"href":"https:\/\/roveyayinevi.com.tr\/index.php\/wp-json\/wp\/v2\/product_brand?post=719290"},{"taxonomy":"product_cat","embeddable":true,"href":"https:\/\/roveyayinevi.com.tr\/index.php\/wp-json\/wp\/v2\/product_cat?post=719290"},{"taxonomy":"product_tag","embeddable":true,"href":"https:\/\/roveyayinevi.com.tr\/index.php\/wp-json\/wp\/v2\/product_tag?post=719290"}],"curies":[{"name":"wp","href":"https:\/\/api.w.org\/{rel}","templated":true}]}}