{"id":719287,"date":"2025-08-27T18:20:16","date_gmt":"2025-08-27T15:20:16","guid":{"rendered":"https:\/\/roveyayinevi.com.tr\/index.php\/urun\/beyaz-dis-18\/"},"modified":"2026-04-16T02:27:31","modified_gmt":"2026-04-15T23:27:31","slug":"beyaz-dis-18","status":"publish","type":"product","link":"https:\/\/roveyayinevi.com.tr\/index.php\/urun\/beyaz-dis-18\/","title":{"rendered":"Beyaz Di\u015f"},"content":{"rendered":"<p>Vah\u015fi do\u011fan\u0131n h\u00fck\u00fcm s\u00fcrd\u00fc\u011f\u00fc topraklarda d\u00fcnyaya gelen Beyaz Di\u015f yar\u0131 k\u00f6pek bir anne ile kurt bir baban\u0131n kurt yavrusu. G\u00fc\u00e7l\u00fc, merakl\u0131, ak\u0131ll\u0131 yap\u0131s\u0131yla hayatta kalmay\u0131 \u00e7abucak \u00f6\u011frenecek fakat insanlarla tan\u0131\u015f\u0131r tan\u0131\u015fmaz hayat\u0131 de\u011fi\u015fecek. Beyaz Di\u015f insanlarla nas\u0131l bir hayat ya\u015fayacak? Do\u011fadaki ya\u015fam ile \u015fehirdeki ya\u015fam aras\u0131ndaki fark ona neler \u00f6\u011fretecek? Beyaz Di\u015f\u2019nin maceralar\u0131n\u0131 merakla okuyacak, merhamet, g\u00fcven ve dostlu\u011fun \u00f6nemini kavrayacaks\u0131n\u0131z. 352<\/p>\n","protected":false},"excerpt":{"rendered":"<p>Vah\u015fi do\u011fan\u0131n h\u00fck\u00fcm s\u00fcrd\u00fc\u011f\u00fc topraklarda d\u00fcnyaya gelen Beyaz Di\u015f yar\u0131 k\u00f6pek bir anne ile kurt bir baban\u0131n kurt yavrusu. G\u00fc\u00e7l\u00fc, merakl\u0131, ak\u0131ll\u0131 yap\u0131s\u0131yla hayatta kalmay\u0131 \u00e7abucak<span class=\"excerpt-hellip\"> [\u2026]<\/span><\/p>\n","protected":false},"featured_media":0,"template":"","meta":{"_monsterinsights_skip_tracking":false,"_monsterinsights_sitenote_active":false,"_monsterinsights_sitenote_note":"","_monsterinsights_sitenote_category":0},"product_brand":[],"product_cat":[12274,12284],"product_tag":[],"class_list":{"0":"post-719287","1":"product","2":"type-product","3":"status-publish","5":"product_cat-cocuk-ve-genclik-kitaplari","6":"product_cat-hikayeler","7":"pa_cilt-ciltsiz","8":"pa_tur-kitap","9":"pa_yayinevi-dogan-egmont-yayincilik","10":"pa_yazar-jack-london","12":"first","13":"instock","14":"sale","15":"shipping-taxable","16":"purchasable","17":"product-type-simple"},"_links":{"self":[{"href":"https:\/\/roveyayinevi.com.tr\/index.php\/wp-json\/wp\/v2\/product\/719287","targetHints":{"allow":["GET"]}}],"collection":[{"href":"https:\/\/roveyayinevi.com.tr\/index.php\/wp-json\/wp\/v2\/product"}],"about":[{"href":"https:\/\/roveyayinevi.com.tr\/index.php\/wp-json\/wp\/v2\/types\/product"}],"wp:attachment":[{"href":"https:\/\/roveyayinevi.com.tr\/index.php\/wp-json\/wp\/v2\/media?parent=719287"}],"wp:term":[{"taxonomy":"product_brand","embeddable":true,"href":"https:\/\/roveyayinevi.com.tr\/index.php\/wp-json\/wp\/v2\/product_brand?post=719287"},{"taxonomy":"product_cat","embeddable":true,"href":"https:\/\/roveyayinevi.com.tr\/index.php\/wp-json\/wp\/v2\/product_cat?post=719287"},{"taxonomy":"product_tag","embeddable":true,"href":"https:\/\/roveyayinevi.com.tr\/index.php\/wp-json\/wp\/v2\/product_tag?post=719287"}],"curies":[{"name":"wp","href":"https:\/\/api.w.org\/{rel}","templated":true}]}}