{"id":719277,"date":"2025-08-27T18:20:08","date_gmt":"2025-08-27T15:20:08","guid":{"rendered":"https:\/\/roveyayinevi.com.tr\/index.php\/urun\/kucuk-irmaklar\/"},"modified":"2026-04-16T02:27:30","modified_gmt":"2026-04-15T23:27:30","slug":"kucuk-irmaklar","status":"publish","type":"product","link":"https:\/\/roveyayinevi.com.tr\/index.php\/urun\/kucuk-irmaklar\/","title":{"rendered":"K\u00fc\u00e7\u00fck Irmaklar"},"content":{"rendered":"<p>\u0130ki ihtiyar, Edmond ve Emile\u2019in iyi bir dostlu\u011fu vard\u0131r. Her ikisi de duldur, beyaz \u015farab\u0131 ve bal\u0131k tutmay\u0131 severler ve olduk\u00e7a yaln\u0131zd\u0131rlar. Emile, g\u00fcn\u00fcn birinde ihtiyar Edmond\u2019un bir sevgili buldu\u011funu ve sevi\u015fti\u011fini \u00f6\u011frendi\u011finde i\u015fler de\u011fi\u015fir. Dostunun ani \u00f6l\u00fcm\u00fcyle birlikte hayat\u0131n\u0131 de\u011fi\u015ftirmeye karar verir&#8230; Pascal Rabat\u00e9, k\u0131r\u0131lgan \u00e7izgileri, yal\u0131n renk tercihleri, ustaca tasarlad\u0131\u011f\u0131 kareleri ve sakin bir anlat\u0131 temposuyla Fransa k\u0131rsallar\u0131nda ya\u015fayan insanlar\u0131n g\u00fcnl\u00fck ya\u015fam\u0131ndan \u00f6zel detaylar yakal\u0131yor. <\/p>\n","protected":false},"excerpt":{"rendered":"<p>\u0130ki ihtiyar, Edmond ve Emile\u2019in iyi bir dostlu\u011fu vard\u0131r. Her ikisi de duldur, beyaz \u015farab\u0131 ve bal\u0131k tutmay\u0131 severler ve olduk\u00e7a yaln\u0131zd\u0131rlar. Emile, g\u00fcn\u00fcn birinde ihtiyar<span class=\"excerpt-hellip\"> [\u2026]<\/span><\/p>\n","protected":false},"featured_media":0,"template":"","meta":{"_monsterinsights_skip_tracking":false,"_monsterinsights_sitenote_active":false,"_monsterinsights_sitenote_note":"","_monsterinsights_sitenote_category":0},"product_brand":[],"product_cat":[12416,12291],"product_tag":[],"class_list":{"0":"post-719277","1":"product","2":"type-product","3":"status-publish","5":"product_cat-cizgi-roman","6":"product_cat-edebiyat","7":"pa_cilt-ciltsiz","8":"pa_tur-kitap","9":"pa_yayinevi-kara-karga-yayinlari","10":"pa_yazar-pascal-rabate","12":"first","13":"instock","14":"sale","15":"shipping-taxable","16":"purchasable","17":"product-type-simple"},"_links":{"self":[{"href":"https:\/\/roveyayinevi.com.tr\/index.php\/wp-json\/wp\/v2\/product\/719277","targetHints":{"allow":["GET"]}}],"collection":[{"href":"https:\/\/roveyayinevi.com.tr\/index.php\/wp-json\/wp\/v2\/product"}],"about":[{"href":"https:\/\/roveyayinevi.com.tr\/index.php\/wp-json\/wp\/v2\/types\/product"}],"wp:attachment":[{"href":"https:\/\/roveyayinevi.com.tr\/index.php\/wp-json\/wp\/v2\/media?parent=719277"}],"wp:term":[{"taxonomy":"product_brand","embeddable":true,"href":"https:\/\/roveyayinevi.com.tr\/index.php\/wp-json\/wp\/v2\/product_brand?post=719277"},{"taxonomy":"product_cat","embeddable":true,"href":"https:\/\/roveyayinevi.com.tr\/index.php\/wp-json\/wp\/v2\/product_cat?post=719277"},{"taxonomy":"product_tag","embeddable":true,"href":"https:\/\/roveyayinevi.com.tr\/index.php\/wp-json\/wp\/v2\/product_tag?post=719277"}],"curies":[{"name":"wp","href":"https:\/\/api.w.org\/{rel}","templated":true}]}}