{"id":719273,"date":"2025-08-27T18:20:05","date_gmt":"2025-08-27T15:20:05","guid":{"rendered":"https:\/\/roveyayinevi.com.tr\/index.php\/urun\/bilimsel-muhakeme-becerileri-ile-dusunme-sanati\/"},"modified":"2026-04-16T02:27:30","modified_gmt":"2026-04-15T23:27:30","slug":"bilimsel-muhakeme-becerileri-ile-dusunme-sanati","status":"publish","type":"product","link":"https:\/\/roveyayinevi.com.tr\/index.php\/urun\/bilimsel-muhakeme-becerileri-ile-dusunme-sanati\/","title":{"rendered":"Bilimsel Muhakeme Becerileri \u0130le D\u00fc\u015f\u00fcnme Sanat\u0131"},"content":{"rendered":"<p>Bilimsel Muhakeme Becerileri, \u00f6\u011frencilerde d\u00fc\u015f\u00fcnme kapasitesini geli\u015ftirenzihinselbecerilerdir. Bu becerileri etkin bir \u015fekilde kullanabilen \u00f6\u011frenciler fen ve matematik alanlar\u0131nda daha ba\u015far\u0131l\u0131 olabilmektedir. Fen E\u011fitiminde Bili\u015fsel Geli\u015fimiH\u0131zland\u0131rmaUygulamalar\u0131, 11-14 ya\u015flararas\u0131ndaki \u00f6\u011frencilerin bilimsel muhakeme becerilerinin radikal bir \u015fekilde iyile\u015ftirilebilece\u011fi konusunda \u00e7ok ciddi ve etkileyici kan\u0131tlar ortaya koymu\u015ftur. Bu uygulamalar kapsam\u0131nda kitab\u0131m\u0131z\u0131n son b\u00f6l\u00fcm\u00fcnde yer alan 65 etkinlik, \u00f6\u011fretmenlere y\u00f6nelik y\u00f6nergeleri  ile fen ve matematik alanlar\u0131ndaki \u00f6\u011fretmenlerimizin, \u00f6\u011fretmen adaylar\u0131m\u0131z\u0131n, hatta velilerimizin 11-14 ya\u015f grubuna kolayl\u0131kla uygulayabilece\u011fi etkinliklerdir. \u201cBilimsel Muhakeme Becerileri\u201d dersi kapsam\u0131nda \u00f6\u011fretmen adaylar\u0131m\u0131z bu etkinlikleriyapt\u0131klar\u0131nda hem bilimsel muhakemenin alt boyutlar\u0131n\u0131 uygulamal\u0131 olarak \u00f6\u011frenmi\u015f olacaklar hem de gelecek meslek hayatlar\u0131nda kendi \u00f6\u011frencilerine bu becerileri \u00f6\u011fretebilmeyetisikazanacaklard\u0131r. Bu etkinlikler, bilimsel muhakeme ile ilgili kendi etkinliklerini geli\u015ftirmede \u00f6\u011fretmen adaylar\u0131m\u0131za rehber olacakt\u0131r. Bununla birlikte bu kitap, sadece \u00f6\u011fretmen adaylar\u0131na de\u011fil, her d\u00fczeydekiakademisyene, \u00f6\u011fretmene, hatta d\u00fc\u015f\u00fcnme kapasitesinin s\u0131n\u0131rlar\u0131n\u0131 geni\u015fletmek isteyen her gruptaki okuyucu kitlesine hitap etmektedir. <\/p>\n","protected":false},"excerpt":{"rendered":"<p>Bilimsel Muhakeme Becerileri, \u00f6\u011frencilerde d\u00fc\u015f\u00fcnme kapasitesini geli\u015ftirenzihinselbecerilerdir. Bu becerileri etkin bir \u015fekilde kullanabilen \u00f6\u011frenciler fen ve matematik alanlar\u0131nda daha ba\u015far\u0131l\u0131 olabilmektedir. Fen E\u011fitiminde Bili\u015fsel Geli\u015fimiH\u0131zland\u0131rmaUygulamalar\u0131, 11-14<span class=\"excerpt-hellip\"> [\u2026]<\/span><\/p>\n","protected":false},"featured_media":0,"template":"","meta":{"_monsterinsights_skip_tracking":false,"_monsterinsights_sitenote_active":false,"_monsterinsights_sitenote_note":"","_monsterinsights_sitenote_category":0},"product_brand":[],"product_cat":[12567,12566],"product_tag":[],"class_list":{"0":"post-719273","1":"product","2":"type-product","3":"status-publish","5":"product_cat-diger-egitim","6":"product_cat-egitim","7":"pa_cilt-ciltsiz","8":"pa_tur-kitap","9":"pa_yayinevi-ani-yayincilik","10":"pa_yazar-ilbilge-dokme","12":"first","13":"instock","14":"sale","15":"shipping-taxable","16":"purchasable","17":"product-type-simple"},"_links":{"self":[{"href":"https:\/\/roveyayinevi.com.tr\/index.php\/wp-json\/wp\/v2\/product\/719273","targetHints":{"allow":["GET"]}}],"collection":[{"href":"https:\/\/roveyayinevi.com.tr\/index.php\/wp-json\/wp\/v2\/product"}],"about":[{"href":"https:\/\/roveyayinevi.com.tr\/index.php\/wp-json\/wp\/v2\/types\/product"}],"wp:attachment":[{"href":"https:\/\/roveyayinevi.com.tr\/index.php\/wp-json\/wp\/v2\/media?parent=719273"}],"wp:term":[{"taxonomy":"product_brand","embeddable":true,"href":"https:\/\/roveyayinevi.com.tr\/index.php\/wp-json\/wp\/v2\/product_brand?post=719273"},{"taxonomy":"product_cat","embeddable":true,"href":"https:\/\/roveyayinevi.com.tr\/index.php\/wp-json\/wp\/v2\/product_cat?post=719273"},{"taxonomy":"product_tag","embeddable":true,"href":"https:\/\/roveyayinevi.com.tr\/index.php\/wp-json\/wp\/v2\/product_tag?post=719273"}],"curies":[{"name":"wp","href":"https:\/\/api.w.org\/{rel}","templated":true}]}}