{"id":719252,"date":"2025-08-27T18:19:50","date_gmt":"2025-08-27T15:19:50","guid":{"rendered":"https:\/\/roveyayinevi.com.tr\/index.php\/urun\/1915-olaylarinin-gercek-yuzu-bozuk-oyun\/"},"modified":"2026-04-16T02:27:30","modified_gmt":"2026-04-15T23:27:30","slug":"1915-olaylarinin-gercek-yuzu-bozuk-oyun","status":"publish","type":"product","link":"https:\/\/roveyayinevi.com.tr\/index.php\/urun\/1915-olaylarinin-gercek-yuzu-bozuk-oyun\/","title":{"rendered":"1915 Olaylar\u0131n\u0131n Ger\u00e7ek Y\u00fcz\u00fc &#8211; Bozuk Oyun"},"content":{"rendered":"<p>&#8220;Bozuk Oyun&#8221; romaninda, Ermeniler tarafindan sik sik g\u00fcndeme getirilen 1915 olaylari, yalin bir dille ele alinmistir. Bogazlayan ve Kayseri \u00e7evresinde yasayan insanlarin ger\u00e7ek hikayelerinden esinlenilerek kaleme alinan romanda, g\u00f6\u00e7 ederken ailesi tarafindan M\u00fcsl\u00fcman bir aileye emanet edilen k\u00fc\u00e7\u00fck bir kiz \u00e7ocugunun basindan ge\u00e7en olaylar anlatilmistir.Bo\u011fazlayan ve Kayseri \u00e7evresinde ya\u015fayan insanlar\u0131n ger\u00e7ek hikayelerinden esinlenerek kaleme al\u0131nan romanda , g\u00f6\u00e7 ederken ailesi taraf\u0131ndan M\u00fcsl\u00fcman bir aileye emanet edilen k\u00fc\u00e7\u00fck bir k\u0131z \u00e7ocu\u011funun ba\u015f\u0131ndan ge\u00e7en olaylar anlat\u0131lm\u0131\u015ft\u0131r.Romanda ayr\u0131ca, 1878 Berlin Anla\u015fmas\u0131ndan sonra  , \u00c7arl\u0131k Rusyas\u0131 taraf\u0131ndan &#8220;Hasta Adam &#8220;ilan edilen Osmanl\u0131 Devletini tasfiye etmek isteyen emperyalist g\u00fc\u00e7lerin , Anadolu&#8217;daki s\u00fck\u00fcneti bozma giri\u015fimlerinin sonras\u0131nda , s\u0131radan insanlar\u0131n hayatlar\u0131ndaki savrulmalar i\u015flenmi\u015ftir.Bo\u011fazlayan Kaymakam\u0131 Mehmet Kemal Bey&#8217;in g\u00f6rev yapt\u0131\u011f\u0131 d\u00f6nemde ; Rus Ordusunda , T\u00fcrkiye&#8217;ye kar\u015f\u0131 sava\u015fan Ermeni Birlikleri&#8217;nin ve son y\u0131llarda b\u00fct\u00fcn d\u00fcnyada genel bir kampanyaya d\u00f6n\u00fc\u015f\u00fcr\u00fclen &#8220;Soyk\u0131r\u0131m iddalar\u0131n\u0131n&#8221; arka plan\u0131 ortaya konulmu\u015ftur.<\/p>\n","protected":false},"excerpt":{"rendered":"<p>&#8220;Bozuk Oyun&#8221; romaninda, Ermeniler tarafindan sik sik g\u00fcndeme getirilen 1915 olaylari, yalin bir dille ele alinmistir. Bogazlayan ve Kayseri \u00e7evresinde yasayan insanlarin ger\u00e7ek hikayelerinden esinlenilerek kaleme<span class=\"excerpt-hellip\"> [\u2026]<\/span><\/p>\n","protected":false},"featured_media":0,"template":"","meta":{"_monsterinsights_skip_tracking":false,"_monsterinsights_sitenote_active":false,"_monsterinsights_sitenote_note":"","_monsterinsights_sitenote_category":0},"product_brand":[],"product_cat":[12370,12304],"product_tag":[],"class_list":{"0":"post-719252","1":"product","2":"type-product","3":"status-publish","5":"product_cat-arastirma-inceleme","6":"product_cat-tarih","7":"pa_cilt-ciltsiz","8":"pa_tur-kitap","9":"pa_yayinevi-berikan-yayinlari","10":"pa_yazar-mahmut-toprakcioglu","12":"first","13":"instock","14":"sale","15":"shipping-taxable","16":"purchasable","17":"product-type-simple"},"_links":{"self":[{"href":"https:\/\/roveyayinevi.com.tr\/index.php\/wp-json\/wp\/v2\/product\/719252","targetHints":{"allow":["GET"]}}],"collection":[{"href":"https:\/\/roveyayinevi.com.tr\/index.php\/wp-json\/wp\/v2\/product"}],"about":[{"href":"https:\/\/roveyayinevi.com.tr\/index.php\/wp-json\/wp\/v2\/types\/product"}],"wp:attachment":[{"href":"https:\/\/roveyayinevi.com.tr\/index.php\/wp-json\/wp\/v2\/media?parent=719252"}],"wp:term":[{"taxonomy":"product_brand","embeddable":true,"href":"https:\/\/roveyayinevi.com.tr\/index.php\/wp-json\/wp\/v2\/product_brand?post=719252"},{"taxonomy":"product_cat","embeddable":true,"href":"https:\/\/roveyayinevi.com.tr\/index.php\/wp-json\/wp\/v2\/product_cat?post=719252"},{"taxonomy":"product_tag","embeddable":true,"href":"https:\/\/roveyayinevi.com.tr\/index.php\/wp-json\/wp\/v2\/product_tag?post=719252"}],"curies":[{"name":"wp","href":"https:\/\/api.w.org\/{rel}","templated":true}]}}