{"id":719232,"date":"2025-08-27T18:19:36","date_gmt":"2025-08-27T15:19:36","guid":{"rendered":"https:\/\/roveyayinevi.com.tr\/index.php\/urun\/kendisinin-efendisi-olmayan-hic-kimse-ozgur-degildir\/"},"modified":"2026-04-16T02:27:29","modified_gmt":"2026-04-15T23:27:29","slug":"kendisinin-efendisi-olmayan-hic-kimse-ozgur-degildir","status":"publish","type":"product","link":"https:\/\/roveyayinevi.com.tr\/index.php\/urun\/kendisinin-efendisi-olmayan-hic-kimse-ozgur-degildir\/","title":{"rendered":"Kendisinin Efendisi Olmayan Hic\u0327 Kimse O\u0308zgu\u0308r Deg\u0306ildir"},"content":{"rendered":"<p>\u201cG\u00fcne\u015fin, ay\u0131n, y\u0131ld\u0131zlar\u0131n, yerin ve denizin tad\u0131n\u0131 \u00e7\u0131karan ki\u015fi ne yaln\u0131zd\u0131r ne de \u00e7aresiz.\u201d   Frigyal\u0131 bir k\u00f6le olarak do\u011fdu\u011fu hayat\u0131, stoac\u0131 bir filozof olarak tamamlayan Epiktetos&#8217;un sadelik, ak\u0131l, g\u00fcven, se\u00e7me \u00f6zg\u00fcrl\u00fc\u011f\u00fc, an&#8217;\u0131 ya\u015fama ve huzur \u00fczerine in\u015fa etti\u011fi basit ama k\u00f6kl\u00fc felsefesi, g\u00fcn\u00fcm\u00fcz insan\u0131n\u0131n anlam aray\u0131\u015f\u0131na iki bin y\u0131l \u00f6ncesinden \u0131\u015f\u0131k tutmaya devam ediyor h\u00e2l\u00e2&#8230;. <\/p>\n","protected":false},"excerpt":{"rendered":"<p>\u201cG\u00fcne\u015fin, ay\u0131n, y\u0131ld\u0131zlar\u0131n, yerin ve denizin tad\u0131n\u0131 \u00e7\u0131karan ki\u015fi ne yaln\u0131zd\u0131r ne de \u00e7aresiz.\u201d Frigyal\u0131 bir k\u00f6le olarak do\u011fdu\u011fu hayat\u0131, stoac\u0131 bir filozof olarak tamamlayan Epiktetos&#8217;un<span class=\"excerpt-hellip\"> [\u2026]<\/span><\/p>\n","protected":false},"featured_media":0,"template":"","meta":{"_monsterinsights_skip_tracking":false,"_monsterinsights_sitenote_active":false,"_monsterinsights_sitenote_note":"","_monsterinsights_sitenote_category":0},"product_brand":[],"product_cat":[12389,12388],"product_tag":[],"class_list":{"0":"post-719232","1":"product","2":"type-product","3":"status-publish","5":"product_cat-diger-felsefe","6":"product_cat-felsefe","7":"pa_cilt-ciltsiz","8":"pa_tur-kitap","9":"pa_yayinevi-destek-yayinlari","10":"pa_yazar-epiktetos","12":"first","13":"instock","14":"sale","15":"shipping-taxable","16":"purchasable","17":"product-type-simple"},"_links":{"self":[{"href":"https:\/\/roveyayinevi.com.tr\/index.php\/wp-json\/wp\/v2\/product\/719232","targetHints":{"allow":["GET"]}}],"collection":[{"href":"https:\/\/roveyayinevi.com.tr\/index.php\/wp-json\/wp\/v2\/product"}],"about":[{"href":"https:\/\/roveyayinevi.com.tr\/index.php\/wp-json\/wp\/v2\/types\/product"}],"wp:attachment":[{"href":"https:\/\/roveyayinevi.com.tr\/index.php\/wp-json\/wp\/v2\/media?parent=719232"}],"wp:term":[{"taxonomy":"product_brand","embeddable":true,"href":"https:\/\/roveyayinevi.com.tr\/index.php\/wp-json\/wp\/v2\/product_brand?post=719232"},{"taxonomy":"product_cat","embeddable":true,"href":"https:\/\/roveyayinevi.com.tr\/index.php\/wp-json\/wp\/v2\/product_cat?post=719232"},{"taxonomy":"product_tag","embeddable":true,"href":"https:\/\/roveyayinevi.com.tr\/index.php\/wp-json\/wp\/v2\/product_tag?post=719232"}],"curies":[{"name":"wp","href":"https:\/\/api.w.org\/{rel}","templated":true}]}}