{"id":719226,"date":"2025-08-27T18:19:24","date_gmt":"2025-08-27T15:19:24","guid":{"rendered":"https:\/\/roveyayinevi.com.tr\/index.php\/urun\/cin-ruyasi\/"},"modified":"2026-04-16T02:27:29","modified_gmt":"2026-04-15T23:27:29","slug":"cin-ruyasi","status":"publish","type":"product","link":"https:\/\/roveyayinevi.com.tr\/index.php\/urun\/cin-ruyasi\/","title":{"rendered":"\u00c7in R\u00fcyas\u0131"},"content":{"rendered":"<p>\u00c7in d\u00fc\u015f\u00fcnce sisteminde \u00c7in&#8217;in ad\u0131 olan &#8220;Zhongguo&#8221; merkezi \u00fclke, merkezi devlet gibi anlamlara geliyor ki, bu \u00fclke\/devlet d\u00fcnyan\u0131n merkezidir; di\u011ferleri \u00e7evre\/kenar \u00fclkelerdir. Yeni ipek yolu projesi bu \u00c7in R\u00fcyas\u0131\u2019n\u0131 ger\u00e7ekle\u015ftirmenin ilk ad\u0131m\u0131d\u0131r. \u00c7in bu proje ile T\u00fcrkistan&#8217;\u0131, Orta Do\u011fu&#8217;yu, Balkanlar\u0131 \u00f6nce ticari a\u011flarla birbirine ba\u011flayacak, sonra in\u015fa etti\u011fi ekonomik ve politik sistemle Avrasya&#8217;ya hakim olarak d\u00fcnyaya h\u00fckmedecektir. Prof. Dr. Alim Can \u0130NAYET \u2026\u2026\u2026\u2026\u2026\u2026\u2026\u2026\u2026\u2026\u2026\u2026\u2026\u2026\u2026\u2026\u2026\u2026\u2026\u2026\u2026\u2026\u2026\u2026\u2026\u2026\u2026\u2026\u2026\u2026\u2026\u2026\u2026\u2026\u2026\u2026\u2026 Dr. Tanr\u0131da\u011fl\u0131, T\u00fcrk d\u00fc\u015f\u00fcn hayat\u0131nda uzak, mitolojik, kozmik bir alan\u0131 temsil eden \u00c7in&#8217;i, g\u00fcn\u00fcn kabul g\u00f6ren deyimiyle&#8221;ezber bozarak&#8221; anlat\u0131yor.\u00c7in ile ilgili bildiklerimizi \u00f6\u011frendi\u011fimiz kaynaklar\u0131n \u00e7ok az\u0131n\u0131n bu co\u011frafya orjinli bilim insanlar\u0131ndan gelebilmesi, \u00fclkemiz i\u00e7in uzun y\u0131llar eksikli\u011fi hissedilen bir konu olmu\u015ftur. Elinizdeki kitap bu a\u00e7\u0131dan olduk\u00e7a anlaml\u0131 bir kaynak niteli\u011fi ta\u015f\u0131yor. H. Murat LEH\u0130MLER &#8211; K\u00fcresel Politikalar Uyg. ve Ar. Mrk. Koordinat\u00f6r\u00fc \u2026\u2026\u2026\u2026\u2026\u2026\u2026\u2026\u2026\u2026\u2026\u2026\u2026\u2026\u2026\u2026\u2026\u2026\u2026\u2026\u2026\u2026\u2026\u2026\u2026\u2026\u2026\u2026\u2026\u2026\u2026\u2026\u2026\u2026\u2026\u2026\u2026 Kendisi Do\u011fu T\u00fcrkistan\u2019da do\u011fup b\u00fcy\u00fcyen sonradan T\u00fcrkiye\u2019ye hicret eden, \u00c7ince\u2019ye b\u00fcy\u00fck hakimiyeti olan Dr. Ferhat Kurban Tanr\u0131da\u011fl\u0131, b\u00fcy\u00fck \u00f6l\u00e7\u00fcde \u00c7ince kaynaklardan yararlanarak yazd\u0131\u011f\u0131 s\u00f6z konusu eserinde; Do\u011fu T\u00fcrkistan\u2019da y\u00fczy\u0131llard\u0131r s\u00fcregelen \u00c7in emperyalizmini ve \u00c7in\u2019in binlerce y\u0131ll\u0131k ama\u00e7 ve hedefini ba\u015fka bir ifade ile \u00c7in R\u00fcyas\u0131\u2019n\u0131 ad\u0131m ad\u0131m ger\u00e7ekle\u015ftirme yoluna girdi\u011fini dile getirmi\u015ftir. Prof. Dr. Salih AYNURAL \u2026\u2026\u2026\u2026\u2026\u2026\u2026\u2026\u2026\u2026\u2026\u2026\u2026\u2026\u2026\u2026\u2026\u2026\u2026\u2026\u2026\u2026\u2026\u2026\u2026\u2026\u2026\u2026\u2026\u2026\u2026\u2026\u2026\u2026\u2026\u2026\u2026 Dr. Tanr\u0131da\u011fl\u0131, \u00c7in diline ve T\u00fcrk\u00e7e\u2019ye  ayn\u0131 derecede v\u00e2k\u0131f; b\u00f6lgenin tarihini k\u00fclt\u00fcr\u00fcn\u00fc ve mevcut jeopoliti\u011fini en yak\u0131ndan takip eden ve T\u00fcrkiye&#8217;de ke\u015ffedilmemi\u015f bir isim. Elinizdeki bu eser, size \u00c7in&#8217;i ve \u00c7in&#8217;in Orta Asya ve b\u00fct\u00fcn d\u00fcnya ile tarihi ve g\u00fcncel ba\u011flant\u0131lar\u0131,  \u00c7in&#8217;in plan ve beklentileri ile bir anlamda gelecek projeksiyonunu ortaya koyacak \u00f6nemli bir \u00e7al\u0131\u015fma&#8230; Prof. Dr. Y\u00fccel O\u011eURLU <\/p>\n","protected":false},"excerpt":{"rendered":"<p>\u00c7in d\u00fc\u015f\u00fcnce sisteminde \u00c7in&#8217;in ad\u0131 olan &#8220;Zhongguo&#8221; merkezi \u00fclke, merkezi devlet gibi anlamlara geliyor ki, bu \u00fclke\/devlet d\u00fcnyan\u0131n merkezidir; di\u011ferleri \u00e7evre\/kenar \u00fclkelerdir. Yeni ipek yolu projesi<span class=\"excerpt-hellip\"> [\u2026]<\/span><\/p>\n","protected":false},"featured_media":0,"template":"","meta":{"_monsterinsights_skip_tracking":false,"_monsterinsights_sitenote_active":false,"_monsterinsights_sitenote_note":"","_monsterinsights_sitenote_category":0},"product_brand":[],"product_cat":[13059,12337],"product_tag":[],"class_list":{"0":"post-719226","1":"product","2":"type-product","3":"status-publish","5":"product_cat-diger-politika-siyaset","6":"product_cat-politika-siyaset","7":"pa_cilt-ciltsiz","8":"pa_tur-kitap","9":"pa_yayinevi-cinaralti-yayinlari","10":"pa_yazar-ferhat-kurban-tanridagli","12":"first","13":"instock","14":"sale","15":"shipping-taxable","16":"purchasable","17":"product-type-simple"},"_links":{"self":[{"href":"https:\/\/roveyayinevi.com.tr\/index.php\/wp-json\/wp\/v2\/product\/719226","targetHints":{"allow":["GET"]}}],"collection":[{"href":"https:\/\/roveyayinevi.com.tr\/index.php\/wp-json\/wp\/v2\/product"}],"about":[{"href":"https:\/\/roveyayinevi.com.tr\/index.php\/wp-json\/wp\/v2\/types\/product"}],"wp:attachment":[{"href":"https:\/\/roveyayinevi.com.tr\/index.php\/wp-json\/wp\/v2\/media?parent=719226"}],"wp:term":[{"taxonomy":"product_brand","embeddable":true,"href":"https:\/\/roveyayinevi.com.tr\/index.php\/wp-json\/wp\/v2\/product_brand?post=719226"},{"taxonomy":"product_cat","embeddable":true,"href":"https:\/\/roveyayinevi.com.tr\/index.php\/wp-json\/wp\/v2\/product_cat?post=719226"},{"taxonomy":"product_tag","embeddable":true,"href":"https:\/\/roveyayinevi.com.tr\/index.php\/wp-json\/wp\/v2\/product_tag?post=719226"}],"curies":[{"name":"wp","href":"https:\/\/api.w.org\/{rel}","templated":true}]}}