{"id":719221,"date":"2025-08-27T18:19:20","date_gmt":"2025-08-27T15:19:20","guid":{"rendered":"https:\/\/roveyayinevi.com.tr\/index.php\/urun\/iyi-hissetme-sanati\/"},"modified":"2026-04-16T02:27:29","modified_gmt":"2026-04-15T23:27:29","slug":"iyi-hissetme-sanati","status":"publish","type":"product","link":"https:\/\/roveyayinevi.com.tr\/index.php\/urun\/iyi-hissetme-sanati\/","title":{"rendered":"\u0130yi Hissetme Sanat\u0131"},"content":{"rendered":"<p>\u201cDevrim niteli\u011finde\u2026 Duygu dengesini bulmak isteyenler i\u00e7in ger\u00e7ekten faydal\u0131 bir rehber. Bu kitab\u0131 hararetle tavsiye ediyorum.\u201d- Daniel GolemanKronik Mutsuzlukla Ba\u015f Etme RehberiDepresyonla m\u00fccadele ediyorsan\u0131z, cesur olun, umudunuzu kaybetmeyin. Dikkatinizi en zorlu duygulara ve ya\u015fam tecr\u00fcbelerine yo\u011funla\u015ft\u0131rman\u0131n basit ama g\u00fc\u00e7l\u00fc bir yolu olan fark\u0131ndal\u0131k, kronik mutsuzlu\u011funuzu tamamen yok etmede size yard\u0131mc\u0131 olabilir.Bu kitapta benzersiz nitelikteki d\u00f6rt uzman, k\u00f6t\u00fc ruh halinden s\u0131yr\u0131larak &#8220;d\u00fc\u015f\u00fcnme&#8221; veya sadece &#8220;\u00fcz\u00fclmemek i\u00e7in kendini zorlama&#8221; gibi \u00e7abalar\u0131n bizi girdab\u0131n nas\u0131l daha da i\u00e7ine \u00e7ekti\u011fini a\u00e7\u0131kl\u0131yorlar. Do\u011fu&#8217;nun meditasyon gelenekleri ve bili\u015fsel terapi dersleri sayesinde insan\u0131 umutsuzlu\u011fa g\u00f6t\u00fcren olumsuz d\u00fc\u015f\u00fcnceler, kendini su\u00e7lama ve s\u00fcrekli ayn\u0131 sorun \u00fczerinde d\u00fc\u015f\u00fcn\u00fcp durma gibi zihinsel al\u0131\u015fkanl\u0131klara kar\u015f\u0131 diren\u00e7 kazand\u0131\u011f\u0131n\u0131zda, hayat\u0131n zorluklar\u0131yla daha kolay ba\u015fa \u00e7\u0131kabileceksiniz. <\/p>\n","protected":false},"excerpt":{"rendered":"<p>\u201cDevrim niteli\u011finde\u2026 Duygu dengesini bulmak isteyenler i\u00e7in ger\u00e7ekten faydal\u0131 bir rehber. Bu kitab\u0131 hararetle tavsiye ediyorum.\u201d- Daniel GolemanKronik Mutsuzlukla Ba\u015f Etme RehberiDepresyonla m\u00fccadele ediyorsan\u0131z, cesur olun,<span class=\"excerpt-hellip\"> [\u2026]<\/span><\/p>\n","protected":false},"featured_media":0,"template":"","meta":{"_monsterinsights_skip_tracking":false,"_monsterinsights_sitenote_active":false,"_monsterinsights_sitenote_note":"","_monsterinsights_sitenote_category":0},"product_brand":[],"product_cat":[12358,12357],"product_tag":[],"class_list":{"0":"post-719221","1":"product","2":"type-product","3":"status-publish","5":"product_cat-genel-psikoloji","6":"product_cat-psikoloji","7":"pa_cilt-ciltsiz","8":"pa_tur-kitap","9":"pa_yayinevi-diyojen-yayincilik","10":"pa_yazar-kolektif","12":"first","13":"instock","14":"sale","15":"shipping-taxable","16":"purchasable","17":"product-type-simple"},"_links":{"self":[{"href":"https:\/\/roveyayinevi.com.tr\/index.php\/wp-json\/wp\/v2\/product\/719221","targetHints":{"allow":["GET"]}}],"collection":[{"href":"https:\/\/roveyayinevi.com.tr\/index.php\/wp-json\/wp\/v2\/product"}],"about":[{"href":"https:\/\/roveyayinevi.com.tr\/index.php\/wp-json\/wp\/v2\/types\/product"}],"wp:attachment":[{"href":"https:\/\/roveyayinevi.com.tr\/index.php\/wp-json\/wp\/v2\/media?parent=719221"}],"wp:term":[{"taxonomy":"product_brand","embeddable":true,"href":"https:\/\/roveyayinevi.com.tr\/index.php\/wp-json\/wp\/v2\/product_brand?post=719221"},{"taxonomy":"product_cat","embeddable":true,"href":"https:\/\/roveyayinevi.com.tr\/index.php\/wp-json\/wp\/v2\/product_cat?post=719221"},{"taxonomy":"product_tag","embeddable":true,"href":"https:\/\/roveyayinevi.com.tr\/index.php\/wp-json\/wp\/v2\/product_tag?post=719221"}],"curies":[{"name":"wp","href":"https:\/\/api.w.org\/{rel}","templated":true}]}}