{"id":719218,"date":"2025-08-27T18:19:18","date_gmt":"2025-08-27T15:19:18","guid":{"rendered":"https:\/\/roveyayinevi.com.tr\/index.php\/urun\/livanelinin-penceresinden\/"},"modified":"2026-04-16T02:27:29","modified_gmt":"2026-04-15T23:27:29","slug":"livanelinin-penceresinden","status":"publish","type":"product","link":"https:\/\/roveyayinevi.com.tr\/index.php\/urun\/livanelinin-penceresinden\/","title":{"rendered":"Livaneli&#8217;nin Penceresinden"},"content":{"rendered":"<p>\u201cAnadolu k\u00fclt\u00fcr\u00fcn\u00fcn a\u011f\u0131r bi\u00e7imde yara ald\u0131\u011f\u0131n\u0131 s\u00f6ylemek zorunday\u0131z. Elbette iyile\u015fecek bu yaralar. \u0130yile\u015fece\u011fiz. Daha \u00f6nce de kendi kendimizi yaralam\u0131\u015ft\u0131k, onlar\u0131n da izi tamamen silinemez; ama bu son d\u00f6nemde yarat\u0131lan d\u00fc\u015fmanl\u0131klar, duygusal b\u00f6l\u00fcnmeler, toplumda \u00f6ncekilerden daha yayg\u0131n yaralar bi\u00e7iminde ortaya \u00e7\u0131kt\u0131. Bir daha asla hi\u00e7 yaralanmam\u0131\u015f gibi ya\u015fayamayaca\u011f\u0131z.\u201d   Y\u00fczy\u0131llar boyunca b\u00fcy\u00fck k\u0131r\u0131lma anlar\u0131 ve sanc\u0131l\u0131 d\u00f6n\u00fc\u015f\u00fcmler ya\u015fam\u0131\u015f bir toplum. Anadolu insan\u0131n\u0131n k\u00fclt\u00fcr da\u011farc\u0131\u011f\u0131nda yerini alm\u0131\u015f b\u00fcy\u00fck bir sanat\u00e7\u0131, \u00f6nemli bir ayd\u0131n. Kabilenin d\u0131\u015f\u0131nda kal\u0131p onun i\u00e7in d\u00fc\u015f\u00fcnenlerin trajedisi\u2026 Bu kitapta, Livaneli\u2019nin penceresinden g\u00f6r\u00fcnen T\u00fcrkiye toplumunun manzaras\u0131 ortaya \u00e7\u0131k\u0131yor.   Kapitalizmin tektiple\u015ftirdi\u011fi bir d\u00fcnyada her \u015feye ra\u011fmen varl\u0131\u011f\u0131n\u0131 s\u00fcrd\u00fcren \u201cinsan\u201d\u0131 ar\u0131yor Livaneli. Reklamlar\u0131n, g\u00fcr\u00fclt\u00fcl\u00fc televizyonlar\u0131n, \u015fa\u015faal\u0131 unvanlar\u0131n aras\u0131ndan ge\u00e7ip \u201cd\u00fc\u015f\u00fcnce\u201dnin pe\u015fine d\u00fc\u015f\u00fcyor. \u201cAn\u0131 ya\u015fa\u201d sloganlar\u0131yla bezenmi\u015f bir d\u00f6nemde, ge\u00e7mi\u015fi terk etmeden, gelecekten vazge\u00e7meden, toplumuyla ve devletiyle hesapla\u015f\u0131yor.   Zafer K\u00f6se\u2019nin Z\u00fclf\u00fc Livaneli ile yapt\u0131\u011f\u0131 s\u00f6yle\u015fi, evrensel bir entelekt\u00fcelin portresini sunuyor.  Livaneli\u2019nin onlarca y\u0131ld\u0131r s\u0131nanm\u0131\u015f tav\u0131rlar\u0131, iktidarlara direnmi\u015f s\u00f6zleri, e\u011filip b\u00fck\u00fclmeyen bir ayd\u0131n\u0131n d\u00fc\u015f\u00fcnced\u00fcnyas\u0131\u2026 Toplumun kalbinden hayata a\u00e7\u0131lan bir pencere.   <\/p>\n","protected":false},"excerpt":{"rendered":"<p>\u201cAnadolu k\u00fclt\u00fcr\u00fcn\u00fcn a\u011f\u0131r bi\u00e7imde yara ald\u0131\u011f\u0131n\u0131 s\u00f6ylemek zorunday\u0131z. Elbette iyile\u015fecek bu yaralar. \u0130yile\u015fece\u011fiz. Daha \u00f6nce de kendi kendimizi yaralam\u0131\u015ft\u0131k, onlar\u0131n da izi tamamen silinemez; ama bu<span class=\"excerpt-hellip\"> [\u2026]<\/span><\/p>\n","protected":false},"featured_media":0,"template":"","meta":{"_monsterinsights_skip_tracking":false,"_monsterinsights_sitenote_active":false,"_monsterinsights_sitenote_note":"","_monsterinsights_sitenote_category":0},"product_brand":[],"product_cat":[12291,30969],"product_tag":[],"class_list":{"0":"post-719218","1":"product","2":"type-product","3":"status-publish","5":"product_cat-edebiyat","6":"product_cat-soylesi-edebiyat","7":"pa_cilt-ciltsiz","8":"pa_tur-kitap","9":"pa_yayinevi-dogan-kitap","10":"pa_yazar-zafer-kose","12":"first","13":"instock","14":"sale","15":"shipping-taxable","16":"purchasable","17":"product-type-simple"},"_links":{"self":[{"href":"https:\/\/roveyayinevi.com.tr\/index.php\/wp-json\/wp\/v2\/product\/719218","targetHints":{"allow":["GET"]}}],"collection":[{"href":"https:\/\/roveyayinevi.com.tr\/index.php\/wp-json\/wp\/v2\/product"}],"about":[{"href":"https:\/\/roveyayinevi.com.tr\/index.php\/wp-json\/wp\/v2\/types\/product"}],"wp:attachment":[{"href":"https:\/\/roveyayinevi.com.tr\/index.php\/wp-json\/wp\/v2\/media?parent=719218"}],"wp:term":[{"taxonomy":"product_brand","embeddable":true,"href":"https:\/\/roveyayinevi.com.tr\/index.php\/wp-json\/wp\/v2\/product_brand?post=719218"},{"taxonomy":"product_cat","embeddable":true,"href":"https:\/\/roveyayinevi.com.tr\/index.php\/wp-json\/wp\/v2\/product_cat?post=719218"},{"taxonomy":"product_tag","embeddable":true,"href":"https:\/\/roveyayinevi.com.tr\/index.php\/wp-json\/wp\/v2\/product_tag?post=719218"}],"curies":[{"name":"wp","href":"https:\/\/api.w.org\/{rel}","templated":true}]}}