{"id":719200,"date":"2025-08-27T18:19:04","date_gmt":"2025-08-27T15:19:04","guid":{"rendered":"https:\/\/roveyayinevi.com.tr\/index.php\/urun\/daisy-miller-2\/"},"modified":"2026-04-05T02:32:29","modified_gmt":"2026-04-04T23:32:29","slug":"daisy-miller-2","status":"publish","type":"product","link":"https:\/\/roveyayinevi.com.tr\/index.php\/urun\/daisy-miller-2\/","title":{"rendered":"Daisy Miller"},"content":{"rendered":"<p>\u201cEle\u015ftiri d\u00fcnyas\u0131 dahi, Henry James\u2019in y\u00fcceli\u011fi kar\u015f\u0131s\u0131nda teredd\u00fcde d\u00fc\u015fmekten kendini alamaz.\u201d  \u2013Joseph Conrad   Yaz\u0131ld\u0131\u011f\u0131 d\u00f6nemde Henry James\u2019in Amerikal\u0131 k\u0131zlar\u0131 a\u015fa\u011f\u0131lad\u0131\u011f\u0131 d\u00fc\u015f\u00fcn\u00fclerek ele\u015ftirilen novellas\u0131 Daisy Miller\u2019da, anlat\u0131c\u0131m\u0131z Frederick Winterbourne, \u0130svi\u00e7re\u2019de, Amerikal\u0131 bir k\u0131zdan etkilenir. Daisy Miller, o d\u00f6nemin ve belki de g\u00fcn\u00fcm\u00fcz erkek akl\u0131n\u0131n kal\u0131plar\u0131na s\u0131\u011fmayan, istedi\u011fiyle fl\u00f6rt eden, istedi\u011fi zaman istedi\u011fi ki\u015fiyle, istedi\u011fi yerde gezip tozan co\u015fkulu bir k\u0131zd\u0131r.   Daisy\u2019nin r\u00fczg\u00e2r\u0131na kap\u0131lan Frederick Winterbourne zaman ge\u00e7tik\u00e7e k\u0131z\u0131 yarg\u0131lamaya ba\u015flar. Herkesin, \u00f6zellikle de Winterbourne\u2019un teyzesinin k\u0131nayarak izledi\u011fi Daisy\u2019yi \u201custuruplu\u201d bir kad\u0131na \u00e7evirmek, bu r\u00fczg\u00e2r\u0131 bir kafese mahk\u00fbm etmek m\u00fcmk\u00fcn m\u00fcd\u00fcr?   Edebiyatta \u201cbak\u0131\u015f a\u00e7\u0131s\u0131\u201dn\u0131n ustalar\u0131ndan olan Henry James, Daisy Miller\u2019da \u00f6n\u00fcne konan s\u0131n\u0131r\u0131 a\u015fma arzusundan her \u015feye ra\u011fmen vazge\u00e7meyen bir kad\u0131n\u0131 anlat\u0131yor.   <\/p>\n","protected":false},"excerpt":{"rendered":"<p>\u201cEle\u015ftiri d\u00fcnyas\u0131 dahi, Henry James\u2019in y\u00fcceli\u011fi kar\u015f\u0131s\u0131nda teredd\u00fcde d\u00fc\u015fmekten kendini alamaz.\u201d \u2013Joseph Conrad Yaz\u0131ld\u0131\u011f\u0131 d\u00f6nemde Henry James\u2019in Amerikal\u0131 k\u0131zlar\u0131 a\u015fa\u011f\u0131lad\u0131\u011f\u0131 d\u00fc\u015f\u00fcn\u00fclerek ele\u015ftirilen novellas\u0131 Daisy Miller\u2019da, anlat\u0131c\u0131m\u0131z<span class=\"excerpt-hellip\"> [\u2026]<\/span><\/p>\n","protected":false},"featured_media":0,"template":"","meta":{"_monsterinsights_skip_tracking":false,"_monsterinsights_sitenote_active":false,"_monsterinsights_sitenote_note":"","_monsterinsights_sitenote_category":0},"product_brand":[],"product_cat":[12291,12711],"product_tag":[],"class_list":{"0":"post-719200","1":"product","2":"type-product","3":"status-publish","5":"product_cat-edebiyat","6":"product_cat-roman-oyku","7":"pa_cilt-ciltsiz","8":"pa_tur-kitap","9":"pa_yayinevi-ithaki-yayinlari","10":"pa_yazar-henry-james","12":"first","13":"instock","14":"sale","15":"shipping-taxable","16":"purchasable","17":"product-type-simple"},"_links":{"self":[{"href":"https:\/\/roveyayinevi.com.tr\/index.php\/wp-json\/wp\/v2\/product\/719200","targetHints":{"allow":["GET"]}}],"collection":[{"href":"https:\/\/roveyayinevi.com.tr\/index.php\/wp-json\/wp\/v2\/product"}],"about":[{"href":"https:\/\/roveyayinevi.com.tr\/index.php\/wp-json\/wp\/v2\/types\/product"}],"wp:attachment":[{"href":"https:\/\/roveyayinevi.com.tr\/index.php\/wp-json\/wp\/v2\/media?parent=719200"}],"wp:term":[{"taxonomy":"product_brand","embeddable":true,"href":"https:\/\/roveyayinevi.com.tr\/index.php\/wp-json\/wp\/v2\/product_brand?post=719200"},{"taxonomy":"product_cat","embeddable":true,"href":"https:\/\/roveyayinevi.com.tr\/index.php\/wp-json\/wp\/v2\/product_cat?post=719200"},{"taxonomy":"product_tag","embeddable":true,"href":"https:\/\/roveyayinevi.com.tr\/index.php\/wp-json\/wp\/v2\/product_tag?post=719200"}],"curies":[{"name":"wp","href":"https:\/\/api.w.org\/{rel}","templated":true}]}}