{"id":719180,"date":"2025-08-27T18:18:47","date_gmt":"2025-08-27T15:18:47","guid":{"rendered":"https:\/\/roveyayinevi.com.tr\/index.php\/urun\/akilli-findik\/"},"modified":"2026-04-16T02:27:28","modified_gmt":"2026-04-15T23:27:28","slug":"akilli-findik","status":"publish","type":"product","link":"https:\/\/roveyayinevi.com.tr\/index.php\/urun\/akilli-findik\/","title":{"rendered":"Ak\u0131ll\u0131 F\u0131nd\u0131k"},"content":{"rendered":"<p>Fare F\u0131nd\u0131k bir \u015feyler icat etmeyi peynir yemekten bile daha \u00e7ok seviyor ama arkada\u015flar\u0131 piknik yapmak istedi\u011finde, F\u0131nd\u0131k\u2019\u0131n fikirleri bir s\u00fcr\u00fc soruna yol a\u00e7\u0131yor. Sizce F\u0131nd\u0131k g\u00fcn\u00fc kurtar\u0131p, en iyi icad\u0131n\u0131 yapabilir mi? Bu sevimli orman maceras\u0131nda e\u011flenceyi, arkada\u015fl\u0131\u011f\u0131 ve ekip \u00e7al\u0131\u015fmas\u0131n\u0131 ke\u015ffedin.<\/p>\n","protected":false},"excerpt":{"rendered":"<p>Fare F\u0131nd\u0131k bir \u015feyler icat etmeyi peynir yemekten bile daha \u00e7ok seviyor ama arkada\u015flar\u0131 piknik yapmak istedi\u011finde, F\u0131nd\u0131k\u2019\u0131n fikirleri bir s\u00fcr\u00fc soruna yol a\u00e7\u0131yor. Sizce F\u0131nd\u0131k<span class=\"excerpt-hellip\"> [\u2026]<\/span><\/p>\n","protected":false},"featured_media":0,"template":"","meta":{"_monsterinsights_skip_tracking":false,"_monsterinsights_sitenote_active":false,"_monsterinsights_sitenote_note":"","_monsterinsights_sitenote_category":0},"product_brand":[],"product_cat":[12274,12518],"product_tag":[],"class_list":{"0":"post-719180","1":"product","2":"type-product","3":"status-publish","5":"product_cat-cocuk-ve-genclik-kitaplari","6":"product_cat-okul-oncesi-kitaplar","7":"pa_cilt-ciltsiz","8":"pa_tur-kitap","9":"pa_yayinevi-is-bankasi-kultur-yayinlari","10":"pa_yazar-sienna-williams","12":"first","13":"instock","14":"sale","15":"shipping-taxable","16":"purchasable","17":"product-type-simple"},"_links":{"self":[{"href":"https:\/\/roveyayinevi.com.tr\/index.php\/wp-json\/wp\/v2\/product\/719180","targetHints":{"allow":["GET"]}}],"collection":[{"href":"https:\/\/roveyayinevi.com.tr\/index.php\/wp-json\/wp\/v2\/product"}],"about":[{"href":"https:\/\/roveyayinevi.com.tr\/index.php\/wp-json\/wp\/v2\/types\/product"}],"wp:attachment":[{"href":"https:\/\/roveyayinevi.com.tr\/index.php\/wp-json\/wp\/v2\/media?parent=719180"}],"wp:term":[{"taxonomy":"product_brand","embeddable":true,"href":"https:\/\/roveyayinevi.com.tr\/index.php\/wp-json\/wp\/v2\/product_brand?post=719180"},{"taxonomy":"product_cat","embeddable":true,"href":"https:\/\/roveyayinevi.com.tr\/index.php\/wp-json\/wp\/v2\/product_cat?post=719180"},{"taxonomy":"product_tag","embeddable":true,"href":"https:\/\/roveyayinevi.com.tr\/index.php\/wp-json\/wp\/v2\/product_tag?post=719180"}],"curies":[{"name":"wp","href":"https:\/\/api.w.org\/{rel}","templated":true}]}}