{"id":719170,"date":"2025-08-27T18:18:40","date_gmt":"2025-08-27T15:18:40","guid":{"rendered":"https:\/\/roveyayinevi.com.tr\/index.php\/urun\/turkiye-abd-iliskileri-cuvalla-coken-ittifak\/"},"modified":"2026-04-16T02:27:28","modified_gmt":"2026-04-15T23:27:28","slug":"turkiye-abd-iliskileri-cuvalla-coken-ittifak","status":"publish","type":"product","link":"https:\/\/roveyayinevi.com.tr\/index.php\/urun\/turkiye-abd-iliskileri-cuvalla-coken-ittifak\/","title":{"rendered":"T\u00fcrkiye ABD  \u0130li\u015fkileri : \u00c7uvalla \u00c7\u00f6ken \u0130ttifak"},"content":{"rendered":"<p>Sad\u0131k Ercan; 1950 y\u0131l\u0131nda Ankara&#8217;da d\u00fcnyaya gelmi\u015ftir. \u0130lkokul ve ortaokul e\u011fitimini Ankara&#8217;da tamamlam\u0131\u015ft\u0131r. 1967 y\u0131l\u0131nda Kuleli Askeri Lisesinden, 1969 y\u0131l\u0131nda Kara Harp Okulundan mezun olmu\u015ftur. 1980 y\u0131l\u0131nda Kara harp akademisi bitirmi\u015ftir. Amerika&#8217;da \u0130stihbarat ve Silahl\u0131 Kuvvetler Kurmay Koleji kurslar\u0131na kat\u0131lm\u0131\u015ft\u0131r.1969 y\u0131l\u0131ndan itibaren T\u00fcrk Silahl\u0131 Kuvvetlerinin \u00e7e\u015fitli kademelerinde birlik komutanl\u0131\u011f\u0131 ve karargah subayl\u0131\u011f\u0131 g\u00f6revlerinde bulunmu\u015ftur.1994-1996 y\u0131llar\u0131 aras\u0131nda K\u0131br\u0131s&#8217;ta alay komutanl\u0131\u011f\u0131 g\u00f6revinden sonra Tu\u011fgeneralli\u011fe terfi etmi\u015ftir.Tu\u011fgeneral ve T\u00fcmgeneral r\u00fctbesiyle Siirt&#8217;te Komando Tugay Komutanl\u0131\u011f\u0131, Bak\u00fc-Azerbaycan Silahl\u0131 Kuvvetler Ate\u015feli\u011fi, Genelkurmayda Psikolojik Harekat Daire Ba\u015fkanl\u0131\u011f\u0131, Milli G\u00fcvenlik Akademi Komutanl\u0131\u011f\u0131 ve \u00d6zel Kuvvetler Komutanl\u0131\u011f\u0131 g\u00f6revlerini y\u00fcr\u00fctm\u00fc\u015ft\u00fcr. Emeklidir, Ankara&#8217;da ya\u015famaktad\u0131r.<\/p>\n","protected":false},"excerpt":{"rendered":"<p>Sad\u0131k Ercan; 1950 y\u0131l\u0131nda Ankara&#8217;da d\u00fcnyaya gelmi\u015ftir. \u0130lkokul ve ortaokul e\u011fitimini Ankara&#8217;da tamamlam\u0131\u015ft\u0131r. 1967 y\u0131l\u0131nda Kuleli Askeri Lisesinden, 1969 y\u0131l\u0131nda Kara Harp Okulundan mezun olmu\u015ftur. 1980<span class=\"excerpt-hellip\"> [\u2026]<\/span><\/p>\n","protected":false},"featured_media":0,"template":"","meta":{"_monsterinsights_skip_tracking":false,"_monsterinsights_sitenote_active":false,"_monsterinsights_sitenote_note":"","_monsterinsights_sitenote_category":0},"product_brand":[],"product_cat":[31194,12337],"product_tag":[],"class_list":{"0":"post-719170","1":"product","2":"type-product","3":"status-publish","5":"product_cat-guncel-siyaset","6":"product_cat-politika-siyaset","7":"pa_cilt-ciltsiz","8":"pa_tur-kitap","9":"pa_yayinevi-berikan-yayinlari","10":"pa_yazar-sadik-ercan","12":"first","13":"instock","14":"sale","15":"shipping-taxable","16":"purchasable","17":"product-type-simple"},"_links":{"self":[{"href":"https:\/\/roveyayinevi.com.tr\/index.php\/wp-json\/wp\/v2\/product\/719170","targetHints":{"allow":["GET"]}}],"collection":[{"href":"https:\/\/roveyayinevi.com.tr\/index.php\/wp-json\/wp\/v2\/product"}],"about":[{"href":"https:\/\/roveyayinevi.com.tr\/index.php\/wp-json\/wp\/v2\/types\/product"}],"wp:attachment":[{"href":"https:\/\/roveyayinevi.com.tr\/index.php\/wp-json\/wp\/v2\/media?parent=719170"}],"wp:term":[{"taxonomy":"product_brand","embeddable":true,"href":"https:\/\/roveyayinevi.com.tr\/index.php\/wp-json\/wp\/v2\/product_brand?post=719170"},{"taxonomy":"product_cat","embeddable":true,"href":"https:\/\/roveyayinevi.com.tr\/index.php\/wp-json\/wp\/v2\/product_cat?post=719170"},{"taxonomy":"product_tag","embeddable":true,"href":"https:\/\/roveyayinevi.com.tr\/index.php\/wp-json\/wp\/v2\/product_tag?post=719170"}],"curies":[{"name":"wp","href":"https:\/\/api.w.org\/{rel}","templated":true}]}}

Türkiye ABD  İlişkileri : Çuvalla Çöken İttifak

<p>Sadık Ercan; 1950 yılında Ankara&#8217;da dünyaya gelmiştir. İlkokul ve ortaokul eğitimini Ankara&#8217;da tamamlamıştır. 1967 yılında Kuleli Askeri Lisesinden, 1969 yılında Kara Harp Okulundan mezun olmuştur. 1980 yılında Kara harp akademisi bitirmiştir. Amerika&#8217;da İstihbarat ve Silahlı Kuvvetler Kurmay Koleji kurslarına katılmıştır.1969 yılından itibaren Türk Silahlı Kuvvetlerinin çeşitli kademelerinde birlik komutanlığı ve karargah subaylığı görevlerinde bulunmuştur.1994-1996 yılları arasında Kıbrıs&#8217;ta alay komutanlığı görevinden sonra Tuğgeneralliğe terfi etmiştir.Tuğgeneral ve Tümgeneral rütbesiyle Siirt&#8217;te Komando Tugay Komutanlığı, Bakü-Azerbaycan Silahlı Kuvvetler Ateşeliği, Genelkurmayda Psikolojik Harekat Daire Başkanlığı, Milli Güvenlik Akademi Komutanlığı ve Özel Kuvvetler Komutanlığı görevlerini yürütmüştür. Emeklidir, Ankara&#8217;da yaşamaktadır.</p>

<p>Sadık Ercan; 1950 yılında Ankara&#8217;da dünyaya gelmiştir. İlkokul ve ortaokul eğitimini Ankara&#8217;da tamamlamıştır. 1967 yılında Kuleli Askeri Lisesinden, 1969 yılında Kara Harp Okulundan mezun olmuştur. 1980<span class="excerpt-hellip"> […]</span></p>
