{"id":719161,"date":"2025-08-27T18:18:33","date_gmt":"2025-08-27T15:18:33","guid":{"rendered":"https:\/\/roveyayinevi.com.tr\/index.php\/urun\/hitlerin-generalleri-konusuyor\/"},"modified":"2026-04-16T02:27:28","modified_gmt":"2026-04-15T23:27:28","slug":"hitlerin-generalleri-konusuyor","status":"publish","type":"product","link":"https:\/\/roveyayinevi.com.tr\/index.php\/urun\/hitlerin-generalleri-konusuyor\/","title":{"rendered":"Hitler\u2019in Generalleri Konu\u015fuyor"},"content":{"rendered":"<p>\u201c20. y\u00fczy\u0131l\u0131n ba\u015fl\u0131ca stratejistlerinden biri olan Sir Basil Liddell Hart, elinizdeki bu eserde \u0130kinci D\u00fcnya Sava\u015f\u0131\u2019n\u0131 Alman ordusunun g\u00f6z\u00fcnden anlat\u0131yor. Eserin b\u00fcy\u00fck \u00f6l\u00e7\u00fcde sava\u015f\u0131n \u00f6nde gelen Alman general ve mare\u015falleriyle yap\u0131lan m\u00fclakatlardan olu\u015fmas\u0131, Alman Silahl\u0131 Kuvvetleri\u2019nin sava\u015f\u0131n ilk safhas\u0131nda kazand\u0131\u011f\u0131 beklenmedik zaferler ile m\u00fcteakiben ya\u015fad\u0131\u011f\u0131 \u00e7\u00f6k\u00fc\u015f\u00fcn nedenlerini birinci a\u011f\u0131zdan dinlemek ve etrafl\u0131ca anlamak ad\u0131na onu benzersiz k\u0131l\u0131yor. Alandaki bir\u00e7ok eseri T\u00fcrk\u00e7eye kazand\u0131rm\u0131\u015f olan Sel\u00e7uk Uygur\u2019un ak\u0131c\u0131 terc\u00fcmesi ise, hem asker\u00ee terminolojiye h\u00e2kim olanlar\u0131 tatmin edecek hem de bu terminolojiyle yeni tan\u0131\u015facaklar\u0131n ufkunu a\u00e7acak nitelikte. Hart\u2019\u0131n bu eseri, asker\u00ee tarih ve strateji konular\u0131na ilgi duyanlar, \u00f6zellikle de mekanize z\u0131rhl\u0131 birliklerin kara sava\u015f\u0131nda yaratt\u0131\u011f\u0131 asker\u00ee devrimi anlamak isteyenler i\u00e7in son derece faydal\u0131 bir eser.\u201dDo\u00e7. Dr. Burak Kadercan, US Navy War College   \u00c7e\u015fitli \u00fclkelerin harp akademilerinde strateji ve taktik dersleri verip, asker\u00ee alanda otuzdan fazla kitap yazm\u0131\u015f ve eserleri 19 dile terc\u00fcme edilmi\u015f olan Liddell Hart, elinizdeki bu \u00e7al\u0131\u015fmas\u0131nda \u0130kinci D\u00fcnya Sava\u015f\u0131\u2019n\u0131n d\u00fcnyay\u0131 de\u011fi\u015ftiren muharebelerini, onlar\u0131 tayin eden Alman general ve mare\u015falleriyle bizzat yapt\u0131\u011f\u0131 r\u00f6portajlar do\u011frultusunda, kendi a\u011f\u0131zlar\u0131ndan aktar\u0131yor. Versay Antla\u015fmas\u0131\u2019n\u0131n s\u0131n\u0131rlay\u0131c\u0131 h\u00fck\u00fcmleri, Alman ordusunu Avrupa\u2019daki di\u011fer ordular\u0131n aksine nas\u0131l profesyonelle\u015ftirdi? Alman ordusu Nazi rejimini destekledi mi? Almanlar, Avrupa\u2019n\u0131n b\u00fcy\u00fck b\u00f6l\u00fcm\u00fcn\u00fc tahayy\u00fcl\u00fc g\u00fc\u00e7 bir s\u00fcratle ele ge\u00e7irmelerine imk\u00e2n veren Y\u0131ld\u0131r\u0131m Sava\u015f\u0131, yani Blitzkrieg doktrinini nas\u0131l benimsedi? Piyade odakl\u0131 muharebedense z\u0131rhl\u0131 birlikler ve hava kuvvetlerinin m\u00fc\u015fterek operasyonlar\u0131 ile hareket kabiliyetine dayal\u0131 mekanize harbi Alman ordusunda kimler destekledi, kimler kar\u015f\u0131 \u00e7\u0131kt\u0131? Frans\u0131z ordusu ve Majino Hatt\u0131 nas\u0131l darmada\u011f\u0131n oldu? Hitler, \u0130ngiliz ordusunun Dunkirk\u2019ten ka\u00e7mas\u0131na neden izin verdi? Moskova banliy\u00f6lerine kadar girmeyi ba\u015faran Alman ordusu Stalingrad, Kuzey Afrika ve Normandiya\u2019da nas\u0131l ma\u011flup oldu? Generallerin K\u0131z\u0131l Ordu hakk\u0131ndaki g\u00f6r\u00fc\u015fleri neydi? Hitler ve generallerinin ihtilafa d\u00fc\u015ft\u00fckleri hususlar nelerdi? Hitler\u2019in zafer ve yenilgilerdeki pay\u0131 neydi? Hitler\u2019e suikast giri\u015fiminde bulunuldu\u011fu 20 Temmuz g\u00fcn\u00fcnde orduda neler ya\u015fand\u0131? Almanya sava\u015f\u0131 kazanabilir miydi? Guderian, Manstein, Rundstedt, Student, Thoma, Bayerlein, Senger, Manteuffel, Heinrici, Kleist, Tippelskirch, Westphal ve Blumentritt gibi \u00f6nde gelen Alman general ve mare\u015falleri, bu gibi hususlar\u0131 tan\u0131d\u0131klar\u0131 ve itibar ettikleri Liddell Hart\u2019a a\u00e7\u0131k y\u00fcreklilikle anlat\u0131yor. Hitler\u2019in Generalleri Konu\u015fuyor, ge\u00e7ti\u011fimiz y\u00fczy\u0131l\u0131n \u00f6nde gelen stratejistlerinden biri olan Hart\u2019\u0131n da de\u011ferlendirmeleriyle, okuyucuya \u0130kinci D\u00fcnya Sava\u015f\u0131\u2019na ili\u015fkin benzersiz bir deneyim sunuyor. <\/p>\n","protected":false},"excerpt":{"rendered":"<p>\u201c20. y\u00fczy\u0131l\u0131n ba\u015fl\u0131ca stratejistlerinden biri olan Sir Basil Liddell Hart, elinizdeki bu eserde \u0130kinci D\u00fcnya Sava\u015f\u0131\u2019n\u0131 Alman ordusunun g\u00f6z\u00fcnden anlat\u0131yor. Eserin b\u00fcy\u00fck \u00f6l\u00e7\u00fcde sava\u015f\u0131n \u00f6nde gelen<span class=\"excerpt-hellip\"> [\u2026]<\/span><\/p>\n","protected":false},"featured_media":0,"template":"","meta":{"_monsterinsights_skip_tracking":false,"_monsterinsights_sitenote_active":false,"_monsterinsights_sitenote_note":"","_monsterinsights_sitenote_category":0},"product_brand":[],"product_cat":[12370,12304],"product_tag":[],"class_list":{"0":"post-719161","1":"product","2":"type-product","3":"status-publish","5":"product_cat-arastirma-inceleme","6":"product_cat-tarih","7":"pa_cilt-ciltsiz","8":"pa_tur-kitap","9":"pa_yayinevi-kronik-kitap","10":"pa_yazar-h-b-liddell-hart","12":"first","13":"instock","14":"sale","15":"shipping-taxable","16":"purchasable","17":"product-type-simple"},"_links":{"self":[{"href":"https:\/\/roveyayinevi.com.tr\/index.php\/wp-json\/wp\/v2\/product\/719161","targetHints":{"allow":["GET"]}}],"collection":[{"href":"https:\/\/roveyayinevi.com.tr\/index.php\/wp-json\/wp\/v2\/product"}],"about":[{"href":"https:\/\/roveyayinevi.com.tr\/index.php\/wp-json\/wp\/v2\/types\/product"}],"wp:attachment":[{"href":"https:\/\/roveyayinevi.com.tr\/index.php\/wp-json\/wp\/v2\/media?parent=719161"}],"wp:term":[{"taxonomy":"product_brand","embeddable":true,"href":"https:\/\/roveyayinevi.com.tr\/index.php\/wp-json\/wp\/v2\/product_brand?post=719161"},{"taxonomy":"product_cat","embeddable":true,"href":"https:\/\/roveyayinevi.com.tr\/index.php\/wp-json\/wp\/v2\/product_cat?post=719161"},{"taxonomy":"product_tag","embeddable":true,"href":"https:\/\/roveyayinevi.com.tr\/index.php\/wp-json\/wp\/v2\/product_tag?post=719161"}],"curies":[{"name":"wp","href":"https:\/\/api.w.org\/{rel}","templated":true}]}}