{"id":719130,"date":"2025-08-27T18:18:10","date_gmt":"2025-08-27T15:18:10","guid":{"rendered":"https:\/\/roveyayinevi.com.tr\/index.php\/urun\/yorma-birader\/"},"modified":"2025-11-21T05:26:21","modified_gmt":"2025-11-21T02:26:21","slug":"yorma-birader","status":"publish","type":"product","link":"https:\/\/roveyayinevi.com.tr\/index.php\/urun\/yorma-birader\/","title":{"rendered":"Yorma Birader"},"content":{"rendered":"<p>G\u00f6steri d\u00fcnyas\u0131n\u0131n g\u00f6steri\u015fi sevmeyen duayeni Mustafa O\u011fuz bu kitapta hem kendi hik\u00e2yesini anlat\u0131yor hem de kahramanlar\u0131 e\u015fli\u011finde 1970\u2019lerden 2000\u2019li y\u0131llara T\u00fcrkiye\u2019nin pop\u00fcler k\u00fclt\u00fcr\u00fcn\u00fc&#8230; Hangi \u015fark\u0131lar\u0131 sevdik, hangi starlara d\u00fc\u015fk\u00fcnd\u00fck, nelere g\u00fcld\u00fck, nas\u0131l e\u011flendik? T\u00fcrkiye\u2019nin ini\u015fli \u00e7\u0131k\u0131\u015fl\u0131 siyasi hayat\u0131 e\u011flence d\u00fcnyas\u0131n\u0131, televizyonu ve pop\u00fcler k\u00fclt\u00fcr\u00fc nas\u0131l etkiledi?Yorma Birader\u2019i okurken Mustafa O\u011fuz\u2019un hayat\u0131yla birlikte \u201co s\u0131rada T\u00fcrkiye\u201dyi de okuyacaks\u0131n\u0131z.\u201cHayat\u0131 hi\u00e7 \u0131skalamadan ya\u015fayan tam bir keyif adam\u0131d\u0131r. Dostlu\u011fuyla gururland\u0131\u011f\u0131m insanlar\u0131n ba\u015f\u0131nda gelir Mustafa O\u011fuz.\u201dErol Evgin\u201cMustafa O\u011fuz olmasayd\u0131 MF\u00d6 bug\u00fcn ayn\u0131 yerde olmazd\u0131. Bizi bug\u00fcnlere getiren insand\u0131r.\u201dMazhar Alanson\u201cBu d\u00fcnyada Kazancakis\u2019in Zorba\u2019s\u0131n\u0131n \u00f6\u011f\u00fctlerine kulak veren ve tutmaya \u00e7al\u0131\u015fan insanlardan birinin de Mustafa oldu\u011funu d\u00fc\u015f\u00fcn\u00fcr\u00fcm.\u201dMehmet Y. Y\u0131lmaz\u201c\u00d6m\u00fcrl\u00fck bir yolda\u015fl\u0131k. \u0130ki dostun ge\u00e7ebilece\u011fi, kar\u015f\u0131la\u015fabilece\u011fi her zorlukla s\u0131nanm\u0131\u015ft\u0131r ili\u015fkimiz. Yollar\u0131m\u0131z\u0131 kesi\u015ftiren \u015fans\u0131ma te\u015fekk\u00fcr bor\u00e7luyum.\u201dSezen Aksu\u201cYa\u015fam\u0131n tad\u0131n\u0131 \u00e7\u0131karma konusunda hepimizden ileridedir. O benim dostumdur.\u201d\u015eener \u015een\u201cSanat\u00e7\u0131n\u0131n g\u00f6n\u00fcl \u00e7izgisine ters d\u00fc\u015fmeyecek \u015fekilde \u00e7al\u0131\u015fan, g\u00fcvendi\u011fim bir karde\u015fim olarak g\u00f6nl\u00fcmdedir.\u201dTimur Sel\u00e7uk\u201cMustafa\u2019n\u0131n ba\u015far\u0131s\u0131, Muhsin Bey\u2019in hatalar\u0131n\u0131 yapmamas\u0131nda gizlidir.\u201dYavuz Turgul<\/p>\n","protected":false},"excerpt":{"rendered":"<p>G\u00f6steri d\u00fcnyas\u0131n\u0131n g\u00f6steri\u015fi sevmeyen duayeni Mustafa O\u011fuz bu kitapta hem kendi hik\u00e2yesini anlat\u0131yor hem de kahramanlar\u0131 e\u015fli\u011finde 1970\u2019lerden 2000\u2019li y\u0131llara T\u00fcrkiye\u2019nin pop\u00fcler k\u00fclt\u00fcr\u00fcn\u00fc&#8230; Hangi \u015fark\u0131lar\u0131 sevdik,<span class=\"excerpt-hellip\"> [\u2026]<\/span><\/p>\n","protected":false},"featured_media":0,"template":"","meta":{"_monsterinsights_skip_tracking":false,"_monsterinsights_sitenote_active":false,"_monsterinsights_sitenote_note":"","_monsterinsights_sitenote_category":0},"product_brand":[],"product_cat":[12291,30969],"product_tag":[],"class_list":{"0":"post-719130","1":"product","2":"type-product","3":"status-publish","5":"product_cat-edebiyat","6":"product_cat-soylesi-edebiyat","7":"pa_cilt-ciltsiz","8":"pa_tur-kitap","9":"pa_yayinevi-dogan-kitap","10":"pa_yazar-selin-ongun","12":"first","13":"instock","14":"sale","15":"shipping-taxable","16":"purchasable","17":"product-type-simple"},"_links":{"self":[{"href":"https:\/\/roveyayinevi.com.tr\/index.php\/wp-json\/wp\/v2\/product\/719130","targetHints":{"allow":["GET"]}}],"collection":[{"href":"https:\/\/roveyayinevi.com.tr\/index.php\/wp-json\/wp\/v2\/product"}],"about":[{"href":"https:\/\/roveyayinevi.com.tr\/index.php\/wp-json\/wp\/v2\/types\/product"}],"wp:attachment":[{"href":"https:\/\/roveyayinevi.com.tr\/index.php\/wp-json\/wp\/v2\/media?parent=719130"}],"wp:term":[{"taxonomy":"product_brand","embeddable":true,"href":"https:\/\/roveyayinevi.com.tr\/index.php\/wp-json\/wp\/v2\/product_brand?post=719130"},{"taxonomy":"product_cat","embeddable":true,"href":"https:\/\/roveyayinevi.com.tr\/index.php\/wp-json\/wp\/v2\/product_cat?post=719130"},{"taxonomy":"product_tag","embeddable":true,"href":"https:\/\/roveyayinevi.com.tr\/index.php\/wp-json\/wp\/v2\/product_tag?post=719130"}],"curies":[{"name":"wp","href":"https:\/\/api.w.org\/{rel}","templated":true}]}}