{"id":719121,"date":"2025-08-27T18:18:04","date_gmt":"2025-08-27T15:18:04","guid":{"rendered":"https:\/\/roveyayinevi.com.tr\/index.php\/urun\/dunyadan-kedi-masallari\/"},"modified":"2026-04-16T02:27:27","modified_gmt":"2026-04-15T23:27:27","slug":"dunyadan-kedi-masallari","status":"publish","type":"product","link":"https:\/\/roveyayinevi.com.tr\/index.php\/urun\/dunyadan-kedi-masallari\/","title":{"rendered":"D\u00fcnyadan Kedi Masallar\u0131"},"content":{"rendered":"<p>B\u00fcy\u00fckanneler ve b\u00fcy\u00fckbabalar, Afrika ormanlar\u0131ndaki ve Arap \u00e7\u00f6llerinin kuytu k\u00f6\u015felerindeki kamp ate\u015flerinin yan\u0131na; Hindistan k\u00f6ylerindeki ve G\u00fcney Pasifik\u2019in kayal\u0131k adalar\u0131ndaki ate\u015flerin \u00e7evresine oturdular. Finlandiya k\u0131\u015f\u0131n\u0131n so\u011fuk karanl\u0131\u011f\u0131ndaki oca\u011f\u0131n ba\u015f\u0131nda yerlerini ald\u0131lar. S\u0131cak \u0130talyan ak\u015fam\u00fcstlerinin alacakaranl\u0131\u011f\u0131nda kap\u0131 e\u015fiklerine yerle\u015ftiler. Oturdular ve kediler hakk\u0131nda masallar anlatt\u0131lar\u2026 Bu masallar\u0131n do\u011fru olup olmad\u0131\u011f\u0131n\u0131, Kedilerin ne d\u00fc\u015f\u00fcnd\u00fc\u011f\u00fcn\u00fc bir g\u00fcn bilip bilemeyece\u011fimizi, Ve neden fareleri kovalad\u0131klar\u0131n\u0131, Kaplanla karde\u015f olup olmad\u0131klar\u0131n\u0131, Merak ediyorum\u2026 <\/p>\n","protected":false},"excerpt":{"rendered":"<p>B\u00fcy\u00fckanneler ve b\u00fcy\u00fckbabalar, Afrika ormanlar\u0131ndaki ve Arap \u00e7\u00f6llerinin kuytu k\u00f6\u015felerindeki kamp ate\u015flerinin yan\u0131na; Hindistan k\u00f6ylerindeki ve G\u00fcney Pasifik\u2019in kayal\u0131k adalar\u0131ndaki ate\u015flerin \u00e7evresine oturdular. Finlandiya k\u0131\u015f\u0131n\u0131n so\u011fuk<span class=\"excerpt-hellip\"> [\u2026]<\/span><\/p>\n","protected":false},"featured_media":0,"template":"","meta":{"_monsterinsights_skip_tracking":false,"_monsterinsights_sitenote_active":false,"_monsterinsights_sitenote_note":"","_monsterinsights_sitenote_category":0},"product_brand":[],"product_cat":[12274,12523],"product_tag":[],"class_list":{"0":"post-719121","1":"product","2":"type-product","3":"status-publish","5":"product_cat-cocuk-ve-genclik-kitaplari","6":"product_cat-masallar","7":"pa_cilt-ciltsiz","8":"pa_tur-kitap","9":"pa_yayinevi-nika-yayinevi","10":"pa_yazar-natalia-m-belting","12":"first","13":"instock","14":"sale","15":"shipping-taxable","16":"purchasable","17":"product-type-simple"},"_links":{"self":[{"href":"https:\/\/roveyayinevi.com.tr\/index.php\/wp-json\/wp\/v2\/product\/719121","targetHints":{"allow":["GET"]}}],"collection":[{"href":"https:\/\/roveyayinevi.com.tr\/index.php\/wp-json\/wp\/v2\/product"}],"about":[{"href":"https:\/\/roveyayinevi.com.tr\/index.php\/wp-json\/wp\/v2\/types\/product"}],"wp:attachment":[{"href":"https:\/\/roveyayinevi.com.tr\/index.php\/wp-json\/wp\/v2\/media?parent=719121"}],"wp:term":[{"taxonomy":"product_brand","embeddable":true,"href":"https:\/\/roveyayinevi.com.tr\/index.php\/wp-json\/wp\/v2\/product_brand?post=719121"},{"taxonomy":"product_cat","embeddable":true,"href":"https:\/\/roveyayinevi.com.tr\/index.php\/wp-json\/wp\/v2\/product_cat?post=719121"},{"taxonomy":"product_tag","embeddable":true,"href":"https:\/\/roveyayinevi.com.tr\/index.php\/wp-json\/wp\/v2\/product_tag?post=719121"}],"curies":[{"name":"wp","href":"https:\/\/api.w.org\/{rel}","templated":true}]}}