{"id":719090,"date":"2025-08-27T18:17:39","date_gmt":"2025-08-27T15:17:39","guid":{"rendered":"https:\/\/roveyayinevi.com.tr\/index.php\/urun\/benim-adim-pogba\/"},"modified":"2026-04-13T02:33:23","modified_gmt":"2026-04-12T23:33:23","slug":"benim-adim-pogba","status":"publish","type":"product","link":"https:\/\/roveyayinevi.com.tr\/index.php\/urun\/benim-adim-pogba\/","title":{"rendered":"Benim Ad\u0131m Pogba"},"content":{"rendered":"<p>Ba\u015far\u0131dan ba\u015far\u0131ya ko\u015fan Pogba\u2019n\u0131n futbol ya\u015fam\u0131\u2026Fransa\u2019da Gineli bir ailenin \u00e7ocu\u011fu olarak d\u00fcnyaya gelen Paul Pogba, alt\u0131 ya\u015f\u0131nda futbola ba\u015flad\u0131 ve zaman i\u00e7inde Avrupa\u2019n\u0131n en b\u00fcy\u00fck tak\u0131mlar\u0131n\u0131n pe\u015finde ko\u015ftu\u011fu bir orta saha oyuncusu h\u00e2line geldi. 20\u2019li ya\u015flarda \u0130slamiyet\u2019i se\u00e7en ve M\u00fcsl\u00fcmanl\u0131\u011f\u0131n, hayat\u0131nda olumlu de\u011fi\u015fiklikler yapt\u0131\u011f\u0131n\u0131 s\u00f6yleyen Pogba, ba\u015far\u0131 basamaklar\u0131n\u0131 h\u0131zla t\u0131rmanmaya devam ediyor.Bu kitapta Paul Pogba\u2019n\u0131n sabr\u0131, h\u0131rs\u0131, g\u00fcc\u00fc ve yetene\u011fi sayesinde nas\u0131l aranan bir futbolcuya d\u00f6n\u00fc\u015ft\u00fc\u011f\u00fcn\u00fc okuyacaks\u0131n\u0131z.<\/p>\n","protected":false},"excerpt":{"rendered":"<p>Ba\u015far\u0131dan ba\u015far\u0131ya ko\u015fan Pogba\u2019n\u0131n futbol ya\u015fam\u0131\u2026Fransa\u2019da Gineli bir ailenin \u00e7ocu\u011fu olarak d\u00fcnyaya gelen Paul Pogba, alt\u0131 ya\u015f\u0131nda futbola ba\u015flad\u0131 ve zaman i\u00e7inde Avrupa\u2019n\u0131n en b\u00fcy\u00fck tak\u0131mlar\u0131n\u0131n<span class=\"excerpt-hellip\"> [\u2026]<\/span><\/p>\n","protected":false},"featured_media":0,"template":"","meta":{"_monsterinsights_skip_tracking":false,"_monsterinsights_sitenote_active":false,"_monsterinsights_sitenote_note":"","_monsterinsights_sitenote_category":0},"product_brand":[],"product_cat":[14009,12291],"product_tag":[],"class_list":{"0":"post-719090","1":"product","2":"type-product","3":"status-publish","5":"product_cat-biyografi-otobiyografi-edebiyat","6":"product_cat-edebiyat","7":"pa_cilt-ciltsiz","8":"pa_tur-kitap","9":"pa_yayinevi-beyaz-balina-yayinlari","10":"pa_yazar-matt-oldfield-tom-oldfield","12":"first","13":"instock","14":"sale","15":"shipping-taxable","16":"purchasable","17":"product-type-simple"},"_links":{"self":[{"href":"https:\/\/roveyayinevi.com.tr\/index.php\/wp-json\/wp\/v2\/product\/719090","targetHints":{"allow":["GET"]}}],"collection":[{"href":"https:\/\/roveyayinevi.com.tr\/index.php\/wp-json\/wp\/v2\/product"}],"about":[{"href":"https:\/\/roveyayinevi.com.tr\/index.php\/wp-json\/wp\/v2\/types\/product"}],"wp:attachment":[{"href":"https:\/\/roveyayinevi.com.tr\/index.php\/wp-json\/wp\/v2\/media?parent=719090"}],"wp:term":[{"taxonomy":"product_brand","embeddable":true,"href":"https:\/\/roveyayinevi.com.tr\/index.php\/wp-json\/wp\/v2\/product_brand?post=719090"},{"taxonomy":"product_cat","embeddable":true,"href":"https:\/\/roveyayinevi.com.tr\/index.php\/wp-json\/wp\/v2\/product_cat?post=719090"},{"taxonomy":"product_tag","embeddable":true,"href":"https:\/\/roveyayinevi.com.tr\/index.php\/wp-json\/wp\/v2\/product_tag?post=719090"}],"curies":[{"name":"wp","href":"https:\/\/api.w.org\/{rel}","templated":true}]}}