{"id":719086,"date":"2025-08-27T18:17:37","date_gmt":"2025-08-27T15:17:37","guid":{"rendered":"https:\/\/roveyayinevi.com.tr\/index.php\/urun\/surat\/"},"modified":"2026-04-16T02:26:56","modified_gmt":"2026-04-15T23:26:56","slug":"surat","status":"publish","type":"product","link":"https:\/\/roveyayinevi.com.tr\/index.php\/urun\/surat\/","title":{"rendered":"Surat"},"content":{"rendered":"<p>Geceye virg\u00fcl koyarak c\u00fcmleye devam etmenin kar\u015f\u0131 konulamaz yaln\u0131zl\u0131\u011f\u0131na ba\u015f\u0131m\u0131 yasl\u0131yorum. Bu sefer uykuya inat oluyor \u00e7o\u011fu g\u00fczellik. G\u00fczel olan \u00e7o\u011fu \u015fey nispet de\u011fil mi zaten. Cevap verme ! Bir soru daha sormak nispeten g\u00fczelle\u015ftirir geceyi&#8230;      Sonu\u00e7 olarak genel \u00f6zelliklerimiz do\u011frultusunda h\u0131rs\u0131zl\u0131k baki. Bir de kanatlar\u0131 oldu\u011fu halde u\u00e7amayan insanlar var. Ama bu fazlas\u0131yla \u00e7al\u0131nt\u0131 bir konu oluyor dolayl\u0131 olarak. Konu b\u00fct\u00fcnl\u00fc\u011f\u00fcn\u00fc par\u00e7alara ay\u0131r\u0131yor ve bo\u011fulmak \u00fczere okyanusa at\u0131l\u0131yor. Sonra olu\u015fumlar \u00fczerine rehber s\u0131ralan\u0131yor; siyasi bal\u0131klar, bilimsel bal\u0131klar, ticari bal\u0131klar, faiz bal\u0131klar\u0131, amortisman bal\u0131klar\u0131, bal\u0131ks\u0131z bal\u0131klar ve bal\u0131kl\u0131 bal\u0131klar. Bo\u011fulma i\u015flemi t\u00fcm detaya uygulan\u0131nca konu b\u00fct\u00fcnl\u00fc\u011f\u00fc sahneyi al\u0131yor. Ve her canl\u0131 kanatlanmaya ba\u015fl\u0131yor. Ama g\u00f6ky\u00fcz\u00fc kaybolma tehlikesiyle ba\u015f ba\u015fa kal\u0131yor. Ve bulutlar tek bir dizeyle noktal\u0131yor her \u015feyi &#8221; G\u00f6ky\u00fcz\u00fc iyi ki var u\u00e7amayanlar i\u00e7in.&#8221;&#8230;   <\/p>\n","protected":false},"excerpt":{"rendered":"<p>Geceye virg\u00fcl koyarak c\u00fcmleye devam etmenin kar\u015f\u0131 konulamaz yaln\u0131zl\u0131\u011f\u0131na ba\u015f\u0131m\u0131 yasl\u0131yorum. Bu sefer uykuya inat oluyor \u00e7o\u011fu g\u00fczellik. G\u00fczel olan \u00e7o\u011fu \u015fey nispet de\u011fil mi zaten.<span class=\"excerpt-hellip\"> [\u2026]<\/span><\/p>\n","protected":false},"featured_media":0,"template":"","meta":{"_monsterinsights_skip_tracking":false,"_monsterinsights_sitenote_active":false,"_monsterinsights_sitenote_note":"","_monsterinsights_sitenote_category":0},"product_brand":[],"product_cat":[12777,12291],"product_tag":[],"class_list":{"0":"post-719086","1":"product","2":"type-product","3":"status-publish","5":"product_cat-deneme","6":"product_cat-edebiyat","7":"pa_cilt-ciltsiz","8":"pa_tur-kitap","9":"pa_yayinevi-kultur-ajans-yayinlari","10":"pa_yazar-sezer-kosali","12":"first","13":"instock","14":"sale","15":"shipping-taxable","16":"purchasable","17":"product-type-simple"},"_links":{"self":[{"href":"https:\/\/roveyayinevi.com.tr\/index.php\/wp-json\/wp\/v2\/product\/719086","targetHints":{"allow":["GET"]}}],"collection":[{"href":"https:\/\/roveyayinevi.com.tr\/index.php\/wp-json\/wp\/v2\/product"}],"about":[{"href":"https:\/\/roveyayinevi.com.tr\/index.php\/wp-json\/wp\/v2\/types\/product"}],"wp:attachment":[{"href":"https:\/\/roveyayinevi.com.tr\/index.php\/wp-json\/wp\/v2\/media?parent=719086"}],"wp:term":[{"taxonomy":"product_brand","embeddable":true,"href":"https:\/\/roveyayinevi.com.tr\/index.php\/wp-json\/wp\/v2\/product_brand?post=719086"},{"taxonomy":"product_cat","embeddable":true,"href":"https:\/\/roveyayinevi.com.tr\/index.php\/wp-json\/wp\/v2\/product_cat?post=719086"},{"taxonomy":"product_tag","embeddable":true,"href":"https:\/\/roveyayinevi.com.tr\/index.php\/wp-json\/wp\/v2\/product_tag?post=719086"}],"curies":[{"name":"wp","href":"https:\/\/api.w.org\/{rel}","templated":true}]}}