{"id":719084,"date":"2025-08-27T18:17:35","date_gmt":"2025-08-27T15:17:35","guid":{"rendered":"https:\/\/roveyayinevi.com.tr\/index.php\/urun\/insan-ataturk\/"},"modified":"2026-04-16T02:26:56","modified_gmt":"2026-04-15T23:26:56","slug":"insan-ataturk","status":"publish","type":"product","link":"https:\/\/roveyayinevi.com.tr\/index.php\/urun\/insan-ataturk\/","title":{"rendered":"\u0130nsan Atat\u00fcrk"},"content":{"rendered":"<p>B\u00fcy\u00fck \u0130skender \u0130skender&#8217;in do\u011fum yerinin de Selanik y\u00f6resi oldu\u011fu kendisine hat\u0131rlat\u0131ld\u0131\u011f\u0131 zaman s\u00f6yledikleri;Kar\u015f\u0131la\u015ft\u0131rma burada sona erer.\u0130skender d\u00fcnyay\u0131 istila edeyim derken kendi vatan\u0131n\u0131 unutmu\u015ftu; ben vatan\u0131m\u0131 hi\u00e7bir zaman unutmayaca\u011f\u0131m!Fatih Sultan Mehmet \u00c7ok kereler Fatih&#8217;in kar\u015f\u0131s\u0131nda kald\u0131\u011f\u0131 sorunlar d\u00fc\u015f\u00fcnd\u00fc\u011f\u00fcm zaman , ben de ayn\u0131 \u00e7\u00f6z\u00fcm yollar\u0131na varm\u0131\u015f\u0131md\u0131r.Yanl\u0131z , Fatih benim kar\u015f\u0131s\u0131nda kald\u0131\u011f\u0131m hadiselere nas\u0131l \u00e7\u00f6z\u00fcm yolu bulurdu , bunu \u00e7ok merak  ederim. \u0130kinci Mehmet b\u00fcy\u00fck ad\u0131mlar , b\u00fcy\u00fck!Mimar Sinan T\u00fcrk Tarih Kurumu&#8217;na el yaz\u0131s\u0131 ile direktifi:Sinan&#8217;\u0131n heykelini yap\u0131n\u0131z.Y\u0131ld\u0131r\u0131m Beyaz\u0131t Bir g\u00fcn ressamlar kahramanl\u0131k y\u00fcz\u00fcn\u00fc kaybederlerse Y\u0131ld\u0131r\u0131m&#8217;\u0131 als\u0131nlar , yap\u0131versinler.<\/p>\n","protected":false},"excerpt":{"rendered":"<p>B\u00fcy\u00fck \u0130skender \u0130skender&#8217;in do\u011fum yerinin de Selanik y\u00f6resi oldu\u011fu kendisine hat\u0131rlat\u0131ld\u0131\u011f\u0131 zaman s\u00f6yledikleri;Kar\u015f\u0131la\u015ft\u0131rma burada sona erer.\u0130skender d\u00fcnyay\u0131 istila edeyim derken kendi vatan\u0131n\u0131 unutmu\u015ftu; ben vatan\u0131m\u0131 hi\u00e7bir<span class=\"excerpt-hellip\"> [\u2026]<\/span><\/p>\n","protected":false},"featured_media":0,"template":"","meta":{"_monsterinsights_skip_tracking":false,"_monsterinsights_sitenote_active":false,"_monsterinsights_sitenote_note":"","_monsterinsights_sitenote_category":0},"product_brand":[],"product_cat":[12530,12304],"product_tag":[],"class_list":{"0":"post-719084","1":"product","2":"type-product","3":"status-publish","5":"product_cat-mustafa-kemal-ataturk","6":"product_cat-tarih","7":"pa_cilt-ciltsiz","8":"pa_tur-kitap","9":"pa_yayinevi-baris-kitap","10":"pa_yazar-orhan-selen","12":"first","13":"instock","14":"sale","15":"shipping-taxable","16":"purchasable","17":"product-type-simple"},"_links":{"self":[{"href":"https:\/\/roveyayinevi.com.tr\/index.php\/wp-json\/wp\/v2\/product\/719084","targetHints":{"allow":["GET"]}}],"collection":[{"href":"https:\/\/roveyayinevi.com.tr\/index.php\/wp-json\/wp\/v2\/product"}],"about":[{"href":"https:\/\/roveyayinevi.com.tr\/index.php\/wp-json\/wp\/v2\/types\/product"}],"wp:attachment":[{"href":"https:\/\/roveyayinevi.com.tr\/index.php\/wp-json\/wp\/v2\/media?parent=719084"}],"wp:term":[{"taxonomy":"product_brand","embeddable":true,"href":"https:\/\/roveyayinevi.com.tr\/index.php\/wp-json\/wp\/v2\/product_brand?post=719084"},{"taxonomy":"product_cat","embeddable":true,"href":"https:\/\/roveyayinevi.com.tr\/index.php\/wp-json\/wp\/v2\/product_cat?post=719084"},{"taxonomy":"product_tag","embeddable":true,"href":"https:\/\/roveyayinevi.com.tr\/index.php\/wp-json\/wp\/v2\/product_tag?post=719084"}],"curies":[{"name":"wp","href":"https:\/\/api.w.org\/{rel}","templated":true}]}}

İnsan Atatürk

<p>Büyük İskender İskender&#8217;in doğum yerinin de Selanik yöresi olduğu kendisine hatırlatıldığı zaman söyledikleri;Karşılaştırma burada sona erer.İskender dünyayı istila edeyim derken kendi vatanını unutmuştu; ben vatanımı hiçbir zaman unutmayacağım!Fatih Sultan Mehmet Çok kereler Fatih&#8217;in karşısında kaldığı sorunlar düşündüğüm zaman , ben de aynı çözüm yollarına varmışımdır.Yanlız , Fatih benim karşısında kaldığım hadiselere nasıl çözüm yolu bulurdu , bunu çok merak  ederim. İkinci Mehmet büyük adımlar , büyük!Mimar Sinan Türk Tarih Kurumu&#8217;na el yazısı ile direktifi:Sinan&#8217;ın heykelini yapınız.Yıldırım Beyazıt Bir gün ressamlar kahramanlık yüzünü kaybederlerse Yıldırım&#8217;ı alsınlar , yapıversinler.</p>

<p>Büyük İskender İskender&#8217;in doğum yerinin de Selanik yöresi olduğu kendisine hatırlatıldığı zaman söyledikleri;Karşılaştırma burada sona erer.İskender dünyayı istila edeyim derken kendi vatanını unutmuştu; ben vatanımı hiçbir<span class="excerpt-hellip"> […]</span></p>
