{"id":719065,"date":"2025-08-27T18:17:20","date_gmt":"2025-08-27T15:17:20","guid":{"rendered":"https:\/\/roveyayinevi.com.tr\/index.php\/urun\/duman-hirsizlari\/"},"modified":"2025-11-21T05:25:51","modified_gmt":"2025-11-21T02:25:51","slug":"duman-hirsizlari","status":"publish","type":"product","link":"https:\/\/roveyayinevi.com.tr\/index.php\/urun\/duman-hirsizlari\/","title":{"rendered":"Duman H\u0131rs\u0131zlar\u0131"},"content":{"rendered":"<p>Kendi yolunda y\u00fcr\u00fcmeye kararl\u0131 bir prenses.Prensesi korumak i\u00e7in yemin etmi\u015f bir muhaf\u0131z.Gizli kimli\u011fini y\u0131llar sonra \u00f6\u011frenen bir h\u0131rs\u0131z.Kendini, halk\u0131n\u0131n intikam\u0131n\u0131 almaya adam\u0131\u015f bir k\u00f6le.Ve ailesinden uzakta tehlikelere at\u0131lan k\u00fc\u00e7\u00fck bir iblis avc\u0131s\u0131.\u0130hanet, entrika, romantizm ve heyecan dolu fantastik bir roman. K\u0131z\u0131n\u0131 bile hi\u00e7e sayan ac\u0131mas\u0131z bir kral\u0131n hain planlar\u0131 ve\u00e7al\u0131nan iblis duman\u0131yla kesi\u015fen ya\u015famlar\u2026Ka\u00e7\u0131n\u0131lmaz sava\u015f ad\u0131m ad\u0131m yakla\u015f\u0131rken taraflar netle\u015fiyor.\u0130blis duman\u0131 hakk\u0131ndaki tehlikeli ger\u00e7ek ortaya \u00e7\u0131karken, kaderin birle\u015ftirdi\u011fi farkl\u0131 ya\u015famlar ortak bir yolculu\u011fa ad\u0131m at\u0131yor.\u00c7ok satan Bela serisinin yazar\u0131 SallyGreen,Duman H\u0131rs\u0131zlar\u0131\u2019nda okuyucuyu h\u0131rs ve ac\u0131mas\u0131zl\u0131\u011fa meydan okuyan fantastik bir maceraya \u00e7\u0131kar\u0131yor. \u201cSallyGreen\u2019in Duman H\u0131rs\u0131zlar\u0131 b\u00fcy\u00fc, karga\u015fa, heyecan ve inan\u0131lmaz bir yasak a\u015fkla dolup ta\u015f\u0131yor. Daha fazlas\u0131n\u0131istiyorum!\u201dMorgan Rhodes, New York Times Arzu dolu\u2026 Kesinlikle okumaya de\u011fer.\u201dTimes <\/p>\n","protected":false},"excerpt":{"rendered":"<p>Kendi yolunda y\u00fcr\u00fcmeye kararl\u0131 bir prenses.Prensesi korumak i\u00e7in yemin etmi\u015f bir muhaf\u0131z.Gizli kimli\u011fini y\u0131llar sonra \u00f6\u011frenen bir h\u0131rs\u0131z.Kendini, halk\u0131n\u0131n intikam\u0131n\u0131 almaya adam\u0131\u015f bir k\u00f6le.Ve ailesinden uzakta<span class=\"excerpt-hellip\"> [\u2026]<\/span><\/p>\n","protected":false},"featured_media":0,"template":"","meta":{"_monsterinsights_skip_tracking":false,"_monsterinsights_sitenote_active":false,"_monsterinsights_sitenote_note":"","_monsterinsights_sitenote_category":0},"product_brand":[],"product_cat":[12291,14777],"product_tag":[],"class_list":{"0":"post-719065","1":"product","2":"type-product","3":"status-publish","5":"product_cat-edebiyat","6":"product_cat-fantastik","7":"pa_cilt-ciltsiz","8":"pa_tur-kitap","9":"pa_yayinevi-dex-yayinevi","10":"pa_yazar-sally-green","12":"first","13":"instock","14":"sale","15":"shipping-taxable","16":"purchasable","17":"product-type-simple"},"_links":{"self":[{"href":"https:\/\/roveyayinevi.com.tr\/index.php\/wp-json\/wp\/v2\/product\/719065","targetHints":{"allow":["GET"]}}],"collection":[{"href":"https:\/\/roveyayinevi.com.tr\/index.php\/wp-json\/wp\/v2\/product"}],"about":[{"href":"https:\/\/roveyayinevi.com.tr\/index.php\/wp-json\/wp\/v2\/types\/product"}],"wp:attachment":[{"href":"https:\/\/roveyayinevi.com.tr\/index.php\/wp-json\/wp\/v2\/media?parent=719065"}],"wp:term":[{"taxonomy":"product_brand","embeddable":true,"href":"https:\/\/roveyayinevi.com.tr\/index.php\/wp-json\/wp\/v2\/product_brand?post=719065"},{"taxonomy":"product_cat","embeddable":true,"href":"https:\/\/roveyayinevi.com.tr\/index.php\/wp-json\/wp\/v2\/product_cat?post=719065"},{"taxonomy":"product_tag","embeddable":true,"href":"https:\/\/roveyayinevi.com.tr\/index.php\/wp-json\/wp\/v2\/product_tag?post=719065"}],"curies":[{"name":"wp","href":"https:\/\/api.w.org\/{rel}","templated":true}]}}