{"id":719063,"date":"2025-08-27T18:17:18","date_gmt":"2025-08-27T15:17:18","guid":{"rendered":"https:\/\/roveyayinevi.com.tr\/index.php\/urun\/bizans-imparatorlugu-tarihi-3\/"},"modified":"2026-04-16T02:26:56","modified_gmt":"2026-04-15T23:26:56","slug":"bizans-imparatorlugu-tarihi-3","status":"publish","type":"product","link":"https:\/\/roveyayinevi.com.tr\/index.php\/urun\/bizans-imparatorlugu-tarihi-3\/","title":{"rendered":"Bizans \u0130mparatorlu\u011fu Tarihi"},"content":{"rendered":"<p>Bizans\u2019\u0131n tarihi, Megaral\u0131 Yunanlar\u0131n M\u00d6 7. yu\u0308zy\u0131lda Bosforos, yani \u0130stanbul Bo\u011faz\u0131\u2019n\u0131n gu\u0308ney giri\u015finde Byzantion ad\u0131n\u0131 verdikleri bir kent kurmas\u0131yla ba\u015flar. Yunan du\u0308nyas\u0131nda ticari ve stratejik bir merkez haline gelen kent, Roma d\u00f6neminde imparatorlu\u011fun Do\u011fu k\u0131sm\u0131n\u0131n idari merkezi olur. Daha sonra imparator Konstantin ba\u015fkenti Roma\u2019dan buraya ta\u015f\u0131r ve kente Konstantinopolis ad\u0131 verilir. Bat\u0131 Roma\u2019n\u0131n y\u0131k\u0131l\u0131\u015f\u0131ndan sonra Do\u011fu Roma \u0130mparatorlu\u011fu\u2019nu bir su\u0308re daha Romal\u0131 hanedanlar y\u00f6netir. MS 9. yu\u0308zy\u0131lda y\u00f6netim bir Yunan hanedana ge\u00e7er. \u0130\u015fte tarih\u00e7iler bu noktadan itibaren Bizans \u0130mparatorlu\u011fu\u2019ndan s\u00f6z etmeye ba\u015flarlar. Bizans, yu\u0308zy\u0131llarca hem h\u0131rsl\u0131 generallerin isyanlar\u0131yla i\u00e7eriden hem de Gotlar, Persler, Avarlar, Slavlar, Franklar ve Araplar gibi kavimlerin yo\u011fun sald\u0131r\u0131lar\u0131yla d\u0131\u015far\u0131dan y\u0131prat\u0131l\u0131r ve en sonunda 1453 y\u0131l\u0131nda Konstantinopolis\u2019in Tu\u0308rklerin eline ge\u00e7mesiyle tarihten silinir. Oxford \u00dcniversitesi tarih profes\u00f6ru\u0308 Charles Oman\u2019\u0131n say\u0131s\u0131z kaynak tarayarak bu\u0308yu\u0308k titizlikle haz\u0131rlad\u0131\u011f\u0131 Bizans \u0130mparatorlu\u011fu Tarihi en iyi Bizans Tarihi kitaplar\u0131ndan biridir. Su\u0308ru\u0308kleyici bir romandan farks\u0131z. Elinizden b\u0131rakamayacaks\u0131n\u0131z. <\/p>\n","protected":false},"excerpt":{"rendered":"<p>Bizans\u2019\u0131n tarihi, Megaral\u0131 Yunanlar\u0131n M\u00d6 7. yu\u0308zy\u0131lda Bosforos, yani \u0130stanbul Bo\u011faz\u0131\u2019n\u0131n gu\u0308ney giri\u015finde Byzantion ad\u0131n\u0131 verdikleri bir kent kurmas\u0131yla ba\u015flar. Yunan du\u0308nyas\u0131nda ticari ve stratejik bir<span class=\"excerpt-hellip\"> [\u2026]<\/span><\/p>\n","protected":false},"featured_media":0,"template":"","meta":{"_monsterinsights_skip_tracking":false,"_monsterinsights_sitenote_active":false,"_monsterinsights_sitenote_note":"","_monsterinsights_sitenote_category":0},"product_brand":[],"product_cat":[12370,12304],"product_tag":[],"class_list":{"0":"post-719063","1":"product","2":"type-product","3":"status-publish","5":"product_cat-arastirma-inceleme","6":"product_cat-tarih","7":"pa_cilt-ciltsiz","8":"pa_tur-kitap","9":"pa_yayinevi-say-yayinlari","10":"pa_yazar-charles-william-chadwick-oman","12":"first","13":"instock","14":"sale","15":"shipping-taxable","16":"purchasable","17":"product-type-simple"},"_links":{"self":[{"href":"https:\/\/roveyayinevi.com.tr\/index.php\/wp-json\/wp\/v2\/product\/719063","targetHints":{"allow":["GET"]}}],"collection":[{"href":"https:\/\/roveyayinevi.com.tr\/index.php\/wp-json\/wp\/v2\/product"}],"about":[{"href":"https:\/\/roveyayinevi.com.tr\/index.php\/wp-json\/wp\/v2\/types\/product"}],"wp:attachment":[{"href":"https:\/\/roveyayinevi.com.tr\/index.php\/wp-json\/wp\/v2\/media?parent=719063"}],"wp:term":[{"taxonomy":"product_brand","embeddable":true,"href":"https:\/\/roveyayinevi.com.tr\/index.php\/wp-json\/wp\/v2\/product_brand?post=719063"},{"taxonomy":"product_cat","embeddable":true,"href":"https:\/\/roveyayinevi.com.tr\/index.php\/wp-json\/wp\/v2\/product_cat?post=719063"},{"taxonomy":"product_tag","embeddable":true,"href":"https:\/\/roveyayinevi.com.tr\/index.php\/wp-json\/wp\/v2\/product_tag?post=719063"}],"curies":[{"name":"wp","href":"https:\/\/api.w.org\/{rel}","templated":true}]}}