{"id":719056,"date":"2025-08-27T18:17:13","date_gmt":"2025-08-27T15:17:13","guid":{"rendered":"https:\/\/roveyayinevi.com.tr\/index.php\/urun\/dunyanin-merkezine-yolculuk-8\/"},"modified":"2026-04-16T02:26:55","modified_gmt":"2026-04-15T23:26:55","slug":"dunyanin-merkezine-yolculuk-8","status":"publish","type":"product","link":"https:\/\/roveyayinevi.com.tr\/index.php\/urun\/dunyanin-merkezine-yolculuk-8\/","title":{"rendered":"D\u00fcnyan\u0131n Merkezine Yolculuk"},"content":{"rendered":"<p>Hamburg\u2019un eski mahallerinin birinde k\u00fc\u00e7\u00fck bir ev; masan\u0131n \u00fczerinde \u00e7\u00f6z\u00fclmeyi bekleyen \u015fifreli bir mesaj. Bir jeolog ve maden bilimci olan Profes\u00f6r Otto Liedenbrock bu \u015fifreli mesaj\u0131 az \u00f6nce, el yazmas\u0131 bir kitab\u0131 kar\u0131\u015ft\u0131r\u0131rken buldu. Bu k\u00fc\u00e7\u00fcc\u00fck k\u00e2\u011f\u0131da \u015fifrelenen not, Profes\u00f6r Liedenbrock i\u00e7in, d\u00fcnyan\u0131n merkezine do\u011fru \u00e7\u0131k\u0131lacak bir yolculu\u011fun ba\u015flang\u0131c\u0131 anlam\u0131na geliyor. Hatta ye\u011feni Axel\u2019\u0131n, \u201cMagmaya b\u00f6ylesine yakla\u015f\u0131nca erimez miyiz?\u201d itirazlar\u0131na bilime \u00e2\u015f\u0131k Profes\u00f6r\u00fcn yan\u0131t\u0131, \u201cRiski g\u00f6ze almayanlar, ba\u015far\u0131lara imza atamazlar\u201d olacak.Acaba \u00f6nce trenle Danimarka\u2019ya, sonra da \u0130zlanda\u2019n\u0131n ba\u015fkenti Reykjavik\u2019e giderek ba\u015flayacaklar\u0131 bu yolculu\u011fun sonunda d\u00fcnyan\u0131n merkezine ula\u015fabilecekler mi ve bu muazzam macera s\u0131ras\u0131nda ne gibi tehlikelerle y\u00fczle\u015fmeye mecbur kalacaklar?Bilimkurgu edebiyat\u0131n\u0131n en b\u00fcy\u00fck isimlerinden Jules Verne\u2019in (1828-1905) en \u00fcnl\u00fc romanlar\u0131ndan olan D\u00fcnyan\u0131n Merkezine Yolculuk, ilk kez 1864 y\u0131l\u0131nda yay\u0131mland\u0131. Hava ta\u015f\u0131tlar\u0131n\u0131n ve hatta denizalt\u0131lar\u0131n bile icat edilmesinden y\u0131llar \u00f6nce, denizlerin alt\u0131, g\u00f6ky\u00fcz\u00fc ve uzayla alakal\u0131 eserlere imza atan Jules Verne\u2019in yap\u0131tlar\u0131 150\u2019ye yak\u0131n dile \u00e7evrilmi\u015ftir.<\/p>\n","protected":false},"excerpt":{"rendered":"<p>Hamburg\u2019un eski mahallerinin birinde k\u00fc\u00e7\u00fck bir ev; masan\u0131n \u00fczerinde \u00e7\u00f6z\u00fclmeyi bekleyen \u015fifreli bir mesaj. Bir jeolog ve maden bilimci olan Profes\u00f6r Otto Liedenbrock bu \u015fifreli mesaj\u0131<span class=\"excerpt-hellip\"> [\u2026]<\/span><\/p>\n","protected":false},"featured_media":0,"template":"","meta":{"_monsterinsights_skip_tracking":false,"_monsterinsights_sitenote_active":false,"_monsterinsights_sitenote_note":"","_monsterinsights_sitenote_category":0},"product_brand":[],"product_cat":[12274,12467],"product_tag":[],"class_list":{"0":"post-719056","1":"product","2":"type-product","3":"status-publish","5":"product_cat-cocuk-ve-genclik-kitaplari","6":"product_cat-dunya-klasikleri","7":"pa_cilt-ciltsiz","8":"pa_tur-kitap","9":"pa_yayinevi-1001-cicek-kitaplar","10":"pa_yazar-jules-verne","12":"first","13":"instock","14":"sale","15":"shipping-taxable","16":"purchasable","17":"product-type-simple"},"_links":{"self":[{"href":"https:\/\/roveyayinevi.com.tr\/index.php\/wp-json\/wp\/v2\/product\/719056","targetHints":{"allow":["GET"]}}],"collection":[{"href":"https:\/\/roveyayinevi.com.tr\/index.php\/wp-json\/wp\/v2\/product"}],"about":[{"href":"https:\/\/roveyayinevi.com.tr\/index.php\/wp-json\/wp\/v2\/types\/product"}],"wp:attachment":[{"href":"https:\/\/roveyayinevi.com.tr\/index.php\/wp-json\/wp\/v2\/media?parent=719056"}],"wp:term":[{"taxonomy":"product_brand","embeddable":true,"href":"https:\/\/roveyayinevi.com.tr\/index.php\/wp-json\/wp\/v2\/product_brand?post=719056"},{"taxonomy":"product_cat","embeddable":true,"href":"https:\/\/roveyayinevi.com.tr\/index.php\/wp-json\/wp\/v2\/product_cat?post=719056"},{"taxonomy":"product_tag","embeddable":true,"href":"https:\/\/roveyayinevi.com.tr\/index.php\/wp-json\/wp\/v2\/product_tag?post=719056"}],"curies":[{"name":"wp","href":"https:\/\/api.w.org\/{rel}","templated":true}]}}