{"id":719037,"date":"2025-08-27T18:16:58","date_gmt":"2025-08-27T15:16:58","guid":{"rendered":"https:\/\/roveyayinevi.com.tr\/index.php\/urun\/dede-korkut-kitabi-turkistan-turkmen-sahra-nushasi\/"},"modified":"2026-04-16T02:26:55","modified_gmt":"2026-04-15T23:26:55","slug":"dede-korkut-kitabi-turkistan-turkmen-sahra-nushasi","status":"publish","type":"product","link":"https:\/\/roveyayinevi.com.tr\/index.php\/urun\/dede-korkut-kitabi-turkistan-turkmen-sahra-nushasi\/","title":{"rendered":"Dede Korkut Kitab\u0131 T\u00fcrkistan &#8211;  T\u00fcrkmen Sahra N\u00fcshas\u0131"},"content":{"rendered":"<p>Dedem der;Ay \u00f6te, y\u0131l dolana, zamaneler kopup gele;Da\u011f otlar\u0131 t\u00fckene, diken kala;Tatl\u0131 dirlik t\u00fckene, dava ile sava\u015f kala;As\u0131l beyler t\u00fckene, avam kala;Silintiler y\u0131k\u0131la, bir yerde oba ola;Derintiler y\u0131k\u0131la, bir yerde kentli ola;Bir kentte iki g\u00fch\u00e2 olsa, be\u015f dahice daru\u011fa ola;Onlar dahi birbirinin s\u00f6z\u00fcne bitmeyeler;Ortal\u0131kta bed nefs ile yalanc\u0131n\u0131n g\u00fcn\u00fc do\u011fa;O g\u00fcnleri g\u00f6rmemi\u015fim ben,Dedem g\u00f6rm\u00fc\u015f gibi s\u00f6ylerim;Yaz\u0131, k\u0131\u015f\u0131 bilinmez y\u0131llar ola;Kuvveti, g\u00fcc\u00fc bilinmez eller ola;Yaylaklar k\u0131\u015flak ola, k\u0131\u015flaklar yaylak ola;Tat evi ile T\u00fcrk evi bir araya kom\u015fu ola;A\u011fa\u00e7 \u00e7anak, ta\u015f \u00e7anak birbirine kar\u0131\u015f\u0131k ola.<\/p>\n","protected":false},"excerpt":{"rendered":"<p>Dedem der;Ay \u00f6te, y\u0131l dolana, zamaneler kopup gele;Da\u011f otlar\u0131 t\u00fckene, diken kala;Tatl\u0131 dirlik t\u00fckene, dava ile sava\u015f kala;As\u0131l beyler t\u00fckene, avam kala;Silintiler y\u0131k\u0131la, bir yerde oba<span class=\"excerpt-hellip\"> [\u2026]<\/span><\/p>\n","protected":false},"featured_media":0,"template":"","meta":{"_monsterinsights_skip_tracking":false,"_monsterinsights_sitenote_active":false,"_monsterinsights_sitenote_note":"","_monsterinsights_sitenote_category":0},"product_brand":[],"product_cat":[12291,13706],"product_tag":[],"class_list":{"0":"post-719037","1":"product","2":"type-product","3":"status-publish","5":"product_cat-edebiyat","6":"product_cat-efsane-destan-masal","7":"pa_cilt-ciltsiz","8":"pa_tur-kitap","9":"pa_yayinevi-otuken-nesriyat","10":"pa_yazar-metin-ekici","12":"first","13":"instock","14":"sale","15":"shipping-taxable","16":"purchasable","17":"product-type-simple"},"_links":{"self":[{"href":"https:\/\/roveyayinevi.com.tr\/index.php\/wp-json\/wp\/v2\/product\/719037","targetHints":{"allow":["GET"]}}],"collection":[{"href":"https:\/\/roveyayinevi.com.tr\/index.php\/wp-json\/wp\/v2\/product"}],"about":[{"href":"https:\/\/roveyayinevi.com.tr\/index.php\/wp-json\/wp\/v2\/types\/product"}],"wp:attachment":[{"href":"https:\/\/roveyayinevi.com.tr\/index.php\/wp-json\/wp\/v2\/media?parent=719037"}],"wp:term":[{"taxonomy":"product_brand","embeddable":true,"href":"https:\/\/roveyayinevi.com.tr\/index.php\/wp-json\/wp\/v2\/product_brand?post=719037"},{"taxonomy":"product_cat","embeddable":true,"href":"https:\/\/roveyayinevi.com.tr\/index.php\/wp-json\/wp\/v2\/product_cat?post=719037"},{"taxonomy":"product_tag","embeddable":true,"href":"https:\/\/roveyayinevi.com.tr\/index.php\/wp-json\/wp\/v2\/product_tag?post=719037"}],"curies":[{"name":"wp","href":"https:\/\/api.w.org\/{rel}","templated":true}]}}