{"id":719031,"date":"2025-08-27T18:16:53","date_gmt":"2025-08-27T15:16:53","guid":{"rendered":"https:\/\/roveyayinevi.com.tr\/index.php\/urun\/koralin\/"},"modified":"2026-04-16T02:26:55","modified_gmt":"2026-04-15T23:26:55","slug":"koralin","status":"publish","type":"product","link":"https:\/\/roveyayinevi.com.tr\/index.php\/urun\/koralin\/","title":{"rendered":"Koralin"},"content":{"rendered":"<p>Hugo En \u0130yi Novella \u00d6d\u00fcl\u00fcNebula En \u0130yi Novella \u00d6d\u00fcl\u00fcLocus En \u0130yi Gen\u00e7 Yeti\u015fkin Kitab\u0131 \u00d6d\u00fcl\u00fcBram Stoker En \u0130yi Gen\u00e7 Kitab\u0131 \u00d6d\u00fcl\u00fc\u201c\u00c7\u00fcnk\u00fc,\u201d dedi Koralin, \u201cbir \u015feyi korkmana ra\u011fmen yap\u0131yorsan, bu cesurcad\u0131r.\u201dKoralin ve ailesinin yeni evinin tuhaf bir havas\u0131 vard\u0131. Tuhafl\u0131\u011f\u0131n sebebi evi saran sis de\u011fildi. G\u00f6zlerini Koralin\u2019in \u00fczerinden ay\u0131rmayan kara kedi de. \u00c7ay yapraklar\u0131ndan fal bakan yeni kom\u015fular\u0131 Bayan Spink ve Bayan Forcible\u2019\u0131n da durumla bir ilgisi yoktu. Sebep di\u011fer evdi: Misafir odas\u0131ndaki eski kap\u0131dan ge\u00e7ilebilen ev.Bu evdeki d\u00fc\u011fme g\u00f6zl\u00fc, beyaz tenli di\u011fer annesi ve babas\u0131, Koralin\u2019in kendilerine kat\u0131lmas\u0131n\u0131 bekliyordu. Ve onlarla birlikte orada kalmas\u0131n\u0131. Sonsuza kadar\u2026Neil Gaiman\u2019\u0131n kaleminden \u00e7\u0131kan en t\u00fcyler \u00fcrpertici eser olan Koralin, ya\u015f s\u0131n\u0131r\u0131 tan\u0131mayan, Alice Harikalar Diyar\u0131nda ile kar\u015f\u0131la\u015ft\u0131r\u0131lacak kadar g\u00fc\u00e7l\u00fc ve e\u015fsiz bir kitap.<\/p>\n","protected":false},"excerpt":{"rendered":"<p>Hugo En \u0130yi Novella \u00d6d\u00fcl\u00fcNebula En \u0130yi Novella \u00d6d\u00fcl\u00fcLocus En \u0130yi Gen\u00e7 Yeti\u015fkin Kitab\u0131 \u00d6d\u00fcl\u00fcBram Stoker En \u0130yi Gen\u00e7 Kitab\u0131 \u00d6d\u00fcl\u00fc\u201c\u00c7\u00fcnk\u00fc,\u201d dedi Koralin, \u201cbir \u015feyi korkmana<span class=\"excerpt-hellip\"> [\u2026]<\/span><\/p>\n","protected":false},"featured_media":0,"template":"","meta":{"_monsterinsights_skip_tracking":false,"_monsterinsights_sitenote_active":false,"_monsterinsights_sitenote_note":"","_monsterinsights_sitenote_category":0},"product_brand":[],"product_cat":[12291,12711],"product_tag":[],"class_list":{"0":"post-719031","1":"product","2":"type-product","3":"status-publish","5":"product_cat-edebiyat","6":"product_cat-roman-oyku","7":"pa_cilt-ciltsiz","8":"pa_tur-kitap","9":"pa_yayinevi-ithaki-yayinlari","10":"pa_yazar-neil-gaiman","12":"first","13":"instock","14":"sale","15":"shipping-taxable","16":"purchasable","17":"product-type-simple"},"_links":{"self":[{"href":"https:\/\/roveyayinevi.com.tr\/index.php\/wp-json\/wp\/v2\/product\/719031","targetHints":{"allow":["GET"]}}],"collection":[{"href":"https:\/\/roveyayinevi.com.tr\/index.php\/wp-json\/wp\/v2\/product"}],"about":[{"href":"https:\/\/roveyayinevi.com.tr\/index.php\/wp-json\/wp\/v2\/types\/product"}],"wp:attachment":[{"href":"https:\/\/roveyayinevi.com.tr\/index.php\/wp-json\/wp\/v2\/media?parent=719031"}],"wp:term":[{"taxonomy":"product_brand","embeddable":true,"href":"https:\/\/roveyayinevi.com.tr\/index.php\/wp-json\/wp\/v2\/product_brand?post=719031"},{"taxonomy":"product_cat","embeddable":true,"href":"https:\/\/roveyayinevi.com.tr\/index.php\/wp-json\/wp\/v2\/product_cat?post=719031"},{"taxonomy":"product_tag","embeddable":true,"href":"https:\/\/roveyayinevi.com.tr\/index.php\/wp-json\/wp\/v2\/product_tag?post=719031"}],"curies":[{"name":"wp","href":"https:\/\/api.w.org\/{rel}","templated":true}]}}