{"id":719009,"date":"2025-08-27T18:16:32","date_gmt":"2025-08-27T15:16:32","guid":{"rendered":"https:\/\/roveyayinevi.com.tr\/index.php\/urun\/dort-sinav\/"},"modified":"2026-04-03T02:33:32","modified_gmt":"2026-04-02T23:33:32","slug":"dort-sinav","status":"publish","type":"product","link":"https:\/\/roveyayinevi.com.tr\/index.php\/urun\/dort-sinav\/","title":{"rendered":"D\u00f6rt S\u0131nav"},"content":{"rendered":"<p>Her deneyim bir s\u0131navd\u0131r. Ne iyi ne k\u00f6t\u00fc&#8230; Ne do\u011fru ne yanl\u0131\u015f&#8230; Sadece bir s\u0131nav&#8230; \u00dcstelik ne kazanmak var bu i\u015fte ne kaybetmek&#8230; \u00c7\u00fcnk\u00fc her s\u0131nav uyanmak i\u00e7indir. Ya uyan\u0131rs\u0131n bir g\u00fcn ya da \u00f6m\u00fcrl\u00fck bir uykudas\u0131nd\u0131r art\u0131k. D\u00f6rt ayr\u0131 yerden gelir Yaradan\u2019\u0131n \u201cUyan art\u0131k!\u201d sesi. Bollukla, cesaretle, ili\u015fkilerle ve sa\u011fl\u0131kla d\u00fcrter seni hayat. \u201cA\u00e7 art\u0131k g\u00f6zlerini!\u201d der Yaradan. \u201cHi\u00e7 mi g\u00f6rmek istemiyorsun \u00f6zenerek yaratt\u0131\u011f\u0131m \u015fu insan\u0131? Hi\u00e7 mi bilmek istemiyorsun, ruhuna \u00fcfledi\u011fim yetene\u011fi?\u201d Ba\u015fkalar\u0131nda aramay\u0131 b\u0131rak. Evrenden istemeye bir son ver. Kalbinin i\u00e7ine s\u0131\u011fd\u0131r\u0131lm\u0131\u015f sonsuz bir evrenle ya\u015f\u0131yorsun zaten do\u011fdu\u011fundan beri. Her g\u00fcn\u00fcn \u00f6tekine benzemeye ba\u015flam\u0131\u015f sonunda, yaz\u0131k de\u011fil mi? Oysa sadece uykudan uyan\u0131p ayakland\u0131\u011f\u0131nda a\u00e7\u0131l\u0131verecek b\u00fct\u00fcn kilitli kap\u0131lar. Anahtara ihtiyac\u0131n yok. Ama bir rehberin olsun istersen, bu kitap var art\u0131k yan\u0131nda. S\u0131nand\u0131\u011f\u0131n her deneyimin i\u00e7inde Yaradan\u2019dan bir s\u00f6z, bir \u00e7a\u011fr\u0131 ve bir davet gizli&#8230; Kazalar, kar\u015f\u0131la\u015fmalar, hastal\u0131klar, kavgalar, \u00e7at\u0131\u015fmalar, kay\u0131plar, kazan\u00e7lar, k\u0131rg\u0131nl\u0131klar, l\u00fctuflar, yaln\u0131zl\u0131klar, kalabal\u0131klar hep bir uyan\u0131\u015fa ayakland\u0131rmak i\u00e7in&#8230; Peki, hangi deneyimle, nereye davet ediyor hayat seni? Hangi s\u0131nav, neden gelip kesti \u00f6n\u00fcn\u00fc? Kendine kar\u015f\u0131 ne haks\u0131zl\u0131k ettin ki sa\u011fl\u0131\u011f\u0131n tehditk\u00e2r bir tav\u0131r tak\u0131nd\u0131? \u0130li\u015fkilerinde g\u00f6remedi\u011fin ne var ki, her defas\u0131nda kaybetme korkusuyla y\u00fczle\u015fip duruyorsun? <\/p>\n","protected":false},"excerpt":{"rendered":"<p>Her deneyim bir s\u0131navd\u0131r. Ne iyi ne k\u00f6t\u00fc&#8230; Ne do\u011fru ne yanl\u0131\u015f&#8230; Sadece bir s\u0131nav&#8230; \u00dcstelik ne kazanmak var bu i\u015fte ne kaybetmek&#8230; \u00c7\u00fcnk\u00fc her s\u0131nav<span class=\"excerpt-hellip\"> [\u2026]<\/span><\/p>\n","protected":false},"featured_media":0,"template":"","meta":{"_monsterinsights_skip_tracking":false,"_monsterinsights_sitenote_active":false,"_monsterinsights_sitenote_note":"","_monsterinsights_sitenote_category":0},"product_brand":[],"product_cat":[12364,12376],"product_tag":[],"class_list":{"0":"post-719009","1":"product","2":"type-product","3":"status-publish","5":"product_cat-genel-konular","6":"product_cat-kisisel-gelisim","7":"pa_cilt-ciltsiz","8":"pa_tur-kitap","9":"pa_yayinevi-destek-yayinlari","10":"pa_yazar-bulent-gardiyanoglu","12":"first","13":"instock","14":"sale","15":"shipping-taxable","16":"purchasable","17":"product-type-simple"},"_links":{"self":[{"href":"https:\/\/roveyayinevi.com.tr\/index.php\/wp-json\/wp\/v2\/product\/719009","targetHints":{"allow":["GET"]}}],"collection":[{"href":"https:\/\/roveyayinevi.com.tr\/index.php\/wp-json\/wp\/v2\/product"}],"about":[{"href":"https:\/\/roveyayinevi.com.tr\/index.php\/wp-json\/wp\/v2\/types\/product"}],"wp:attachment":[{"href":"https:\/\/roveyayinevi.com.tr\/index.php\/wp-json\/wp\/v2\/media?parent=719009"}],"wp:term":[{"taxonomy":"product_brand","embeddable":true,"href":"https:\/\/roveyayinevi.com.tr\/index.php\/wp-json\/wp\/v2\/product_brand?post=719009"},{"taxonomy":"product_cat","embeddable":true,"href":"https:\/\/roveyayinevi.com.tr\/index.php\/wp-json\/wp\/v2\/product_cat?post=719009"},{"taxonomy":"product_tag","embeddable":true,"href":"https:\/\/roveyayinevi.com.tr\/index.php\/wp-json\/wp\/v2\/product_tag?post=719009"}],"curies":[{"name":"wp","href":"https:\/\/api.w.org\/{rel}","templated":true}]}}