{"id":718993,"date":"2025-08-27T18:16:19","date_gmt":"2025-08-27T15:16:19","guid":{"rendered":"https:\/\/roveyayinevi.com.tr\/index.php\/urun\/hayatim-bir-tasralinin-hikayesi\/"},"modified":"2026-04-16T02:26:54","modified_gmt":"2026-04-15T23:26:54","slug":"hayatim-bir-tasralinin-hikayesi","status":"publish","type":"product","link":"https:\/\/roveyayinevi.com.tr\/index.php\/urun\/hayatim-bir-tasralinin-hikayesi\/","title":{"rendered":"Hayat\u0131m Bir Ta\u015fral\u0131n\u0131n Hikayesi"},"content":{"rendered":"<p>\u00c7ehov Hayat\u0131m\u2019da ait oldu\u011fu soylu s\u0131n\u0131ftan ve al\u0131\u015f\u0131lm\u0131\u015f u\u011fra\u015flar\u0131ndan g\u0131na getirip i\u015f\u00e7i s\u0131n\u0131f\u0131na kar\u0131\u015fmay\u0131 se\u00e7en gen\u00e7 bir adam\u0131n hik\u00e2yesini anlat\u0131r. \u201cSermayenin ve e\u011fitimin sa\u011flad\u0131\u011f\u0131 ayr\u0131cal\u0131klar\u0131\u201d reddeden Misail Poloznev, r\u0131zk\u0131n\u0131 bedensel emek sarf ederek \u00e7\u0131karmaya karar verir. Onun bu \u201cdevrimci\u201d hareketi toplumun b\u00fct\u00fcn kesimleri taraf\u0131ndan tepkiyle kar\u015f\u0131lan\u0131r. Hatta yerle\u015fik d\u00fczeni sarsan bu c\u00fcretk\u00e2r ad\u0131m kar\u015f\u0131s\u0131nda en d\u00fc\u015f\u00fck mevkideki i\u015f\u00e7i bile kendini tehdit alt\u0131nda hissetmektedir. Misail\u2019in evlenip birlikte bir k\u00f6ye yerle\u015fti\u011fi, \u00fcst tabakadan gelen Ma\u015fa da toplumsal sorumluluk ve di\u011ferk\u00e2ml\u0131ktan uzak bir tav\u0131rla, fikirlere ve moda d\u00fc\u015f\u00fcnce ak\u0131mlar\u0131na k\u0131sa s\u00fcrelerle hayat\u0131n\u0131 renklendirmek i\u00e7in ba\u011flanmaktad\u0131r. Yazar ana karakterinin evlili\u011findeki \u00e7at\u0131\u015fmay\u0131 toplumsal gerilimlerle i\u00e7 i\u00e7e ge\u00e7irir. Kendi hayat\u0131ndan ve Taganrog\u2019da ge\u00e7en \u00e7ocuklu\u011fundan izler ta\u015f\u0131yan bu eserinde \u00c7ehov, Rus toplumunun b\u00fct\u00fcn s\u0131n\u0131flar\u0131n\u0131n yozla\u015fma ve ikiy\u00fczl\u00fcl\u00fc\u011f\u00fcne y\u00f6nelik belki de en sert ele\u015ftirisini y\u00f6neltmi\u015ftir. <\/p>\n","protected":false},"excerpt":{"rendered":"<p>\u00c7ehov Hayat\u0131m\u2019da ait oldu\u011fu soylu s\u0131n\u0131ftan ve al\u0131\u015f\u0131lm\u0131\u015f u\u011fra\u015flar\u0131ndan g\u0131na getirip i\u015f\u00e7i s\u0131n\u0131f\u0131na kar\u0131\u015fmay\u0131 se\u00e7en gen\u00e7 bir adam\u0131n hik\u00e2yesini anlat\u0131r. \u201cSermayenin ve e\u011fitimin sa\u011flad\u0131\u011f\u0131 ayr\u0131cal\u0131klar\u0131\u201d reddeden<span class=\"excerpt-hellip\"> [\u2026]<\/span><\/p>\n","protected":false},"featured_media":0,"template":"","meta":{"_monsterinsights_skip_tracking":false,"_monsterinsights_sitenote_active":false,"_monsterinsights_sitenote_note":"","_monsterinsights_sitenote_category":0},"product_brand":[],"product_cat":[12291,13570],"product_tag":[],"class_list":{"0":"post-718993","1":"product","2":"type-product","3":"status-publish","5":"product_cat-edebiyat","6":"product_cat-rus-edebiyati","7":"pa_cilt-ciltsiz","8":"pa_tur-kitap","9":"pa_yayinevi-is-bankasi-kultur-yayinlari","10":"pa_yazar-anton-cehov","12":"first","13":"instock","14":"sale","15":"shipping-taxable","16":"purchasable","17":"product-type-simple"},"_links":{"self":[{"href":"https:\/\/roveyayinevi.com.tr\/index.php\/wp-json\/wp\/v2\/product\/718993","targetHints":{"allow":["GET"]}}],"collection":[{"href":"https:\/\/roveyayinevi.com.tr\/index.php\/wp-json\/wp\/v2\/product"}],"about":[{"href":"https:\/\/roveyayinevi.com.tr\/index.php\/wp-json\/wp\/v2\/types\/product"}],"wp:attachment":[{"href":"https:\/\/roveyayinevi.com.tr\/index.php\/wp-json\/wp\/v2\/media?parent=718993"}],"wp:term":[{"taxonomy":"product_brand","embeddable":true,"href":"https:\/\/roveyayinevi.com.tr\/index.php\/wp-json\/wp\/v2\/product_brand?post=718993"},{"taxonomy":"product_cat","embeddable":true,"href":"https:\/\/roveyayinevi.com.tr\/index.php\/wp-json\/wp\/v2\/product_cat?post=718993"},{"taxonomy":"product_tag","embeddable":true,"href":"https:\/\/roveyayinevi.com.tr\/index.php\/wp-json\/wp\/v2\/product_tag?post=718993"}],"curies":[{"name":"wp","href":"https:\/\/api.w.org\/{rel}","templated":true}]}}