{"id":718991,"date":"2025-08-27T18:16:17","date_gmt":"2025-08-27T15:16:17","guid":{"rendered":"https:\/\/roveyayinevi.com.tr\/index.php\/urun\/huznun-kisa-tarihi\/"},"modified":"2026-04-16T02:26:54","modified_gmt":"2026-04-15T23:26:54","slug":"huznun-kisa-tarihi","status":"publish","type":"product","link":"https:\/\/roveyayinevi.com.tr\/index.php\/urun\/huznun-kisa-tarihi\/","title":{"rendered":"H\u00fczn\u00fcn K\u0131sa Tarihi"},"content":{"rendered":"<p>Kalbim Ege\u2019de Kald\u0131, Dert Fasl\u0131, Ho\u015f Geldin H\u00fcz\u00fcn, Rakkas, Davet, Son Sardunyalar, Yaras\u0131 Sakl\u0131m, A\u015fklar\u0131 da Vururlar, Avare&#8230; Sezen Aksu\u2019yla birlikte imza att\u0131\u011f\u0131 \u015fark\u0131 s\u00f6zleriyle haf\u0131zam\u0131zda ve kalbimizde derin bir izi var Yelda Karata\u015f\u2019\u0131n. \u201cYelda Karata\u015f, y\u0131llard\u0131r ince bir s\u0131z\u0131n\u0131n \u015fiirini yaz\u0131yor. Keder, isyan, k\u0131rg\u0131nl\u0131k, \u00f6fke&#8230; Bu \u015fiir hayattan kopamaman\u0131n \u015fiiri. T\u00fcm \u00f6l\u00fcmlere ra\u011fmen. Duygular\u0131yla ya\u015fayanlar bu s\u00f6zleri mutlaka bilmeli. A\u011f\u0131r bedeller \u00f6demeden sahici bir edebiyat yap\u0131lmaz ki zaten.\u201dMario Levi <\/p>\n","protected":false},"excerpt":{"rendered":"<p>Kalbim Ege\u2019de Kald\u0131, Dert Fasl\u0131, Ho\u015f Geldin H\u00fcz\u00fcn, Rakkas, Davet, Son Sardunyalar, Yaras\u0131 Sakl\u0131m, A\u015fklar\u0131 da Vururlar, Avare&#8230; Sezen Aksu\u2019yla birlikte imza att\u0131\u011f\u0131 \u015fark\u0131 s\u00f6zleriyle haf\u0131zam\u0131zda<span class=\"excerpt-hellip\"> [\u2026]<\/span><\/p>\n","protected":false},"featured_media":0,"template":"","meta":{"_monsterinsights_skip_tracking":false,"_monsterinsights_sitenote_active":false,"_monsterinsights_sitenote_note":"","_monsterinsights_sitenote_category":0},"product_brand":[],"product_cat":[12291,12509],"product_tag":[],"class_list":{"0":"post-718991","1":"product","2":"type-product","3":"status-publish","5":"product_cat-edebiyat","6":"product_cat-siir","7":"pa_cilt-ciltsiz","8":"pa_tur-kitap","9":"pa_yayinevi-kara-karga-yayinlari","10":"pa_yazar-yelda-karatas","12":"first","13":"instock","14":"sale","15":"shipping-taxable","16":"purchasable","17":"product-type-simple"},"_links":{"self":[{"href":"https:\/\/roveyayinevi.com.tr\/index.php\/wp-json\/wp\/v2\/product\/718991","targetHints":{"allow":["GET"]}}],"collection":[{"href":"https:\/\/roveyayinevi.com.tr\/index.php\/wp-json\/wp\/v2\/product"}],"about":[{"href":"https:\/\/roveyayinevi.com.tr\/index.php\/wp-json\/wp\/v2\/types\/product"}],"wp:attachment":[{"href":"https:\/\/roveyayinevi.com.tr\/index.php\/wp-json\/wp\/v2\/media?parent=718991"}],"wp:term":[{"taxonomy":"product_brand","embeddable":true,"href":"https:\/\/roveyayinevi.com.tr\/index.php\/wp-json\/wp\/v2\/product_brand?post=718991"},{"taxonomy":"product_cat","embeddable":true,"href":"https:\/\/roveyayinevi.com.tr\/index.php\/wp-json\/wp\/v2\/product_cat?post=718991"},{"taxonomy":"product_tag","embeddable":true,"href":"https:\/\/roveyayinevi.com.tr\/index.php\/wp-json\/wp\/v2\/product_tag?post=718991"}],"curies":[{"name":"wp","href":"https:\/\/api.w.org\/{rel}","templated":true}]}}