{"id":718990,"date":"2025-08-27T18:16:17","date_gmt":"2025-08-27T15:16:17","guid":{"rendered":"https:\/\/roveyayinevi.com.tr\/index.php\/urun\/suuri-divani-suuri-hasan-efendi\/"},"modified":"2026-04-16T02:26:54","modified_gmt":"2026-04-15T23:26:54","slug":"suuri-divani-suuri-hasan-efendi","status":"publish","type":"product","link":"https:\/\/roveyayinevi.com.tr\/index.php\/urun\/suuri-divani-suuri-hasan-efendi\/","title":{"rendered":"\u015eu&#8217;uri Divan\u0131 &#8211; \u015eu&#8217;uri Hasan Efendi"},"content":{"rendered":"<p>17. yy Eski T\u00fcrk Edebiyat\u0131 gelene\u011fi i\u00e7in zirve olmu\u015f \u00e7a\u011flardan birisidir. B\u00fcnyesinde bir\u00e7ok me\u015fhur \u015fairi bar\u0131nd\u0131ran bu \u00e7a\u011fda Divan\u2019\u0131n\u0131 inceledi\u011fimiz hekim-\u015fair \u015eu\u02bb\u00fbr\u00ee Hasan Efendi de yer almaktad\u0131r. Divan\u2019da \u00e7ok say\u0131da tarih manzumesi bulundu\u011fu g\u00f6r\u00fclmektedir. Ayr\u0131ca \u00e7a\u011fda\u015f\u0131 \u015fairlere ait gazellere yazd\u0131\u011f\u0131 musammatlar da eserin son b\u00f6l\u00fcm\u00fcnde yer almaktad\u0131r. Hekimli\u011fi ve bu y\u00f6ndeki eserleri daha \u00f6n planda olan \u015fairin genel divan tertibinden farkl\u0131 ve eksik olarak kar\u015f\u0131m\u0131za \u00e7\u0131kan eseri ile ilgili tespitlere yer verilmi\u015ftir. Hekim \u015eu\u02bf\u00fbr\u00ee\u2019nin hayat\u0131, sanat\u0131 ve di\u011fer eserleri ile ilgili de bilgilerin yer ald\u0131\u011f\u0131 \u00e7al\u0131\u015fmam\u0131zda Divan i\u00e7inde yer alan \u015fiirleri incelenmi\u015ftir<\/p>\n","protected":false},"excerpt":{"rendered":"<p>17. yy Eski T\u00fcrk Edebiyat\u0131 gelene\u011fi i\u00e7in zirve olmu\u015f \u00e7a\u011flardan birisidir. B\u00fcnyesinde bir\u00e7ok me\u015fhur \u015fairi bar\u0131nd\u0131ran bu \u00e7a\u011fda Divan\u2019\u0131n\u0131 inceledi\u011fimiz hekim-\u015fair \u015eu\u02bb\u00fbr\u00ee Hasan Efendi de yer<span class=\"excerpt-hellip\"> [\u2026]<\/span><\/p>\n","protected":false},"featured_media":0,"template":"","meta":{"_monsterinsights_skip_tracking":false,"_monsterinsights_sitenote_active":false,"_monsterinsights_sitenote_note":"","_monsterinsights_sitenote_category":0},"product_brand":[],"product_cat":[12718,12719],"product_tag":[],"class_list":{"0":"post-718990","1":"product","2":"type-product","3":"status-publish","5":"product_cat-din","6":"product_cat-islam","7":"pa_cilt-ciltsiz","8":"pa_tur-kitap","9":"pa_yayinevi-soncag-akademik-kitaplar","10":"pa_yazar-murat-guler","12":"first","13":"instock","14":"sale","15":"shipping-taxable","16":"purchasable","17":"product-type-simple"},"_links":{"self":[{"href":"https:\/\/roveyayinevi.com.tr\/index.php\/wp-json\/wp\/v2\/product\/718990","targetHints":{"allow":["GET"]}}],"collection":[{"href":"https:\/\/roveyayinevi.com.tr\/index.php\/wp-json\/wp\/v2\/product"}],"about":[{"href":"https:\/\/roveyayinevi.com.tr\/index.php\/wp-json\/wp\/v2\/types\/product"}],"wp:attachment":[{"href":"https:\/\/roveyayinevi.com.tr\/index.php\/wp-json\/wp\/v2\/media?parent=718990"}],"wp:term":[{"taxonomy":"product_brand","embeddable":true,"href":"https:\/\/roveyayinevi.com.tr\/index.php\/wp-json\/wp\/v2\/product_brand?post=718990"},{"taxonomy":"product_cat","embeddable":true,"href":"https:\/\/roveyayinevi.com.tr\/index.php\/wp-json\/wp\/v2\/product_cat?post=718990"},{"taxonomy":"product_tag","embeddable":true,"href":"https:\/\/roveyayinevi.com.tr\/index.php\/wp-json\/wp\/v2\/product_tag?post=718990"}],"curies":[{"name":"wp","href":"https:\/\/api.w.org\/{rel}","templated":true}]}}