{"id":718950,"date":"2025-08-27T18:15:46","date_gmt":"2025-08-27T15:15:46","guid":{"rendered":"https:\/\/roveyayinevi.com.tr\/index.php\/urun\/dogru-sorulari-sorsaydik-hayvanlar-neler-soylerdi\/"},"modified":"2026-04-16T02:26:53","modified_gmt":"2026-04-15T23:26:53","slug":"dogru-sorulari-sorsaydik-hayvanlar-neler-soylerdi","status":"publish","type":"product","link":"https:\/\/roveyayinevi.com.tr\/index.php\/urun\/dogru-sorulari-sorsaydik-hayvanlar-neler-soylerdi\/","title":{"rendered":"Do\u011fru Sorular\u0131 Sorsayd\u0131k  Hayvanlar Neler S\u00f6ylerdi?"},"content":{"rendered":"<p>Bilim felsefesi ve davran\u0131\u015fbilimi uzman\u0131 Vinciane Despret, Antik Yunan\u2019dan g\u00fcn\u00fcm\u00fcze filozoflar\u0131 ve biliminsanlar\u0131n\u0131 en \u00e7ok me\u015fgul eden sorular\u0131 ele alarak, bizi  insan ile hayvan aras\u0131ndaki s\u0131n\u0131rlar\u0131 yeniden d\u00fc\u015f\u00fcnmeye ve mevcut tahakk\u00fcm mekanizmalar\u0131n\u0131n kodlar\u0131n\u0131 anlamak i\u00e7in yeni ileti\u015fim a\u011flar\u0131 \u00f6rmeye davet ediyor. Despret, bilimsel konular\u0131 al\u0131\u015f\u0131lmad\u0131k bir mizahi \u00fcslupla ele ald\u0131\u011f\u0131 ger\u00e7ek hik\u00e2yelerde, bu d\u00fcnyada birlikte ya\u015fama dair farkl\u0131 olanaklar\u0131n etik ve politik zeminini sorguluyor. \u0130nsanmerkezcili\u011fin yerini e\u015fitlik\u00e7i bir biyomerkezcili\u011fin ald\u0131\u011f\u0131 bu yeni tart\u0131\u015fma hatt\u0131 \u00fczerinde insanlar\u0131 ve insan olmayanlar\u0131 bir arada tutan ve bug\u00fcn\u00fcn ger\u00e7ekli\u011fine dair politikalar \u00fcretme g\u00fcc\u00fcne sahip olmam\u0131z\u0131 sa\u011flayan da bu hik\u00e2yeler. Do\u011fru Sorular\u0131 Sorsayd\u0131k Hayvanlar Ne S\u00f6ylerdi? insan ile hayvan aras\u0131ndaki s\u0131n\u0131rlar\u0131 kald\u0131rarak, benimsedi\u011fimiz ileti\u015fim pratiklerine farkl\u0131 a\u00e7\u0131lardan bakmam\u0131z\u0131 sa\u011flayan bir ba\u015fvuru kitab\u0131 niteli\u011fi ta\u015f\u0131yor. <\/p>\n","protected":false},"excerpt":{"rendered":"<p>Bilim felsefesi ve davran\u0131\u015fbilimi uzman\u0131 Vinciane Despret, Antik Yunan\u2019dan g\u00fcn\u00fcm\u00fcze filozoflar\u0131 ve biliminsanlar\u0131n\u0131 en \u00e7ok me\u015fgul eden sorular\u0131 ele alarak, bizi insan ile hayvan aras\u0131ndaki s\u0131n\u0131rlar\u0131<span class=\"excerpt-hellip\"> [\u2026]<\/span><\/p>\n","protected":false},"featured_media":0,"template":"","meta":{"_monsterinsights_skip_tracking":false,"_monsterinsights_sitenote_active":false,"_monsterinsights_sitenote_note":"","_monsterinsights_sitenote_category":0},"product_brand":[],"product_cat":[12389,12388],"product_tag":[],"class_list":{"0":"post-718950","1":"product","2":"type-product","3":"status-publish","5":"product_cat-diger-felsefe","6":"product_cat-felsefe","7":"pa_cilt-ciltsiz","8":"pa_tur-kitap","9":"pa_yayinevi-tellekt","10":"pa_yazar-vinciane-despret","12":"first","13":"instock","14":"sale","15":"shipping-taxable","16":"purchasable","17":"product-type-simple"},"_links":{"self":[{"href":"https:\/\/roveyayinevi.com.tr\/index.php\/wp-json\/wp\/v2\/product\/718950","targetHints":{"allow":["GET"]}}],"collection":[{"href":"https:\/\/roveyayinevi.com.tr\/index.php\/wp-json\/wp\/v2\/product"}],"about":[{"href":"https:\/\/roveyayinevi.com.tr\/index.php\/wp-json\/wp\/v2\/types\/product"}],"wp:attachment":[{"href":"https:\/\/roveyayinevi.com.tr\/index.php\/wp-json\/wp\/v2\/media?parent=718950"}],"wp:term":[{"taxonomy":"product_brand","embeddable":true,"href":"https:\/\/roveyayinevi.com.tr\/index.php\/wp-json\/wp\/v2\/product_brand?post=718950"},{"taxonomy":"product_cat","embeddable":true,"href":"https:\/\/roveyayinevi.com.tr\/index.php\/wp-json\/wp\/v2\/product_cat?post=718950"},{"taxonomy":"product_tag","embeddable":true,"href":"https:\/\/roveyayinevi.com.tr\/index.php\/wp-json\/wp\/v2\/product_tag?post=718950"}],"curies":[{"name":"wp","href":"https:\/\/api.w.org\/{rel}","templated":true}]}}