{"id":718949,"date":"2025-08-27T18:15:45","date_gmt":"2025-08-27T15:15:45","guid":{"rendered":"https:\/\/roveyayinevi.com.tr\/index.php\/urun\/aldatmaca\/"},"modified":"2026-04-16T02:26:53","modified_gmt":"2026-04-15T23:26:53","slug":"aldatmaca","status":"publish","type":"product","link":"https:\/\/roveyayinevi.com.tr\/index.php\/urun\/aldatmaca\/","title":{"rendered":"Aldatmaca"},"content":{"rendered":"<p>\u201cKad\u0131nlar\u0131n sad\u0131k kalacaklar\u0131na bel ba\u011flamak insano\u011flunun \u015fimdiye kadar girdi\u011fi en b\u00fcy\u00fck kumard\u0131r.\u201d Namibya k\u0131rsallar\u0131nda kocalar\u0131 d\u0131\u015f\u0131ndaki adamlardan \u00e7ocuk yapan g\u00f6\u00e7ebelerle Los Angeles\u2019ta kad\u0131nlara mahsus bir seks kul\u00fcb\u00fcndeki m\u00fc\u015fterilerin ortak \u00f6zelli\u011fi nedir? Cinsel \u00e7e\u015fitlilik, yenilik ve heyecan aray\u0131\u015f\u0131\u2026 Eski Yunan trajedilerinde, TV dizilerinde, magazin dergilerinde ve pop \u015fark\u0131lar\u0131nda aldatan kad\u0131nlar hep tehlikeli ve ar\u0131zal\u0131 resmedilir. Ama hakikaten, kim bu kad\u0131nlar? Ve neden kad\u0131nlar\u0131n g\u00fc\u00e7lendi\u011fi bu \u00e7a\u011fda bile bu kadar sert yarg\u0131lan\u0131yorlar? Aldatmaca\u2019da feminist yazar ve k\u00fclt\u00fcr ele\u015ftirmeni Wednesday Martin bizi kad\u0131n sadakatsizli\u011fine yol a\u00e7an evrim miras\u0131m\u0131z\u0131 ve toplumsal ger\u00e7ekleri ortaya koyan cesur ve s\u00fcrprizlerle dolu bir yolculu\u011fa \u00e7\u0131kar\u0131rken, kad\u0131nlar\u0131 s\u0131n\u0131rlar dahilinde tutma \u00e7abas\u0131n\u0131n ard\u0131ndaki sebepleri de g\u00f6zler \u00f6n\u00fcne seriyor. Ara\u015ft\u0131rmac\u0131lar, antropologlar ve ya\u015fam\u0131n her alan\u0131ndan kad\u0131nlar\u0131n anlatt\u0131klar\u0131yla \u015fekillenen Aldatmaca, cinsellikle ilgili en derin varsay\u0131mlar\u0131m\u0131za meydan okuyor. <\/p>\n","protected":false},"excerpt":{"rendered":"<p>\u201cKad\u0131nlar\u0131n sad\u0131k kalacaklar\u0131na bel ba\u011flamak insano\u011flunun \u015fimdiye kadar girdi\u011fi en b\u00fcy\u00fck kumard\u0131r.\u201d Namibya k\u0131rsallar\u0131nda kocalar\u0131 d\u0131\u015f\u0131ndaki adamlardan \u00e7ocuk yapan g\u00f6\u00e7ebelerle Los Angeles\u2019ta kad\u0131nlara mahsus bir seks<span class=\"excerpt-hellip\"> [\u2026]<\/span><\/p>\n","protected":false},"featured_media":0,"template":"","meta":{"_monsterinsights_skip_tracking":false,"_monsterinsights_sitenote_active":false,"_monsterinsights_sitenote_note":"","_monsterinsights_sitenote_category":0},"product_brand":[],"product_cat":[26396,13488],"product_tag":[],"class_list":{"0":"post-718949","1":"product","2":"type-product","3":"status-publish","5":"product_cat-kadin-erkek-iliskileri","6":"product_cat-toplum-ve-insan","7":"pa_cilt-ciltsiz","8":"pa_tur-kitap","9":"pa_yayinevi-mundi","10":"pa_yazar-wednesday-martin","12":"first","13":"instock","14":"sale","15":"shipping-taxable","16":"purchasable","17":"product-type-simple"},"_links":{"self":[{"href":"https:\/\/roveyayinevi.com.tr\/index.php\/wp-json\/wp\/v2\/product\/718949","targetHints":{"allow":["GET"]}}],"collection":[{"href":"https:\/\/roveyayinevi.com.tr\/index.php\/wp-json\/wp\/v2\/product"}],"about":[{"href":"https:\/\/roveyayinevi.com.tr\/index.php\/wp-json\/wp\/v2\/types\/product"}],"wp:attachment":[{"href":"https:\/\/roveyayinevi.com.tr\/index.php\/wp-json\/wp\/v2\/media?parent=718949"}],"wp:term":[{"taxonomy":"product_brand","embeddable":true,"href":"https:\/\/roveyayinevi.com.tr\/index.php\/wp-json\/wp\/v2\/product_brand?post=718949"},{"taxonomy":"product_cat","embeddable":true,"href":"https:\/\/roveyayinevi.com.tr\/index.php\/wp-json\/wp\/v2\/product_cat?post=718949"},{"taxonomy":"product_tag","embeddable":true,"href":"https:\/\/roveyayinevi.com.tr\/index.php\/wp-json\/wp\/v2\/product_tag?post=718949"}],"curies":[{"name":"wp","href":"https:\/\/api.w.org\/{rel}","templated":true}]}}