{"id":718944,"date":"2025-08-27T18:15:42","date_gmt":"2025-08-27T15:15:42","guid":{"rendered":"https:\/\/roveyayinevi.com.tr\/index.php\/urun\/postaci\/"},"modified":"2026-04-16T02:26:53","modified_gmt":"2026-04-15T23:26:53","slug":"postaci","status":"publish","type":"product","link":"https:\/\/roveyayinevi.com.tr\/index.php\/urun\/postaci\/","title":{"rendered":"Postac\u0131"},"content":{"rendered":"<p>Locus En \u0130yi Bilimkurgu Roman\u0131 \u00d6d\u00fcl\u00fc Hugo En \u0130yi Roman \u00d6d\u00fcl\u00fc Aday\u0131 John W. Campbell En \u0130yi Bilimkurgu Roman\u0131 \u00d6d\u00fcl\u00fc &#8220;B\u00fcy\u00fck d\u00fc\u015flerin t\u00fcm\u00fc de yok olmu\u015fa benziyordu.B\u00fct\u00fcn iyi adamlar onlar\u0131 korurken \u00f6ld\u00fcler&#8221;Postac\u0131, alternatif bak\u0131\u015f a\u00e7\u0131lar\u0131n\u0131 benimsemede usta bir bilimkurgu yazar\u0131 olan David Brin\u2019in erken d\u00f6nem eserlerinden biri ve bir bak\u0131ma d\u00f6neminin kasvetli gelecek d\u00fc\u015f\u00fcncelerine cevab\u0131. Kendi s\u00f6zleriyle, \u201c\u2026ne kadar \u00e7ok \u015feyi fazlaca \u00f6nemsemeden varsayd\u0131\u011f\u0131m\u0131z\u0131n, bug\u00fcn bizi birbirimize ba\u011flayan o k\u00fc\u00e7\u00fck l\u00fctuflar\u0131n eksikli\u011fini ne kadar \u00e7ok \u00e7ekece\u011fimizin hik\u00e2yesidir.\u201d   Baz\u0131 yalanlar, ger\u00e7e\u011fe d\u00f6n\u00fc\u015fmeye ya da onu kendilerince de\u011fi\u015ftirmeye e\u011filimlidir. \u0130yi bir kurgu, hakk\u0131 verilmi\u015f bir rol ger\u00e7e\u011fe bask\u0131n \u00e7\u0131kma potansiyeli bar\u0131nd\u0131r\u0131r. K\u0131yametsava\u015f\u0131 ertesinde umut, i\u015fte bu t\u00fcr yalanlardan biriydi. Uygarl\u0131\u011f\u0131m\u0131z her an \u00e7\u00f6kebilir. H\u00fck\u00fcmet, ordu da\u011f\u0131labilir. \u00d6yle ki sanayi d\u00fcnyas\u0131 tek bir makinenin dahi \u00e7al\u0131\u015fmad\u0131\u011f\u0131, giderek yabanile\u015fen insanlar\u0131n yal\u0131t\u0131lm\u0131\u015f kasabalarda t\u0131k\u0131l\u0131p kald\u0131\u011f\u0131 ve k\u0131talar\u0131n boylu boyunca kanunsuz topraklar halinde uzand\u0131\u011f\u0131 bir cehenneme d\u00f6n\u00fc\u015febilir. Ama umut; ba\u015ftan ba\u015flaman\u0131n, ar\u0131nman\u0131n umudu b\u00fct\u00fcn n\u00fckleer sava\u015flardan, toplu y\u0131k\u0131mdan ve yal\u0131t\u0131lm\u0131\u015fl\u0131ktan sa\u011f \u00e7\u0131kmaya muktedir. <\/p>\n","protected":false},"excerpt":{"rendered":"<p>Locus En \u0130yi Bilimkurgu Roman\u0131 \u00d6d\u00fcl\u00fc Hugo En \u0130yi Roman \u00d6d\u00fcl\u00fc Aday\u0131 John W. Campbell En \u0130yi Bilimkurgu Roman\u0131 \u00d6d\u00fcl\u00fc &#8220;B\u00fcy\u00fck d\u00fc\u015flerin t\u00fcm\u00fc de yok olmu\u015fa<span class=\"excerpt-hellip\"> [\u2026]<\/span><\/p>\n","protected":false},"featured_media":0,"template":"","meta":{"_monsterinsights_skip_tracking":false,"_monsterinsights_sitenote_active":false,"_monsterinsights_sitenote_note":"","_monsterinsights_sitenote_category":0},"product_brand":[],"product_cat":[12540,12291],"product_tag":[],"class_list":{"0":"post-718944","1":"product","2":"type-product","3":"status-publish","5":"product_cat-bilim-kurgu","6":"product_cat-edebiyat","7":"pa_cilt-ciltsiz","8":"pa_tur-kitap","9":"pa_yayinevi-ithaki-yayinlari","10":"pa_yazar-david-brin","12":"first","13":"instock","14":"sale","15":"shipping-taxable","16":"purchasable","17":"product-type-simple"},"_links":{"self":[{"href":"https:\/\/roveyayinevi.com.tr\/index.php\/wp-json\/wp\/v2\/product\/718944","targetHints":{"allow":["GET"]}}],"collection":[{"href":"https:\/\/roveyayinevi.com.tr\/index.php\/wp-json\/wp\/v2\/product"}],"about":[{"href":"https:\/\/roveyayinevi.com.tr\/index.php\/wp-json\/wp\/v2\/types\/product"}],"wp:attachment":[{"href":"https:\/\/roveyayinevi.com.tr\/index.php\/wp-json\/wp\/v2\/media?parent=718944"}],"wp:term":[{"taxonomy":"product_brand","embeddable":true,"href":"https:\/\/roveyayinevi.com.tr\/index.php\/wp-json\/wp\/v2\/product_brand?post=718944"},{"taxonomy":"product_cat","embeddable":true,"href":"https:\/\/roveyayinevi.com.tr\/index.php\/wp-json\/wp\/v2\/product_cat?post=718944"},{"taxonomy":"product_tag","embeddable":true,"href":"https:\/\/roveyayinevi.com.tr\/index.php\/wp-json\/wp\/v2\/product_tag?post=718944"}],"curies":[{"name":"wp","href":"https:\/\/api.w.org\/{rel}","templated":true}]}}