{"id":718927,"date":"2025-08-27T18:15:29","date_gmt":"2025-08-27T15:15:29","guid":{"rendered":"https:\/\/roveyayinevi.com.tr\/index.php\/urun\/ummi-siirler\/"},"modified":"2026-03-12T02:35:53","modified_gmt":"2026-03-11T23:35:53","slug":"ummi-siirler","status":"publish","type":"product","link":"https:\/\/roveyayinevi.com.tr\/index.php\/urun\/ummi-siirler\/","title":{"rendered":"\u00dcmmi \u015eiirler"},"content":{"rendered":"<p>S\u00f6yleBana hasretin t\u00fcrk\u00fcs\u00fcn\u00fc s\u00f6yle\u0130\u00e7inde Da\u011flar\u0131m olsunBana hasretin t\u00fcrk\u00fcs\u00fcn\u00fc s\u00f6yleArd\u0131nda Tepelerim olsunBana hasretin t\u00fcrk\u00fcs\u00fcn\u00fc s\u00f6yleUcundailk yarim olsunBana hasretin t\u00fcrk\u00fcs\u00fcn\u00fc s\u00f6yleT\u00fcrk\u00fcnde de\u0130\u00e7inde deArd\u0131nda daUcunda daTertemiz sevgimiz olsun<\/p>\n","protected":false},"excerpt":{"rendered":"<p>S\u00f6yleBana hasretin t\u00fcrk\u00fcs\u00fcn\u00fc s\u00f6yle\u0130\u00e7inde Da\u011flar\u0131m olsunBana hasretin t\u00fcrk\u00fcs\u00fcn\u00fc s\u00f6yleArd\u0131nda Tepelerim olsunBana hasretin t\u00fcrk\u00fcs\u00fcn\u00fc s\u00f6yleUcundailk yarim olsunBana hasretin t\u00fcrk\u00fcs\u00fcn\u00fc s\u00f6yleT\u00fcrk\u00fcnde de\u0130\u00e7inde deArd\u0131nda daUcunda daTertemiz sevgimiz olsun<\/p>\n","protected":false},"featured_media":0,"template":"","meta":{"_monsterinsights_skip_tracking":false,"_monsterinsights_sitenote_active":false,"_monsterinsights_sitenote_note":"","_monsterinsights_sitenote_category":0},"product_brand":[],"product_cat":[12291,12509],"product_tag":[],"class_list":{"0":"post-718927","1":"product","2":"type-product","3":"status-publish","5":"product_cat-edebiyat","6":"product_cat-siir","7":"pa_cilt-ciltsiz","8":"pa_tur-kitap","9":"pa_yayinevi-kirmizi-cati-yayinlari","10":"pa_yazar-mahmut-karadag","12":"first","13":"instock","14":"sale","15":"shipping-taxable","16":"purchasable","17":"product-type-simple"},"_links":{"self":[{"href":"https:\/\/roveyayinevi.com.tr\/index.php\/wp-json\/wp\/v2\/product\/718927","targetHints":{"allow":["GET"]}}],"collection":[{"href":"https:\/\/roveyayinevi.com.tr\/index.php\/wp-json\/wp\/v2\/product"}],"about":[{"href":"https:\/\/roveyayinevi.com.tr\/index.php\/wp-json\/wp\/v2\/types\/product"}],"wp:attachment":[{"href":"https:\/\/roveyayinevi.com.tr\/index.php\/wp-json\/wp\/v2\/media?parent=718927"}],"wp:term":[{"taxonomy":"product_brand","embeddable":true,"href":"https:\/\/roveyayinevi.com.tr\/index.php\/wp-json\/wp\/v2\/product_brand?post=718927"},{"taxonomy":"product_cat","embeddable":true,"href":"https:\/\/roveyayinevi.com.tr\/index.php\/wp-json\/wp\/v2\/product_cat?post=718927"},{"taxonomy":"product_tag","embeddable":true,"href":"https:\/\/roveyayinevi.com.tr\/index.php\/wp-json\/wp\/v2\/product_tag?post=718927"}],"curies":[{"name":"wp","href":"https:\/\/api.w.org\/{rel}","templated":true}]}}