{"id":718917,"date":"2025-08-27T18:15:22","date_gmt":"2025-08-27T15:15:22","guid":{"rendered":"https:\/\/roveyayinevi.com.tr\/index.php\/urun\/baharda-olmek\/"},"modified":"2026-04-16T02:26:52","modified_gmt":"2026-04-15T23:26:52","slug":"baharda-olmek","status":"publish","type":"product","link":"https:\/\/roveyayinevi.com.tr\/index.php\/urun\/baharda-olmek\/","title":{"rendered":"Baharda \u00d6lmek"},"content":{"rendered":"<p>G\u00fcn\u00fcm\u00fcz Alman edebiyat\u0131n\u0131n en ba\u015far\u0131l\u0131 yazarlar\u0131ndan olan Rothmann, yeni say\u0131lmayacak trajik bir hik\u00e2yeyi, sava\u015f\u0131n do\u011faya ve \u00e7evreye verdi\u011fi zarar, travman\u0131n ku\u015faklararas\u0131 iletimi gibi, o d\u00f6nemi bizzat ya\u015fam\u0131\u015f Grass ku\u015fa\u011f\u0131 yazarlar\u0131nda g\u00f6rmedi\u011fimiz yepyeni bak\u0131\u015f a\u00e7\u0131lar\u0131yla zenginle\u015ftirerek ustal\u0131kla anlat\u0131yor. Bir \u00e7iftlikte s\u00fct sa\u011f\u0131c\u0131l\u0131\u011f\u0131 yapan iki gen\u00e7, Walter ve Friedrich \u0130kinci D\u00fcnya Sava\u015f\u0131\u2019n\u0131n son g\u00fcnlerinde, zorla askere al\u0131n\u0131rlar. Alman Ordusu bozguna u\u011fram\u0131\u015f ama teslim olmamakta direnmektedir. Cephe gerisinde g\u00f6rev yapan Walter, bombalanan \u015fehirlere, sivillerin \u00e7aresizlikten t\u00fckeni\u015fine, fiziksel ve ruhsal olarak \u00e7\u00f6km\u00fc\u015f askerlerin iyice z\u0131vanadan \u00e7\u0131k\u0131\u015f\u0131na tan\u0131kl\u0131k edecek ve bar\u0131\u015f\u0131 g\u00f6rebilecek, ama suskunlu\u011fuyla ku\u015fatt\u0131\u011f\u0131 sava\u015f travmas\u0131 onu hayat boyu hi\u00e7 b\u0131rakmayacakt\u0131r. Bir keresinde ona r\u00fcyalar\u0131mdan bahsetti\u011fimde, bana v\u00fccudumuzdaki h\u00fccrelerin bir haf\u0131zas\u0131 oldu\u011funu s\u00f6ylemi\u015fti, sperm ve yumurta h\u00fccrelerinin de var, dolay\u0131s\u0131yla bu kal\u0131tsal bir \u015fey. Ruhsal ya da fiziksel olarak yaralanman, gelecek ku\u015faklar\u0131 etkiliyor. Yani sana isabet eden hastal\u0131klar, yumruklar ya da kur\u015funlar, do\u011fmam\u0131\u015f \u00e7ocuklar\u0131n\u0131 da yaral\u0131yor. <\/p>\n","protected":false},"excerpt":{"rendered":"<p>G\u00fcn\u00fcm\u00fcz Alman edebiyat\u0131n\u0131n en ba\u015far\u0131l\u0131 yazarlar\u0131ndan olan Rothmann, yeni say\u0131lmayacak trajik bir hik\u00e2yeyi, sava\u015f\u0131n do\u011faya ve \u00e7evreye verdi\u011fi zarar, travman\u0131n ku\u015faklararas\u0131 iletimi gibi, o d\u00f6nemi bizzat<span class=\"excerpt-hellip\"> [\u2026]<\/span><\/p>\n","protected":false},"featured_media":0,"template":"","meta":{"_monsterinsights_skip_tracking":false,"_monsterinsights_sitenote_active":false,"_monsterinsights_sitenote_note":"","_monsterinsights_sitenote_category":0},"product_brand":[],"product_cat":[12291,12711],"product_tag":[],"class_list":{"0":"post-718917","1":"product","2":"type-product","3":"status-publish","5":"product_cat-edebiyat","6":"product_cat-roman-oyku","7":"pa_cilt-ciltsiz","8":"pa_tur-kitap","9":"pa_yayinevi-yapi-kredi-yayinlari","10":"pa_yazar-ralf-rothmann","12":"first","13":"instock","14":"sale","15":"shipping-taxable","16":"purchasable","17":"product-type-simple"},"_links":{"self":[{"href":"https:\/\/roveyayinevi.com.tr\/index.php\/wp-json\/wp\/v2\/product\/718917","targetHints":{"allow":["GET"]}}],"collection":[{"href":"https:\/\/roveyayinevi.com.tr\/index.php\/wp-json\/wp\/v2\/product"}],"about":[{"href":"https:\/\/roveyayinevi.com.tr\/index.php\/wp-json\/wp\/v2\/types\/product"}],"wp:attachment":[{"href":"https:\/\/roveyayinevi.com.tr\/index.php\/wp-json\/wp\/v2\/media?parent=718917"}],"wp:term":[{"taxonomy":"product_brand","embeddable":true,"href":"https:\/\/roveyayinevi.com.tr\/index.php\/wp-json\/wp\/v2\/product_brand?post=718917"},{"taxonomy":"product_cat","embeddable":true,"href":"https:\/\/roveyayinevi.com.tr\/index.php\/wp-json\/wp\/v2\/product_cat?post=718917"},{"taxonomy":"product_tag","embeddable":true,"href":"https:\/\/roveyayinevi.com.tr\/index.php\/wp-json\/wp\/v2\/product_tag?post=718917"}],"curies":[{"name":"wp","href":"https:\/\/api.w.org\/{rel}","templated":true}]}}