{"id":718914,"date":"2025-08-27T18:15:19","date_gmt":"2025-08-27T15:15:19","guid":{"rendered":"https:\/\/roveyayinevi.com.tr\/index.php\/urun\/yuzunden-yollar-cikardim\/"},"modified":"2026-04-16T02:26:52","modified_gmt":"2026-04-15T23:26:52","slug":"yuzunden-yollar-cikardim","status":"publish","type":"product","link":"https:\/\/roveyayinevi.com.tr\/index.php\/urun\/yuzunden-yollar-cikardim\/","title":{"rendered":"Y\u00fcz\u00fcnden Yollar \u00c7\u0131kard\u0131m"},"content":{"rendered":"<p>Her zaman bir \u00e7ift kanad\u0131n bir alt\u0131n madeninden daha de\u011ferli oldu\u011funu s\u00f6yleyen Akg\u00fcn Akova, bu kez yollarda u\u00e7an \u015fiirlerle \u00e7\u0131k\u0131yor kar\u015f\u0131m\u0131za. I\u015f\u0131klar s\u00f6nd\u00fc\u011f\u00fcnde g\u00f6lgelerimizin bizi nerede bekledi\u011fini merak ederek\u2026 \u00c7i\u00e7ekler aras\u0131 koku nakli yaparak\u2026 \u0130\u00e7ine kara bulutlar girse de kalbinle ku\u015f vurma diyerek\u2026 Bilin\u00e7alt\u0131m\u0131z\u0131n y\u0131rt\u0131lm\u0131\u015f yerlerine yama yaparak\u2026  Bu kitapta bir g\u00f6zya\u015f\u0131 damlas\u0131 burnunu \u00e7ekiyor. Dizelerini bir yast\u0131kta birdenbire beliren ok\u015fanm\u0131\u015f mavi gibi yaz\u0131yor \u015fair. D\u00fc\u015fleri i\u00e7in havaalan\u0131 yap\u0131yor. U\u00e7urumlara yem veriyor. G\u00f6z\u00fcn\u00fcn i\u00e7inde \u0131\u015f\u0131\u011f\u0131n bavulunu ta\u015f\u0131yor. Y\u00fcz\u00fcnden Yollar \u00c7\u0131kard\u0131m kimseninyere d\u00fc\u015fmeyece\u011fi, d\u00fc\u015fse de kald\u0131r\u0131laca\u011f\u0131 bir d\u00fcnyan\u0131n ancak \u00f6p\u00fcc\u00fck \u00f6p\u00fcc\u00fck \u00fcst\u00fcne konarak kurulaca\u011f\u0131n\u0131 s\u00f6yl\u00fcyor bize; \u00e7\u00fcnk\u00fc \u015fairi, a\u015fk dolu bir bak\u0131\u015fla d\u00fcnya tarihinin de\u011fi\u015ftirilebilece\u011fine inanmaya devam ediyor. Yana yana, d\u00f6ne d\u00f6ne, sonsuza kadar delice\u2026 <\/p>\n","protected":false},"excerpt":{"rendered":"<p>Her zaman bir \u00e7ift kanad\u0131n bir alt\u0131n madeninden daha de\u011ferli oldu\u011funu s\u00f6yleyen Akg\u00fcn Akova, bu kez yollarda u\u00e7an \u015fiirlerle \u00e7\u0131k\u0131yor kar\u015f\u0131m\u0131za. I\u015f\u0131klar s\u00f6nd\u00fc\u011f\u00fcnde g\u00f6lgelerimizin bizi nerede<span class=\"excerpt-hellip\"> [\u2026]<\/span><\/p>\n","protected":false},"featured_media":0,"template":"","meta":{"_monsterinsights_skip_tracking":false,"_monsterinsights_sitenote_active":false,"_monsterinsights_sitenote_note":"","_monsterinsights_sitenote_category":0},"product_brand":[],"product_cat":[12291,12509],"product_tag":[],"class_list":{"0":"post-718914","1":"product","2":"type-product","3":"status-publish","5":"product_cat-edebiyat","6":"product_cat-siir","7":"pa_cilt-ciltsiz","8":"pa_tur-kitap","9":"pa_yayinevi-kara-karga-yayinlari","10":"pa_yazar-akgun-akova","12":"first","13":"instock","14":"sale","15":"shipping-taxable","16":"purchasable","17":"product-type-simple"},"_links":{"self":[{"href":"https:\/\/roveyayinevi.com.tr\/index.php\/wp-json\/wp\/v2\/product\/718914","targetHints":{"allow":["GET"]}}],"collection":[{"href":"https:\/\/roveyayinevi.com.tr\/index.php\/wp-json\/wp\/v2\/product"}],"about":[{"href":"https:\/\/roveyayinevi.com.tr\/index.php\/wp-json\/wp\/v2\/types\/product"}],"wp:attachment":[{"href":"https:\/\/roveyayinevi.com.tr\/index.php\/wp-json\/wp\/v2\/media?parent=718914"}],"wp:term":[{"taxonomy":"product_brand","embeddable":true,"href":"https:\/\/roveyayinevi.com.tr\/index.php\/wp-json\/wp\/v2\/product_brand?post=718914"},{"taxonomy":"product_cat","embeddable":true,"href":"https:\/\/roveyayinevi.com.tr\/index.php\/wp-json\/wp\/v2\/product_cat?post=718914"},{"taxonomy":"product_tag","embeddable":true,"href":"https:\/\/roveyayinevi.com.tr\/index.php\/wp-json\/wp\/v2\/product_tag?post=718914"}],"curies":[{"name":"wp","href":"https:\/\/api.w.org\/{rel}","templated":true}]}}