{"id":718913,"date":"2025-08-27T18:15:19","date_gmt":"2025-08-27T15:15:19","guid":{"rendered":"https:\/\/roveyayinevi.com.tr\/index.php\/urun\/modern-mitler\/"},"modified":"2026-04-16T02:26:52","modified_gmt":"2026-04-15T23:26:52","slug":"modern-mitler","status":"publish","type":"product","link":"https:\/\/roveyayinevi.com.tr\/index.php\/urun\/modern-mitler\/","title":{"rendered":"Modern Mitler"},"content":{"rendered":"<p>Art\u0131k eski \u00c7inliler gibi, d\u00fcnyan\u0131n bir yumurtadan \u00e7\u0131kt\u0131\u011f\u0131n\u0131 ya da Maoriler gibi, iki \u00e2\u015f\u0131\u011f\u0131n birbirlerinin kollar\u0131ndan zorla al\u0131nmas\u0131 s\u0131ras\u0131nda olu\u015ftu\u011funu du\u0308\u015fu\u0308nmu\u0308yoruz; evrenin i\u015fleyi\u015finin s\u0131rlar\u0131n\u0131 fizik bilimiyle \u00e7\u00f6z\u00fcyoruz. Bilim m\u00fcthi\u015f bir kazan\u0131m, ama biz ger\u00e7ekten eskilerden daha bilge miyiz? Bilim kader ve \u00f6lu\u0308msu\u0308zlu\u0308\u011fu\u0308n gizemini \u00e7\u00f6zd\u00fc\u0308 mu\u0308? Bize k\u0131skan\u00e7l\u0131ktan korunmam\u0131z\u0131 ya da ba\u015fkalar\u0131nca sevilmemizi sa\u011flayacak ara\u00e7lar verdi mi? Bugu\u0308n hakikati bilimle ar\u0131yor, ama mitolojiye kulak vermeden de edemiyoruz. Oren Harman bir ad\u0131m \u00f6teye giderek bilim ile mitoloji aras\u0131nda daha yak\u0131n bir ili\u015fki kuruyor. Kozmolojik bir annelik g\u00f6r\u00fc\u015f\u00fc\u0308 kurgulamak i\u00e7in Ay ile Du\u0308nya\u2019n\u0131n ili\u015fkisinden faydalan\u0131yor; seks ve \u00f6l\u00fcm\u00fcn d\u00fcnyaya geli\u015fini bir mitokondrinin pani\u011fe kap\u0131l\u0131\u015f\u0131yla a\u00e7\u0131kl\u0131yor; bilincin yaln\u0131zl\u0131\u011f\u0131n\u0131 ahtapotun belle\u011finden yola \u00e7\u0131karak betimliyor ve evrim sureci i\u00e7inde dilin ortaya \u00e7\u0131k\u0131\u015f\u0131n\u0131 insan\u0131n hakikatle imtihan\u0131na ba\u011fl\u0131yor. Bilim varolu\u015f bilinmezini \u00e7\u00f6zememi\u015f olabilir, ama t\u0131pk\u0131 en eski mitler gibi, onun b\u00fcy\u00fcleyici ke\u015fifleri de hi\u00e7 bitmeyecek olan hakikat aray\u0131\u015f\u0131n\u0131 s\u00fcrd\u00fcrmemizi sa\u011fl\u0131yor. \u201cBu cesurca, bilgece ve insanca yaz\u0131lm\u0131\u015f kitapta Oren Harman evrene ili\u015fkin a\u00e7\u0131klamalar\u0131 s\u00fcsleyen mitler yarat\u0131yor ve b\u00f6ylece insanlar\u0131n eski \u00e2deti olan, en derin hakikat alg\u0131lar\u0131n\u0131 kodlama \u00e7abas\u0131n\u0131 su\u0308rdu\u0308ru\u0308yor&#8230;\u201d Stephen Greenblatt, Pulitzer \u00d6d\u00fcll\u00fc\u0308 yazar <\/p>\n","protected":false},"excerpt":{"rendered":"<p>Art\u0131k eski \u00c7inliler gibi, d\u00fcnyan\u0131n bir yumurtadan \u00e7\u0131kt\u0131\u011f\u0131n\u0131 ya da Maoriler gibi, iki \u00e2\u015f\u0131\u011f\u0131n birbirlerinin kollar\u0131ndan zorla al\u0131nmas\u0131 s\u0131ras\u0131nda olu\u015ftu\u011funu du\u0308\u015fu\u0308nmu\u0308yoruz; evrenin i\u015fleyi\u015finin s\u0131rlar\u0131n\u0131 fizik bilimiyle<span class=\"excerpt-hellip\"> [\u2026]<\/span><\/p>\n","protected":false},"featured_media":0,"template":"","meta":{"_monsterinsights_skip_tracking":false,"_monsterinsights_sitenote_active":false,"_monsterinsights_sitenote_note":"","_monsterinsights_sitenote_category":0},"product_brand":[],"product_cat":[13005,13006],"product_tag":[],"class_list":{"0":"post-718913","1":"product","2":"type-product","3":"status-publish","5":"product_cat-bilim-muhendislik","6":"product_cat-populer-bilim","7":"pa_cilt-ciltsiz","8":"pa_tur-kitap","9":"pa_yayinevi-say-yayinlari","10":"pa_yazar-oren-harman","12":"first","13":"instock","14":"sale","15":"shipping-taxable","16":"purchasable","17":"product-type-simple"},"_links":{"self":[{"href":"https:\/\/roveyayinevi.com.tr\/index.php\/wp-json\/wp\/v2\/product\/718913","targetHints":{"allow":["GET"]}}],"collection":[{"href":"https:\/\/roveyayinevi.com.tr\/index.php\/wp-json\/wp\/v2\/product"}],"about":[{"href":"https:\/\/roveyayinevi.com.tr\/index.php\/wp-json\/wp\/v2\/types\/product"}],"wp:attachment":[{"href":"https:\/\/roveyayinevi.com.tr\/index.php\/wp-json\/wp\/v2\/media?parent=718913"}],"wp:term":[{"taxonomy":"product_brand","embeddable":true,"href":"https:\/\/roveyayinevi.com.tr\/index.php\/wp-json\/wp\/v2\/product_brand?post=718913"},{"taxonomy":"product_cat","embeddable":true,"href":"https:\/\/roveyayinevi.com.tr\/index.php\/wp-json\/wp\/v2\/product_cat?post=718913"},{"taxonomy":"product_tag","embeddable":true,"href":"https:\/\/roveyayinevi.com.tr\/index.php\/wp-json\/wp\/v2\/product_tag?post=718913"}],"curies":[{"name":"wp","href":"https:\/\/api.w.org\/{rel}","templated":true}]}}