{"id":718910,"date":"2025-08-27T18:15:17","date_gmt":"2025-08-27T15:15:17","guid":{"rendered":"https:\/\/roveyayinevi.com.tr\/index.php\/urun\/yesilin-daha-kizil-tonu\/"},"modified":"2026-04-16T02:26:52","modified_gmt":"2026-04-15T23:26:52","slug":"yesilin-daha-kizil-tonu","status":"publish","type":"product","link":"https:\/\/roveyayinevi.com.tr\/index.php\/urun\/yesilin-daha-kizil-tonu\/","title":{"rendered":"Ye\u015filin Daha K\u0131z\u0131l Tonu"},"content":{"rendered":"<p>\u201cK\u0131z\u0131l, sosyalist devriminin rengidir. Kapitalizm ve her t\u00fcrl\u00fc boyunduru\u011fun sonu i\u00e7in e\u015fitlik\u00e7i demokrasi ve insan \u00f6zg\u00fcrl\u00fc\u011f\u00fcn\u00fc temsil eder. Ye\u015fil, ekolojik devrimin rengidir. K\u00fcresel s\u00fcrd\u00fcr\u00fclebilirlik ve insanlar\u0131n do\u011fan\u0131n geri kalan\u0131yla uyum i\u00e7inde ya\u015fad\u0131klar\u0131 bir d\u00fcnyay\u0131 temsil eder.K\u0131rm\u0131z\u0131 ve ye\u015fil birlikte ekososyalizmin, temel prensibi sosyalist olmayan hi\u00e7bir hakiki ekolojik devrimin ve ekolojik olmayan hi\u00e7bir hakiki sosyalist devrimin var olamayaca\u011f\u0131 olan d\u00fc\u015f\u00fcnceler b\u00fct\u00fcn\u00fc ile hareketinin renkleridir. Ekososyalizm, sosyal ve ekolojik adalet i\u00e7in radikal hareketleri bilgilendirmek ve geli\u015ftirmek amac\u0131yla k\u00fcresel krizin sosyoekolojik a\u00e7\u0131dan kavran\u0131\u015f\u0131na dayanan k\u0131z\u0131l-ye\u015fil hareketleri yap\u0131land\u0131rmay\u0131 hedefler. Ye\u015filin Daha K\u0131rm\u0131z\u0131 Tonu bu \u00e7abaya bir katk\u0131d\u0131r.\u201dIan Angus<\/p>\n","protected":false},"excerpt":{"rendered":"<p>\u201cK\u0131z\u0131l, sosyalist devriminin rengidir. Kapitalizm ve her t\u00fcrl\u00fc boyunduru\u011fun sonu i\u00e7in e\u015fitlik\u00e7i demokrasi ve insan \u00f6zg\u00fcrl\u00fc\u011f\u00fcn\u00fc temsil eder. Ye\u015fil, ekolojik devrimin rengidir. K\u00fcresel s\u00fcrd\u00fcr\u00fclebilirlik ve insanlar\u0131n<span class=\"excerpt-hellip\"> [\u2026]<\/span><\/p>\n","protected":false},"featured_media":0,"template":"","meta":{"_monsterinsights_skip_tracking":false,"_monsterinsights_sitenote_active":false,"_monsterinsights_sitenote_note":"","_monsterinsights_sitenote_category":0},"product_brand":[],"product_cat":[12835,12324],"product_tag":[],"class_list":{"0":"post-718910","1":"product","2":"type-product","3":"status-publish","5":"product_cat-genel-sosyoloji","6":"product_cat-sosyoloji","7":"pa_cilt-ciltsiz","8":"pa_tur-kitap","9":"pa_yayinevi-efil-yayinevi","10":"pa_yazar-ian-angus","12":"first","13":"instock","14":"sale","15":"shipping-taxable","16":"purchasable","17":"product-type-simple"},"_links":{"self":[{"href":"https:\/\/roveyayinevi.com.tr\/index.php\/wp-json\/wp\/v2\/product\/718910","targetHints":{"allow":["GET"]}}],"collection":[{"href":"https:\/\/roveyayinevi.com.tr\/index.php\/wp-json\/wp\/v2\/product"}],"about":[{"href":"https:\/\/roveyayinevi.com.tr\/index.php\/wp-json\/wp\/v2\/types\/product"}],"wp:attachment":[{"href":"https:\/\/roveyayinevi.com.tr\/index.php\/wp-json\/wp\/v2\/media?parent=718910"}],"wp:term":[{"taxonomy":"product_brand","embeddable":true,"href":"https:\/\/roveyayinevi.com.tr\/index.php\/wp-json\/wp\/v2\/product_brand?post=718910"},{"taxonomy":"product_cat","embeddable":true,"href":"https:\/\/roveyayinevi.com.tr\/index.php\/wp-json\/wp\/v2\/product_cat?post=718910"},{"taxonomy":"product_tag","embeddable":true,"href":"https:\/\/roveyayinevi.com.tr\/index.php\/wp-json\/wp\/v2\/product_tag?post=718910"}],"curies":[{"name":"wp","href":"https:\/\/api.w.org\/{rel}","templated":true}]}}