{"id":718898,"date":"2025-08-27T18:15:09","date_gmt":"2025-08-27T15:15:09","guid":{"rendered":"https:\/\/roveyayinevi.com.tr\/index.php\/urun\/cekirdek-ailenin-en-kucuk-cekirdegi\/"},"modified":"2026-04-16T02:26:52","modified_gmt":"2026-04-15T23:26:52","slug":"cekirdek-ailenin-en-kucuk-cekirdegi","status":"publish","type":"product","link":"https:\/\/roveyayinevi.com.tr\/index.php\/urun\/cekirdek-ailenin-en-kucuk-cekirdegi\/","title":{"rendered":"\u00c7ekirdek Ailenin En K\u00fc\u00e7\u00fck \u00c7ekirde\u011fi"},"content":{"rendered":"<p>Selam, ben Ay\u00e7a. Bu da benim g\u00fcnl\u00fc\u011f\u00fcm. Sekiz ya\u015f\u0131nday\u0131m. Annem, babam, ablam, abim ve oyunca\u011f\u0131m Mio\u2019yla birlikte ya\u015f\u0131yorum. Evimizde curcuna eksik olmuyor. Hepsini g\u00fcnl\u00fc\u011f\u00fcme yazd\u0131m ve eminim, okursan\u0131z siz de benim kadar e\u011fleneceksiniz.  Bu arada, \u00fc\u00e7\u00fcnc\u00fc s\u0131n\u0131fa gidiyorum. En yak\u0131n arkada\u015f\u0131m\u0131n ad\u0131 Ya\u011fmur ama onunla son zamanlarda aram\u0131z bozuk. Ne mi oldu? Merak etmeyin, bunu da yazd\u0131m. Laf\u0131 uzatmayay\u0131m en iyisi. G\u00fcnl\u00fc\u011f\u00fcm\u00fc okuman\u0131za izin veriyorum. Beni, ailemi ve arkada\u015flar\u0131m\u0131 tan\u0131maya haz\u0131r m\u0131s\u0131n\u0131z? <\/p>\n","protected":false},"excerpt":{"rendered":"<p>Selam, ben Ay\u00e7a. Bu da benim g\u00fcnl\u00fc\u011f\u00fcm. Sekiz ya\u015f\u0131nday\u0131m. Annem, babam, ablam, abim ve oyunca\u011f\u0131m Mio\u2019yla birlikte ya\u015f\u0131yorum. Evimizde curcuna eksik olmuyor. Hepsini g\u00fcnl\u00fc\u011f\u00fcme yazd\u0131m ve<span class=\"excerpt-hellip\"> [\u2026]<\/span><\/p>\n","protected":false},"featured_media":0,"template":"","meta":{"_monsterinsights_skip_tracking":false,"_monsterinsights_sitenote_active":false,"_monsterinsights_sitenote_note":"","_monsterinsights_sitenote_category":0},"product_brand":[],"product_cat":[12274,12284],"product_tag":[],"class_list":{"0":"post-718898","1":"product","2":"type-product","3":"status-publish","5":"product_cat-cocuk-ve-genclik-kitaplari","6":"product_cat-hikayeler","7":"pa_cilt-ciltsiz","8":"pa_tur-kitap","9":"pa_yayinevi-epsilon-yayinlari","10":"pa_yazar-aslihan-kostak","12":"first","13":"instock","14":"sale","15":"shipping-taxable","16":"purchasable","17":"product-type-simple"},"_links":{"self":[{"href":"https:\/\/roveyayinevi.com.tr\/index.php\/wp-json\/wp\/v2\/product\/718898","targetHints":{"allow":["GET"]}}],"collection":[{"href":"https:\/\/roveyayinevi.com.tr\/index.php\/wp-json\/wp\/v2\/product"}],"about":[{"href":"https:\/\/roveyayinevi.com.tr\/index.php\/wp-json\/wp\/v2\/types\/product"}],"wp:attachment":[{"href":"https:\/\/roveyayinevi.com.tr\/index.php\/wp-json\/wp\/v2\/media?parent=718898"}],"wp:term":[{"taxonomy":"product_brand","embeddable":true,"href":"https:\/\/roveyayinevi.com.tr\/index.php\/wp-json\/wp\/v2\/product_brand?post=718898"},{"taxonomy":"product_cat","embeddable":true,"href":"https:\/\/roveyayinevi.com.tr\/index.php\/wp-json\/wp\/v2\/product_cat?post=718898"},{"taxonomy":"product_tag","embeddable":true,"href":"https:\/\/roveyayinevi.com.tr\/index.php\/wp-json\/wp\/v2\/product_tag?post=718898"}],"curies":[{"name":"wp","href":"https:\/\/api.w.org\/{rel}","templated":true}]}}