{"id":718884,"date":"2025-08-27T18:14:58","date_gmt":"2025-08-27T15:14:58","guid":{"rendered":"https:\/\/roveyayinevi.com.tr\/index.php\/urun\/midwich-guguk-kuslari\/"},"modified":"2026-04-16T02:26:52","modified_gmt":"2026-04-15T23:26:52","slug":"midwich-guguk-kuslari","status":"publish","type":"product","link":"https:\/\/roveyayinevi.com.tr\/index.php\/urun\/midwich-guguk-kuslari\/","title":{"rendered":"Midwich Guguk Ku\u015flar\u0131"},"content":{"rendered":"<p>Bilinmeyene kar\u015f\u0131 duyulan korku ruhu kemirince&#8230;Krizalitler, Chocky, Triffidlerin G\u00fcn\u00fc gibi, bilimkurgu edebiyat\u0131n\u0131n kilometre ta\u015f\u0131 yap\u0131tlar\u0131na imza atan, \u00e7a\u011f\u0131n\u0131n \u00e7ok \u00f6tesindeki kalemiyle fark yaratan k\u00fclt yazar John Wyndham\u2019dan, ilk sayfalar\u0131ndan okurun zihnini k\u0131skaca alan bir eser daha: Midwich\u2019in Guguk Ku\u015flar\u0131.60 y\u0131ll\u0131k mazisine ra\u011fmen g\u00fcncelli\u011finden hi\u00e7bir \u015fey yitirmeyen bu tedirgin edici roman, kendisinden daha \u00fcst\u00fcn bir yarat\u0131mla kar\u015f\u0131la\u015fan insan\u0131n verece\u011fi tepkiyi ve ya\u015fayaca\u011f\u0131 korkuyu, etkileyici bir \u00fcslup ve kurguyla g\u00fcn\u00fcm\u00fcze ta\u015f\u0131yor.Cezbedici hik\u00e2yesiyle iki kez beyazperdeye de uyarlanan Midwich\u2019in Guguk Ku\u015flar\u0131; kendi h\u00e2linde y\u00fczy\u0131llard\u0131r uyuklayan \u00f6nemsiz bir k\u00f6y\u00fcn yolunu tutarak, sakinlerinin ba\u015f\u0131ndan ge\u00e7en tekinsiz olaylar\u0131 g\u00fcn y\u00fcz\u00fcne \u00e7\u0131kar\u0131yor.G\u00f6zlerden \u0131rak k\u00fc\u00e7\u00fck bir \u0130ngiliz k\u00f6y\u00fc olan Midwich, bir g\u00fcn ans\u0131z\u0131n ve topluca uyuyakal\u0131r. Derin uykudan uyand\u0131klar\u0131nda k\u00f6y sakinlerinin kar\u015f\u0131la\u015ft\u0131\u011f\u0131 manzara, ba\u015flang\u0131\u00e7ta pek \u015fa\u015f\u0131rt\u0131c\u0131 gelmese de k\u0131sa s\u00fcre sonra i\u015fin rengi de\u011fi\u015fir. K\u00f6ydeki t\u00fcm do\u011furgan kad\u0131nlar hamiledir. Do\u011fan \u00e7ocuklar ise birbirinden tuhaf, birbirinden \u00fcrk\u00fct\u00fcc\u00fc, birbirinden yetenekli ve birbirinin neredeyse ayn\u0131s\u0131d\u0131r. Peki, bu \u00e7ocuklar\u0131n d\u00fcnyaya gelme sebeplerinin ard\u0131ndan yatan gizem nedir? So\u011fuk Sava\u015f\u2019\u0131n \u00fcr\u00fcn\u00fc, yeni bir t\u00fcr silah m\u0131d\u0131r onlar? Evrimin ve do\u011fan\u0131n insanlara bir oyunu mudur? Yoksa daha fenas\u0131, d\u00fcnyad\u0131\u015f\u0131 canl\u0131lar\u0131n asalak guguk ku\u015fu yumurtalar\u0131 m\u0131d\u0131r?Hissettirdi\u011fi endi\u015fe duygusuyla, okurun ruhuna usul usul korku salan Midwich\u2019in Guguk Ku\u015flar\u0131, derinlikli hik\u00e2yesinin sat\u0131r aralar\u0131nda, kasaba ahlak\u0131ndan d\u00fcnya siyasetine kadar pek \u00e7ok konuyu sorgulayarak, g\u00fcncelli\u011fini kaybetmeyen \u00e7\u0131kar\u0131mlarda bulunuyor. \u201cHayatta kalma i\u00e7g\u00fcd\u00fcs\u00fc, merhametten daha g\u00fc\u00e7l\u00fcd\u00fcr\u2026\u201d<\/p>\n","protected":false},"excerpt":{"rendered":"<p>Bilinmeyene kar\u015f\u0131 duyulan korku ruhu kemirince&#8230;Krizalitler, Chocky, Triffidlerin G\u00fcn\u00fc gibi, bilimkurgu edebiyat\u0131n\u0131n kilometre ta\u015f\u0131 yap\u0131tlar\u0131na imza atan, \u00e7a\u011f\u0131n\u0131n \u00e7ok \u00f6tesindeki kalemiyle fark yaratan k\u00fclt yazar John<span class=\"excerpt-hellip\"> [\u2026]<\/span><\/p>\n","protected":false},"featured_media":0,"template":"","meta":{"_monsterinsights_skip_tracking":false,"_monsterinsights_sitenote_active":false,"_monsterinsights_sitenote_note":"","_monsterinsights_sitenote_category":0},"product_brand":[],"product_cat":[12291,12711],"product_tag":[],"class_list":{"0":"post-718884","1":"product","2":"type-product","3":"status-publish","5":"product_cat-edebiyat","6":"product_cat-roman-oyku","7":"pa_cilt-ciltsiz","8":"pa_tur-kitap","9":"pa_yayinevi-delidolu","10":"pa_yazar-john-wyndham","12":"first","13":"instock","14":"sale","15":"shipping-taxable","16":"purchasable","17":"product-type-simple"},"_links":{"self":[{"href":"https:\/\/roveyayinevi.com.tr\/index.php\/wp-json\/wp\/v2\/product\/718884","targetHints":{"allow":["GET"]}}],"collection":[{"href":"https:\/\/roveyayinevi.com.tr\/index.php\/wp-json\/wp\/v2\/product"}],"about":[{"href":"https:\/\/roveyayinevi.com.tr\/index.php\/wp-json\/wp\/v2\/types\/product"}],"wp:attachment":[{"href":"https:\/\/roveyayinevi.com.tr\/index.php\/wp-json\/wp\/v2\/media?parent=718884"}],"wp:term":[{"taxonomy":"product_brand","embeddable":true,"href":"https:\/\/roveyayinevi.com.tr\/index.php\/wp-json\/wp\/v2\/product_brand?post=718884"},{"taxonomy":"product_cat","embeddable":true,"href":"https:\/\/roveyayinevi.com.tr\/index.php\/wp-json\/wp\/v2\/product_cat?post=718884"},{"taxonomy":"product_tag","embeddable":true,"href":"https:\/\/roveyayinevi.com.tr\/index.php\/wp-json\/wp\/v2\/product_tag?post=718884"}],"curies":[{"name":"wp","href":"https:\/\/api.w.org\/{rel}","templated":true}]}}