{"id":718883,"date":"2025-08-27T18:14:57","date_gmt":"2025-08-27T15:14:57","guid":{"rendered":"https:\/\/roveyayinevi.com.tr\/index.php\/urun\/gitmedigim-bir-yerde\/"},"modified":"2026-04-16T02:26:52","modified_gmt":"2026-04-15T23:26:52","slug":"gitmedigim-bir-yerde","status":"publish","type":"product","link":"https:\/\/roveyayinevi.com.tr\/index.php\/urun\/gitmedigim-bir-yerde\/","title":{"rendered":"Gitmedi\u011fim Bir Yerde"},"content":{"rendered":"<p>\u0130lhami Sidar, Gitmedi\u011fim Bir Yerde ile okura katmanl\u0131 bir okuma vadediyor. Dokusu bozulan kadim bir \u015fehrin, g\u00fczellikleriyle zamana meydan okuyan mimari yap\u0131lar\u0131n, \u00f6l\u00fcmlerin ve bitmek bilmeyen \u00e7at\u0131\u015fmalar\u0131n aras\u0131nda ayakta kalmaya \u00e7abalayan, entelekt\u00fcel \u00e7evrenin ama en \u00e7ok da sevgiyi arzulayan fakat bu arzuya kar\u015f\u0131l\u0131k bulamayan insanlar\u0131n hik\u00e2yesini anlat\u0131yor.Gitmedi\u011fim Bir Yerde; k\u0131\u015fk\u0131rt\u0131c\u0131 anlat\u0131m\u0131, \u015fiirsel dili, g\u00fc\u00e7l\u00fc ve \u015fa\u015f\u0131rt\u0131c\u0131 kurgusuyla edebiyatseverlerin sindire sindire okuyaca\u011f\u0131, sat\u0131r aralar\u0131nda ba\u015fka kitaplara ve yazarlara rastlayaca\u011f\u0131 sars\u0131c\u0131 bir roman.&#8221;G\u00fcn\u00fcm\u00fcz insan\u0131 \u00e7ok h\u0131zl\u0131 dal\u0131yor g\u00fcn\u00fcbirlik ili\u015fkilere, neyi t\u00fcketti\u011finin fark\u0131nda olmadan, duygular\u0131n\u0131, onu var eden nedenleri, asl\u0131nda kendini t\u00fcketip durdu\u011funun fark\u0131nda olmadan. Baudelaire\u2019in, sonsuzun tek bir anda ge\u00e7icilikte var olu\u015fu \u00f6ng\u00f6r\u00fcs\u00fcnden uzak. Bir an\u0131n sonsuza d\u00f6n\u00fc\u015febilmesi i\u00e7in, o an\u0131n i\u00e7selle\u015ftirilerek anlam \u00f6tesi bir metafora tekab\u00fcl etmesi gerek oysa. Her t\u00fcrl\u00fc tensel gerilimi i\u00e7eren k\u00fc\u00e7\u00fcc\u00fck bir dokunu\u015ftan tutun Sadevari bir e\u011filimle bedenin her t\u00fcrl\u00fc a\u015fa\u011f\u0131lanmaya maruz b\u0131rak\u0131ld\u0131\u011f\u0131 cinsel sapk\u0131nl\u0131klara kadar her \u015fey, s\u00fcrekli t\u00fcketilip kara bir delik taraf\u0131ndan yutulmakta ve sonra payla\u015f\u0131mlardan artakalan i\u00e7i bo\u015falt\u0131lm\u0131\u015f ili\u015fkiler, tecav\u00fcze u\u011fram\u0131\u015f devasa bir bedenin ayr\u0131 uzuvlar\u0131 gibi koca kozmosta da\u011f\u0131l\u0131p gitmekte.&#8221;<\/p>\n","protected":false},"excerpt":{"rendered":"<p>\u0130lhami Sidar, Gitmedi\u011fim Bir Yerde ile okura katmanl\u0131 bir okuma vadediyor. Dokusu bozulan kadim bir \u015fehrin, g\u00fczellikleriyle zamana meydan okuyan mimari yap\u0131lar\u0131n, \u00f6l\u00fcmlerin ve bitmek bilmeyen<span class=\"excerpt-hellip\"> [\u2026]<\/span><\/p>\n","protected":false},"featured_media":0,"template":"","meta":{"_monsterinsights_skip_tracking":false,"_monsterinsights_sitenote_active":false,"_monsterinsights_sitenote_note":"","_monsterinsights_sitenote_category":0},"product_brand":[],"product_cat":[12291,12711],"product_tag":[],"class_list":{"0":"post-718883","1":"product","2":"type-product","3":"status-publish","5":"product_cat-edebiyat","6":"product_cat-roman-oyku","7":"pa_cilt-ciltsiz","8":"pa_tur-kitap","9":"pa_yayinevi-ithaki-yayinlari","10":"pa_yazar-ilhami-sidar","12":"first","13":"instock","14":"sale","15":"shipping-taxable","16":"purchasable","17":"product-type-simple"},"_links":{"self":[{"href":"https:\/\/roveyayinevi.com.tr\/index.php\/wp-json\/wp\/v2\/product\/718883","targetHints":{"allow":["GET"]}}],"collection":[{"href":"https:\/\/roveyayinevi.com.tr\/index.php\/wp-json\/wp\/v2\/product"}],"about":[{"href":"https:\/\/roveyayinevi.com.tr\/index.php\/wp-json\/wp\/v2\/types\/product"}],"wp:attachment":[{"href":"https:\/\/roveyayinevi.com.tr\/index.php\/wp-json\/wp\/v2\/media?parent=718883"}],"wp:term":[{"taxonomy":"product_brand","embeddable":true,"href":"https:\/\/roveyayinevi.com.tr\/index.php\/wp-json\/wp\/v2\/product_brand?post=718883"},{"taxonomy":"product_cat","embeddable":true,"href":"https:\/\/roveyayinevi.com.tr\/index.php\/wp-json\/wp\/v2\/product_cat?post=718883"},{"taxonomy":"product_tag","embeddable":true,"href":"https:\/\/roveyayinevi.com.tr\/index.php\/wp-json\/wp\/v2\/product_tag?post=718883"}],"curies":[{"name":"wp","href":"https:\/\/api.w.org\/{rel}","templated":true}]}}