{"id":718880,"date":"2025-08-27T18:14:54","date_gmt":"2025-08-27T15:14:54","guid":{"rendered":"https:\/\/roveyayinevi.com.tr\/index.php\/urun\/reklami-atla\/"},"modified":"2026-04-16T02:26:52","modified_gmt":"2026-04-15T23:26:52","slug":"reklami-atla","status":"publish","type":"product","link":"https:\/\/roveyayinevi.com.tr\/index.php\/urun\/reklami-atla\/","title":{"rendered":"Reklam\u0131 Atla"},"content":{"rendered":"<p>Seray \u015eahiner\u2019in \u201ckurgu d\u0131\u015f\u0131\u201d metinlerinden olu\u015fan bir kitap Reklam\u0131 Atla. Kasetten CD\u2019ye ge\u00e7i\u015fe, cep telefonlar\u0131na, bir kere \u00e7ald\u0131r\u0131rsam seni seviyorum iki kere \u00e7ald\u0131r\u0131rsam merak ediyorum kont\u00f6rl\u00fc zamanlara, memlekete g\u00fcmb\u00fcrt\u00fcyle gelen internete, \u00d6SS\u2019ye, k\u00f6yden kente geli\u015flere, kentte \u00fcniversite okumalara, \u00f6\u011frenci evlerine, zorunlu g\u00f6\u00e7e, Gezi\u2019ye \u015fahit olan bir ku\u015fa\u011f\u0131n d\u00f6rt ba\u015f\u0131 mamur anlat\u0131s\u0131\u2026 \u015eahiner edebiyat\u0131n\u0131n temel hatlar\u0131 burada da g\u00f6r\u00fcl\u00fcyor: Kentsel d\u00f6n\u00fc\u015f\u00fcm, AVM\u2019lerin hayat\u0131m\u0131za giri\u015fi, gecekondular, kentin ta\u015fras\u0131, cezaevleri, direni\u015fler, kad\u0131n kuaf\u00f6rleri, tezg\u00e2htarlar, Ye\u015fil\u00e7am, Beyo\u011flu, Tarlaba\u015f\u0131, arabesk, kentsel d\u00f6n\u00fc\u015f\u00fcm, minib\u00fcsler\u2026 Toplamda bir \u201cHayat Bilgisi\u201d. Reklam\u0131 Atla bir ku\u015fa\u011f\u0131n foto\u011fraf\u0131n\u0131 \u00e7ekiyor. Ama \u00e7i\u00e7ek d\u00fcrb\u00fcn\u00fcyle. \u201cBirini anlamaya \u00e7al\u0131\u015fmadan, varl\u0131\u011f\u0131n\u0131 kabul etmeyi l\u00fctuf olarak g\u00f6rd\u00fck\u00e7e empati sand\u0131\u011f\u0131m\u0131z \u015fey folklorik hassasiyetlerden \u00f6teye ge\u00e7emiyor. Fa\u015fizm ku\u015faktan ku\u015fa\u011fa, kulaktan kula\u011fa  dille bula\u015fan bir hastal\u0131k.\u201d <\/p>\n","protected":false},"excerpt":{"rendered":"<p>Seray \u015eahiner\u2019in \u201ckurgu d\u0131\u015f\u0131\u201d metinlerinden olu\u015fan bir kitap Reklam\u0131 Atla. Kasetten CD\u2019ye ge\u00e7i\u015fe, cep telefonlar\u0131na, bir kere \u00e7ald\u0131r\u0131rsam seni seviyorum iki kere \u00e7ald\u0131r\u0131rsam merak ediyorum kont\u00f6rl\u00fc<span class=\"excerpt-hellip\"> [\u2026]<\/span><\/p>\n","protected":false},"featured_media":0,"template":"","meta":{"_monsterinsights_skip_tracking":false,"_monsterinsights_sitenote_active":false,"_monsterinsights_sitenote_note":"","_monsterinsights_sitenote_category":0},"product_brand":[],"product_cat":[12777,12291],"product_tag":[],"class_list":{"0":"post-718880","1":"product","2":"type-product","3":"status-publish","5":"product_cat-deneme","6":"product_cat-edebiyat","7":"pa_cilt-ciltsiz","8":"pa_tur-kitap","9":"pa_yayinevi-everest-yayinlari","10":"pa_yazar-seray-sahiner","12":"first","13":"instock","14":"sale","15":"shipping-taxable","16":"purchasable","17":"product-type-simple"},"_links":{"self":[{"href":"https:\/\/roveyayinevi.com.tr\/index.php\/wp-json\/wp\/v2\/product\/718880","targetHints":{"allow":["GET"]}}],"collection":[{"href":"https:\/\/roveyayinevi.com.tr\/index.php\/wp-json\/wp\/v2\/product"}],"about":[{"href":"https:\/\/roveyayinevi.com.tr\/index.php\/wp-json\/wp\/v2\/types\/product"}],"wp:attachment":[{"href":"https:\/\/roveyayinevi.com.tr\/index.php\/wp-json\/wp\/v2\/media?parent=718880"}],"wp:term":[{"taxonomy":"product_brand","embeddable":true,"href":"https:\/\/roveyayinevi.com.tr\/index.php\/wp-json\/wp\/v2\/product_brand?post=718880"},{"taxonomy":"product_cat","embeddable":true,"href":"https:\/\/roveyayinevi.com.tr\/index.php\/wp-json\/wp\/v2\/product_cat?post=718880"},{"taxonomy":"product_tag","embeddable":true,"href":"https:\/\/roveyayinevi.com.tr\/index.php\/wp-json\/wp\/v2\/product_tag?post=718880"}],"curies":[{"name":"wp","href":"https:\/\/api.w.org\/{rel}","templated":true}]}}