{"id":718867,"date":"2025-08-27T18:14:45","date_gmt":"2025-08-27T15:14:45","guid":{"rendered":"https:\/\/roveyayinevi.com.tr\/index.php\/urun\/bebegimin-yanindayim\/"},"modified":"2025-11-21T05:24:26","modified_gmt":"2025-11-21T02:24:26","slug":"bebegimin-yanindayim","status":"publish","type":"product","link":"https:\/\/roveyayinevi.com.tr\/index.php\/urun\/bebegimin-yanindayim\/","title":{"rendered":"Bebe\u011fimin Yan\u0131nday\u0131m"},"content":{"rendered":"<p>Modern hayat, kad\u0131nlara sosyal alanda ve i\u015f hayat\u0131nda daha fazla yer a\u00e7arken, onlar\u0131 annelikle ilgili derin bir ikileme s\u00fcr\u00fckledi. Pek \u00e7ok kad\u0131n kendi hayalleri ve ihtiya\u00e7lar\u0131yla anneli\u011fin gerekleri aras\u0131nda denge kurmakta zorlan\u0131yor. Peki annelik rol\u00fc nerede ba\u015flar, nerede biter ve sa\u011fl\u0131kl\u0131 bir \u00e7ocuk yeti\u015ftirmenin gerekleri nelerdir? Bebeklerin do\u011fduktan sonra uzun s\u00fcre \u00e7evrelerine ba\u011f\u0131ml\u0131 ya\u015fad\u0131klar\u0131n\u0131 biliyoruz. Uzmanlar \u00f6zellikle ilk \u00fc\u00e7 y\u0131l\u0131n, \u00e7ocuk geli\u015fiminde belirleyici bir yeri oldu\u011funda hemfikir. Peki bu d\u00f6nemde anne-\u00e7ocuk birlikteli\u011fi, neden e\u015fsiz bir \u00f6nem ta\u015f\u0131r? Sa\u011f beyin geli\u015fimi ne demektir ve bebe\u011fin sa\u011fl\u0131kl\u0131 bir birey olarak yeti\u015fmesindeki rol\u00fc nedir? Do\u011fum sonras\u0131 depresyon neden ortaya \u00e7\u0131kar, nas\u0131l tedavi edilir?Annelik, sonsuz fedak\u00e2rl\u0131k m\u0131 gerektirir? Anne ile bebek aras\u0131ndaki ba\u011flanma nas\u0131l ger\u00e7ekle\u015fir; bu hayati s\u00fcre\u00e7 aile \u00fcyeleri ve yak\u0131n arkada\u015flar taraf\u0131ndan nas\u0131l desteklenir? Geleneksel aile yap\u0131s\u0131 ile \u00e7ekirdek aile modeli aras\u0131nda \u00e7ocuk bak\u0131m\u0131 a\u00e7\u0131s\u0131ndan ne t\u00fcr farklar bulunur? Do\u011fum izni politikalar\u0131 ve anne-bebek sa\u011fl\u0131\u011f\u0131 takip programlar\u0131 aileleri nas\u0131l etkiler? \u00c7al\u0131\u015fan anneler, k\u00fc\u00e7\u00fck ya\u015ftaki \u00e7ocuklar\u0131na ihtiya\u00e7 duyduklar\u0131 yak\u0131nl\u0131\u011f\u0131 nas\u0131l verirler? Bak\u0131c\u0131 nas\u0131l se\u00e7ilmelidir, bu ki\u015finin aile i\u00e7indeki konumu ne olmal\u0131d\u0131r? Son y\u0131llarda \u00e7ocuklarda, ergenlerde ve kad\u0131nlarda yayg\u0131n olarak g\u00f6r\u00fclen duygusal sorunlar\u0131n \u00e7ocuk yeti\u015ftirme pratikleriyle nas\u0131l bir ba\u011flant\u0131s\u0131 vard\u0131r? Uzun y\u0131llard\u0131r psikanalist ve ebeveyn dan\u0131\u015fman\u0131 olarak \u00e7al\u0131\u015fan Erica Komisar, klinik ve bilimsel verileri sa\u011fduyuyla birle\u015ftirerek, annelik ile kariyerleri aras\u0131nda s\u0131k\u0131\u015f\u0131p kalan ve derin i\u00e7 \u00e7at\u0131\u015fmalar\u0131 ya\u015fayan t\u00fcm kad\u0131nlara sesleniyor. <\/p>\n","protected":false},"excerpt":{"rendered":"<p>Modern hayat, kad\u0131nlara sosyal alanda ve i\u015f hayat\u0131nda daha fazla yer a\u00e7arken, onlar\u0131 annelikle ilgili derin bir ikileme s\u00fcr\u00fckledi. Pek \u00e7ok kad\u0131n kendi hayalleri ve ihtiya\u00e7lar\u0131yla<span class=\"excerpt-hellip\"> [\u2026]<\/span><\/p>\n","protected":false},"featured_media":0,"template":"","meta":{"_monsterinsights_skip_tracking":false,"_monsterinsights_sitenote_active":false,"_monsterinsights_sitenote_note":"","_monsterinsights_sitenote_category":0},"product_brand":[],"product_cat":[14902,13365],"product_tag":[],"class_list":{"0":"post-718867","1":"product","2":"type-product","3":"status-publish","5":"product_cat-annelik-ve-cocuk-bakimi","6":"product_cat-saglik","7":"pa_cilt-ciltsiz","8":"pa_tur-kitap","9":"pa_yayinevi-iletisim-yayinlari","10":"pa_yazar-erica-komisar","12":"first","13":"instock","14":"sale","15":"shipping-taxable","16":"purchasable","17":"product-type-simple"},"_links":{"self":[{"href":"https:\/\/roveyayinevi.com.tr\/index.php\/wp-json\/wp\/v2\/product\/718867","targetHints":{"allow":["GET"]}}],"collection":[{"href":"https:\/\/roveyayinevi.com.tr\/index.php\/wp-json\/wp\/v2\/product"}],"about":[{"href":"https:\/\/roveyayinevi.com.tr\/index.php\/wp-json\/wp\/v2\/types\/product"}],"wp:attachment":[{"href":"https:\/\/roveyayinevi.com.tr\/index.php\/wp-json\/wp\/v2\/media?parent=718867"}],"wp:term":[{"taxonomy":"product_brand","embeddable":true,"href":"https:\/\/roveyayinevi.com.tr\/index.php\/wp-json\/wp\/v2\/product_brand?post=718867"},{"taxonomy":"product_cat","embeddable":true,"href":"https:\/\/roveyayinevi.com.tr\/index.php\/wp-json\/wp\/v2\/product_cat?post=718867"},{"taxonomy":"product_tag","embeddable":true,"href":"https:\/\/roveyayinevi.com.tr\/index.php\/wp-json\/wp\/v2\/product_tag?post=718867"}],"curies":[{"name":"wp","href":"https:\/\/api.w.org\/{rel}","templated":true}]}}