{"id":718859,"date":"2025-08-27T18:14:38","date_gmt":"2025-08-27T15:14:38","guid":{"rendered":"https:\/\/roveyayinevi.com.tr\/index.php\/urun\/dahiler\/"},"modified":"2026-04-16T02:26:51","modified_gmt":"2026-04-15T23:26:51","slug":"dahiler","status":"publish","type":"product","link":"https:\/\/roveyayinevi.com.tr\/index.php\/urun\/dahiler\/","title":{"rendered":"Dahiler"},"content":{"rendered":"<p>Farkl\u0131 alanlardan, de\u011fi\u015fik zamanlardan tan\u0131nm\u0131\u015f ve ba\u015far\u0131l\u0131 olmu\u015f 16 dahi&#8230; Her biri kendi alan\u0131nda ilk oldu, \u00e7\u0131\u011f\u0131r a\u00e7t\u0131. Peki \u00e7ocukluklar\u0131 nas\u0131ld\u0131? Hayalleri nelerdi? B\u00fcy\u00fcd\u00fcklerinde neler oldu?Bu kitapta, bilim, edebiyat, m\u00fczik, resim, sinema, teknoloji ve daha pek \u00e7ok alandan se\u00e7ilen ola\u011fan\u00fcst\u00fc ki\u015filerin ya\u015fam\u00f6yk\u00fclerini okuyacaks\u0131n\u0131z. Onlar da kusurlar\u0131, korkular\u0131, tutkular\u0131, umutlar\u0131 ve duygular\u0131yla t\u0131pk\u0131 bizler gibiydi. Nadiren birer deha olduklar\u0131n\u0131 d\u00fc\u015f\u00fcnm\u00fc\u015flerdi. Fakat her biri hayallerinin pe\u015finden gitti, engelleri a\u015ft\u0131, d\u00fcnyay\u0131 de\u011fi\u015ftirdi\u2026Kitapta yer alan d\u00e2hiler:Albert Einstein, Marie Curie, Leonardo da Vinci, Kristof Kolomb, Johannes Gutenberg, Nelson Mandela, Rita Levi-Montalcini, Sigmund Freud, Galileo Galilei, Picasso, Maria Callas, Mozart, William Shakespeare, Gandhi, Steve Jobs, Stanley Kubrick<\/p>\n","protected":false},"excerpt":{"rendered":"<p>Farkl\u0131 alanlardan, de\u011fi\u015fik zamanlardan tan\u0131nm\u0131\u015f ve ba\u015far\u0131l\u0131 olmu\u015f 16 dahi&#8230; Her biri kendi alan\u0131nda ilk oldu, \u00e7\u0131\u011f\u0131r a\u00e7t\u0131. Peki \u00e7ocukluklar\u0131 nas\u0131ld\u0131? Hayalleri nelerdi? B\u00fcy\u00fcd\u00fcklerinde neler oldu?Bu<span class=\"excerpt-hellip\"> [\u2026]<\/span><\/p>\n","protected":false},"featured_media":0,"template":"","meta":{"_monsterinsights_skip_tracking":false,"_monsterinsights_sitenote_active":false,"_monsterinsights_sitenote_note":"","_monsterinsights_sitenote_category":0},"product_brand":[],"product_cat":[12274,12631],"product_tag":[],"class_list":{"0":"post-718859","1":"product","2":"type-product","3":"status-publish","5":"product_cat-cocuk-ve-genclik-kitaplari","6":"product_cat-diger-cocuk-ve-genclik-kitaplari","7":"pa_cilt-ciltsiz","8":"pa_tur-kitap","9":"pa_yayinevi-redhouse-kidz-yayinlari","10":"pa_yazar-guido-sgardoli","12":"first","13":"instock","14":"sale","15":"shipping-taxable","16":"purchasable","17":"product-type-simple"},"_links":{"self":[{"href":"https:\/\/roveyayinevi.com.tr\/index.php\/wp-json\/wp\/v2\/product\/718859","targetHints":{"allow":["GET"]}}],"collection":[{"href":"https:\/\/roveyayinevi.com.tr\/index.php\/wp-json\/wp\/v2\/product"}],"about":[{"href":"https:\/\/roveyayinevi.com.tr\/index.php\/wp-json\/wp\/v2\/types\/product"}],"wp:attachment":[{"href":"https:\/\/roveyayinevi.com.tr\/index.php\/wp-json\/wp\/v2\/media?parent=718859"}],"wp:term":[{"taxonomy":"product_brand","embeddable":true,"href":"https:\/\/roveyayinevi.com.tr\/index.php\/wp-json\/wp\/v2\/product_brand?post=718859"},{"taxonomy":"product_cat","embeddable":true,"href":"https:\/\/roveyayinevi.com.tr\/index.php\/wp-json\/wp\/v2\/product_cat?post=718859"},{"taxonomy":"product_tag","embeddable":true,"href":"https:\/\/roveyayinevi.com.tr\/index.php\/wp-json\/wp\/v2\/product_tag?post=718859"}],"curies":[{"name":"wp","href":"https:\/\/api.w.org\/{rel}","templated":true}]}}