{"id":718847,"date":"2025-08-27T18:14:30","date_gmt":"2025-08-27T15:14:30","guid":{"rendered":"https:\/\/roveyayinevi.com.tr\/index.php\/urun\/firat-gelme-evde-kopek-var-bizim\/"},"modified":"2026-04-06T12:48:58","modified_gmt":"2026-04-06T09:48:58","slug":"firat-gelme-evde-kopek-var-bizim","status":"publish","type":"product","link":"https:\/\/roveyayinevi.com.tr\/index.php\/urun\/firat-gelme-evde-kopek-var-bizim\/","title":{"rendered":"F\u0131rat &#8211; Gelme Evde K\u00f6pek Var Bizim"},"content":{"rendered":"<p>Ekmek, Terlik , Can S\u0131k\u0131nt\u0131s\u0131, F\u00fcze , \u00d6p\u00fc\u015fme , Almanya , Kilot , Bedava Kola , S\u00fcm\u00fck , Sigara ,Kardan Adam , At ve \u0130ngilizce Hakk\u0131nda Her \u015eey..<\/p>\n","protected":false},"excerpt":{"rendered":"<p>Ekmek, Terlik , Can S\u0131k\u0131nt\u0131s\u0131, F\u00fcze , \u00d6p\u00fc\u015fme , Almanya , Kilot , Bedava Kola , S\u00fcm\u00fck , Sigara ,Kardan Adam , At ve \u0130ngilizce Hakk\u0131nda<span class=\"excerpt-hellip\"> [\u2026]<\/span><\/p>\n","protected":false},"featured_media":0,"template":"","meta":{"_monsterinsights_skip_tracking":false,"_monsterinsights_sitenote_active":false,"_monsterinsights_sitenote_note":"","_monsterinsights_sitenote_category":0},"product_brand":[],"product_cat":[12477,12364],"product_tag":[],"class_list":{"0":"post-718847","1":"product","2":"type-product","3":"status-publish","5":"product_cat-eglence-mizah","6":"product_cat-genel-konular","7":"pa_cilt-ciltsiz","8":"pa_tur-kitap","9":"pa_yayinevi-inkilap-kitabevi","10":"pa_yazar-ugur-gursoy","12":"first","13":"instock","14":"sale","15":"shipping-taxable","16":"purchasable","17":"product-type-simple"},"_links":{"self":[{"href":"https:\/\/roveyayinevi.com.tr\/index.php\/wp-json\/wp\/v2\/product\/718847","targetHints":{"allow":["GET"]}}],"collection":[{"href":"https:\/\/roveyayinevi.com.tr\/index.php\/wp-json\/wp\/v2\/product"}],"about":[{"href":"https:\/\/roveyayinevi.com.tr\/index.php\/wp-json\/wp\/v2\/types\/product"}],"wp:attachment":[{"href":"https:\/\/roveyayinevi.com.tr\/index.php\/wp-json\/wp\/v2\/media?parent=718847"}],"wp:term":[{"taxonomy":"product_brand","embeddable":true,"href":"https:\/\/roveyayinevi.com.tr\/index.php\/wp-json\/wp\/v2\/product_brand?post=718847"},{"taxonomy":"product_cat","embeddable":true,"href":"https:\/\/roveyayinevi.com.tr\/index.php\/wp-json\/wp\/v2\/product_cat?post=718847"},{"taxonomy":"product_tag","embeddable":true,"href":"https:\/\/roveyayinevi.com.tr\/index.php\/wp-json\/wp\/v2\/product_tag?post=718847"}],"curies":[{"name":"wp","href":"https:\/\/api.w.org\/{rel}","templated":true}]}}