{"id":718840,"date":"2025-08-27T18:14:26","date_gmt":"2025-08-27T15:14:26","guid":{"rendered":"https:\/\/roveyayinevi.com.tr\/index.php\/urun\/ask-ve-kapital\/"},"modified":"2026-04-16T02:26:51","modified_gmt":"2026-04-15T23:26:51","slug":"ask-ve-kapital","status":"publish","type":"product","link":"https:\/\/roveyayinevi.com.tr\/index.php\/urun\/ask-ve-kapital\/","title":{"rendered":"A\u015fk ve Kapital"},"content":{"rendered":"<p>Karl ve Jenny Marx, k\u0131zlar\u0131 Jennychen, Laura ve Tussy, en yak\u0131n dostlar\u0131 ve dava arkada\u015flar\u0131 \u201cGeneral\u201d Friedrich Engels\u2026 \u201cMarx Partisi\u201dnin \u00f6teki \u00fcyeleri olan damatlar, renkli karakterler, devrimciler, s\u00fcrg\u00fcnler ve kimi zaman korkuyla kimi zaman umutla dolu canl\u0131 bir aile ortam\u0131\u2026 Tarihe yeni bir g\u00f6zle bak\u0131p bamba\u015fka bir gelecek g\u00f6ren Marx ve Engels\u2019le birlikte d\u00fcnyay\u0131, kurulu d\u00fczeni de\u011fi\u015ftirmeye \u00e7al\u0131\u015fan insanlar ve tarihin h\u0131zla akt\u0131\u011f\u0131 19. y\u00fczy\u0131lda Avrupa\u2026 Mary Gabriel, Marx\u2019\u0131n geni\u015f ailesinin hik\u00e2yesini, d\u00f6nemin \u00f6nemli olaylar\u0131 \u0131\u015f\u0131\u011f\u0131nda ve Marx\u2019\u0131n \u00f6nemli eserleriyle harmanlayarak anlat\u0131yor. Gabriel, aile \u00fcyelerinin hayat hik\u00e2yelerini kaleme ald\u0131k\u00e7a, Marx\u2019\u0131n d\u00fcnyay\u0131 de\u011fi\u015ftiren metinlerinde yaz\u0131lanlar kadar bu metinlerin yaz\u0131m s\u00fcre\u00e7lerinin ve zaman\u0131ndaki etkilerinin de \u00f6nemli oldu\u011funu ke\u015ffediyor. \u0130\u015fte A\u015fk ve Kapital\u2019i benzer \u00e7al\u0131\u015fmalardan ay\u0131ran da \u00f6zellikle bu etkile\u015fim \u00fczerinde durmas\u0131: Yazara g\u00f6re, Jenny ve Karl aras\u0131ndaki \u00f6zveriye dayal\u0131 ili\u015fkinin do\u011fas\u0131 anla\u015f\u0131lmadan, Kapital\u2019in yaz\u0131m s\u00fcrecini hakk\u0131yla de\u011ferlendirmek zor olacakt\u0131r. Veya bizzat Mary Gabriel\u2019in s\u00f6zleriyle, \u201cMarx ailesindeki kad\u0131nlar olmasayd\u0131 Karl Marx var olmazd\u0131 ve Karl Marx olmasayd\u0131, d\u00fcnya bug\u00fcn bildi\u011fimiz d\u00fcnya olmazd\u0131.\u201d Marx\u2019\u0131n \u00f6l\u00fcm\u00fcnden sonra geride b\u0131rakt\u0131\u011f\u0131 yaz\u0131 ve notlar\u0131n\u0131 d\u00fczenleme g\u00f6revini memnuniyetle \u00fcstlenen Engels, Laura\u2019ya yazd\u0131\u011f\u0131 bir mektupta \u015f\u00f6yle diyor: \u201cAkl\u0131m alm\u0131yor! Kafas\u0131nda b\u00f6ylesine heybetli ke\u015fifler, b\u00fct\u00fcnl\u00fckl\u00fc ve eksiksiz bir bilimsel devrim bulunan bir insan, bunlar\u0131 nas\u0131l yirmi y\u0131l orada tutabilmi\u015f?\u201d A\u015fk ve Kapital, bir anlamda, Engels\u2019in bu sorusunu de\u011fi\u015ftirerek \u201cNeden?\u201d diye soruyor. Kapital\u2019in di\u011fer ciltlerinin yaz\u0131m\u0131 neden Marx\u2019\u0131n \u00f6l\u00fcm\u00fcnden sonraya kal\u0131yor? Her okurun, bu b\u00fcy\u00fck devrimcinin m\u00fccadelesi ile ailesi aras\u0131nda kurmaya \u00e7al\u0131\u015ft\u0131\u011f\u0131 dengeyi, teredd\u00fct, umut ve hayal k\u0131r\u0131kl\u0131klar\u0131n\u0131 okuyarak bu soruya kendince bir cevap bulaca\u011f\u0131na inan\u0131yoruz.    (arka kapak)<\/p>\n","protected":false},"excerpt":{"rendered":"<p>Karl ve Jenny Marx, k\u0131zlar\u0131 Jennychen, Laura ve Tussy, en yak\u0131n dostlar\u0131 ve dava arkada\u015flar\u0131 \u201cGeneral\u201d Friedrich Engels\u2026 \u201cMarx Partisi\u201dnin \u00f6teki \u00fcyeleri olan damatlar, renkli karakterler,<span class=\"excerpt-hellip\"> [\u2026]<\/span><\/p>\n","protected":false},"featured_media":0,"template":"","meta":{"_monsterinsights_skip_tracking":false,"_monsterinsights_sitenote_active":false,"_monsterinsights_sitenote_note":"","_monsterinsights_sitenote_category":0},"product_brand":[],"product_cat":[12965,12337],"product_tag":[],"class_list":{"0":"post-718840","1":"product","2":"type-product","3":"status-publish","5":"product_cat-genel-politika","6":"product_cat-politika-siyaset","7":"pa_cilt-ciltsiz","8":"pa_tur-kitap","9":"pa_yayinevi-yordam-kitap","10":"pa_yazar-mary-gabriel","12":"first","13":"instock","14":"sale","15":"shipping-taxable","16":"purchasable","17":"product-type-simple"},"_links":{"self":[{"href":"https:\/\/roveyayinevi.com.tr\/index.php\/wp-json\/wp\/v2\/product\/718840","targetHints":{"allow":["GET"]}}],"collection":[{"href":"https:\/\/roveyayinevi.com.tr\/index.php\/wp-json\/wp\/v2\/product"}],"about":[{"href":"https:\/\/roveyayinevi.com.tr\/index.php\/wp-json\/wp\/v2\/types\/product"}],"wp:attachment":[{"href":"https:\/\/roveyayinevi.com.tr\/index.php\/wp-json\/wp\/v2\/media?parent=718840"}],"wp:term":[{"taxonomy":"product_brand","embeddable":true,"href":"https:\/\/roveyayinevi.com.tr\/index.php\/wp-json\/wp\/v2\/product_brand?post=718840"},{"taxonomy":"product_cat","embeddable":true,"href":"https:\/\/roveyayinevi.com.tr\/index.php\/wp-json\/wp\/v2\/product_cat?post=718840"},{"taxonomy":"product_tag","embeddable":true,"href":"https:\/\/roveyayinevi.com.tr\/index.php\/wp-json\/wp\/v2\/product_tag?post=718840"}],"curies":[{"name":"wp","href":"https:\/\/api.w.org\/{rel}","templated":true}]}}