{"id":718816,"date":"2025-08-27T18:13:58","date_gmt":"2025-08-27T15:13:58","guid":{"rendered":"https:\/\/roveyayinevi.com.tr\/index.php\/urun\/azerbaycan-tarihi\/"},"modified":"2026-04-16T02:26:50","modified_gmt":"2026-04-15T23:26:50","slug":"azerbaycan-tarihi","status":"publish","type":"product","link":"https:\/\/roveyayinevi.com.tr\/index.php\/urun\/azerbaycan-tarihi\/","title":{"rendered":"Azerbaycan Tarihi"},"content":{"rendered":"<p>Azerbaycan halen \u00fclke i\u00e7inde oldu\u011fu gibi d\u0131\u015f\u0131nda da terra incognita [bilinmeyen toprak] \u00f6zelli\u011fini korumaktad\u0131r. Sovyet ve Pehlevi rejimleri d\u00f6neminde bu \u00fclkenin ge\u00e7mi\u015fi fazlas\u0131yla tahrif edildi. G\u00fcn\u00fcm\u00fcz Azerbaycan\u2019\u0131 ve Azerbaycan\u2019daki T\u00fcrk milletinin kendisini do\u011fru idrak etmesi engellenmi\u015ftir. H\u00e2lihaz\u0131rda eski Sovyet tarih yaz\u0131l\u0131m\u0131 \u00e7\u00f6km\u00fc\u015f yenisi ise kurulmam\u0131\u015ft\u0131r. Son y\u0131llardaki tarih kitaplar\u0131 patlamas\u0131 da durumu d\u00fczeltmek g\u00fcc\u00fcnde de\u011fildir. Azerbaycan vatanda\u015flar\u0131n\u0131n tarih bilinci ona olan talebe cevap verecek g\u00fc\u00e7te de\u011fil. Milletle\u015fme s\u00fcrecinde ortaya \u00e7\u0131kan temel soruya &#8211; Biz kimiz, nereden gelip, nereye gidiyoruz? do\u011fru cevap verebiliyor muyuz? Veya Neden bu haldeyiz? sorusuna tam ger\u00e7ekli\u011fi ile cevap bulabiliyor muyuz? Resm\u00ee veya gayri resm\u00ee \u0130ran tarih\u00e7ili\u011finin misyonu T\u00fcrkl\u00fc\u011f\u00fcn bilincini zehirlemek olmu\u015ftur ku\u015fkusuz. Bu siyaset g\u00fcn\u00fcm\u00fczde T\u00fcrklerin kendini idrak etmesine mani olmaktad\u0131r. Kaydetti\u011fimiz bu durum haz\u0131rl\u0131kl\u0131 T\u00fcrkiye okuyucusu i\u00e7in a\u015fa\u011f\u0131 yukar\u0131 bilinen meseledir. Kuzey Azerbaycan\u2019daki resm\u00ee tarih\u00e7ilik nispeten kar\u0131\u015f\u0131kt\u0131r. Fakat ne kadar kar\u0131\u015f\u0131k olsa da ayn\u0131 cevab\u0131 vurgulamak zorunday\u0131z: Kuzey Azerbaycan\u2019daki tarih\u00e7ilik, \u015eu Azerbaycanl\u0131lar kimlerdir, nereden gelip, nereye gidiyorlar?  temel sorusunu yan\u0131tlamak g\u00fcc\u00fcnde de\u011fildir. Bu kitap i\u015fte bu alandaki bo\u015flu\u011fu doldurmak amac\u0131yla haz\u0131rlanm\u0131\u015ft\u0131r. <\/p>\n","protected":false},"excerpt":{"rendered":"<p>Azerbaycan halen \u00fclke i\u00e7inde oldu\u011fu gibi d\u0131\u015f\u0131nda da terra incognita [bilinmeyen toprak] \u00f6zelli\u011fini korumaktad\u0131r. Sovyet ve Pehlevi rejimleri d\u00f6neminde bu \u00fclkenin ge\u00e7mi\u015fi fazlas\u0131yla tahrif edildi. G\u00fcn\u00fcm\u00fcz<span class=\"excerpt-hellip\"> [\u2026]<\/span><\/p>\n","protected":false},"featured_media":0,"template":"","meta":{"_monsterinsights_skip_tracking":false,"_monsterinsights_sitenote_active":false,"_monsterinsights_sitenote_note":"","_monsterinsights_sitenote_category":0},"product_brand":[],"product_cat":[12370,12304],"product_tag":[],"class_list":{"0":"post-718816","1":"product","2":"type-product","3":"status-publish","5":"product_cat-arastirma-inceleme","6":"product_cat-tarih","7":"pa_cilt-ciltsiz","8":"pa_tur-kitap","9":"pa_yayinevi-altinordu-yayinlari","10":"pa_yazar-nesib-l-nesibli","12":"first","13":"instock","14":"sale","15":"shipping-taxable","16":"purchasable","17":"product-type-simple"},"_links":{"self":[{"href":"https:\/\/roveyayinevi.com.tr\/index.php\/wp-json\/wp\/v2\/product\/718816","targetHints":{"allow":["GET"]}}],"collection":[{"href":"https:\/\/roveyayinevi.com.tr\/index.php\/wp-json\/wp\/v2\/product"}],"about":[{"href":"https:\/\/roveyayinevi.com.tr\/index.php\/wp-json\/wp\/v2\/types\/product"}],"wp:attachment":[{"href":"https:\/\/roveyayinevi.com.tr\/index.php\/wp-json\/wp\/v2\/media?parent=718816"}],"wp:term":[{"taxonomy":"product_brand","embeddable":true,"href":"https:\/\/roveyayinevi.com.tr\/index.php\/wp-json\/wp\/v2\/product_brand?post=718816"},{"taxonomy":"product_cat","embeddable":true,"href":"https:\/\/roveyayinevi.com.tr\/index.php\/wp-json\/wp\/v2\/product_cat?post=718816"},{"taxonomy":"product_tag","embeddable":true,"href":"https:\/\/roveyayinevi.com.tr\/index.php\/wp-json\/wp\/v2\/product_tag?post=718816"}],"curies":[{"name":"wp","href":"https:\/\/api.w.org\/{rel}","templated":true}]}}