{"id":718812,"date":"2025-08-27T18:13:56","date_gmt":"2025-08-27T15:13:56","guid":{"rendered":"https:\/\/roveyayinevi.com.tr\/index.php\/urun\/buyuk-yarisma\/"},"modified":"2026-04-16T02:26:50","modified_gmt":"2026-04-15T23:26:50","slug":"buyuk-yarisma","status":"publish","type":"product","link":"https:\/\/roveyayinevi.com.tr\/index.php\/urun\/buyuk-yarisma\/","title":{"rendered":"B\u00fcy\u00fck Yar\u0131\u015fma"},"content":{"rendered":"<p>K\u00f6t\u00fc \u015e\u00f6valye, \u015f\u00f6valyelik okuluna gitmeye hi\u00e7 hevesli de\u011fildi. S\u0131n\u0131f\u0131n\u0131n sonuncusuydu ve di\u011fer \u00e7ocuklar onun \u015f\u00f6valyelik konusundaki beceriksizli\u011fiyle s\u00fcrekli dalga ge\u00e7iyorlard\u0131. Bu y\u0131l \u00f6ncekilerden farkl\u0131 olacak. K\u00f6t\u00fc \u015e\u00f6valye\u2019nin kuzeni ziyarete geliyor ve birlikte d\u00fcnyaya iki muhte\u015fem \u015f\u00f6valyenin neler yapabilece\u011fini g\u00f6sterecekler. Ancak K\u00f6t\u00fc \u015e\u00f6valye\u2019nin kuzeni geldi\u011finde i\u015fler \u00e7ok daha k\u00f6t\u00fcye gidebilir \u00e7\u00fcnk\u00fc K\u00f6t\u00fc \u015e\u00f6valye\u2019nin kuzeni ger\u00e7ekten de \u00e7ok iyi.<\/p>\n","protected":false},"excerpt":{"rendered":"<p>K\u00f6t\u00fc \u015e\u00f6valye, \u015f\u00f6valyelik okuluna gitmeye hi\u00e7 hevesli de\u011fildi. S\u0131n\u0131f\u0131n\u0131n sonuncusuydu ve di\u011fer \u00e7ocuklar onun \u015f\u00f6valyelik konusundaki beceriksizli\u011fiyle s\u00fcrekli dalga ge\u00e7iyorlard\u0131. Bu y\u0131l \u00f6ncekilerden farkl\u0131 olacak. K\u00f6t\u00fc<span class=\"excerpt-hellip\"> [\u2026]<\/span><\/p>\n","protected":false},"featured_media":0,"template":"","meta":{"_monsterinsights_skip_tracking":false,"_monsterinsights_sitenote_active":false,"_monsterinsights_sitenote_note":"","_monsterinsights_sitenote_category":0},"product_brand":[],"product_cat":[12274,12518],"product_tag":[],"class_list":{"0":"post-718812","1":"product","2":"type-product","3":"status-publish","5":"product_cat-cocuk-ve-genclik-kitaplari","6":"product_cat-okul-oncesi-kitaplar","7":"pa_cilt-ciltsiz","8":"pa_tur-kitap","9":"pa_yayinevi-is-bankasi-kultur-yayinlari","10":"pa_yazar-tom-knight","12":"first","13":"instock","14":"sale","15":"shipping-taxable","16":"purchasable","17":"product-type-simple"},"_links":{"self":[{"href":"https:\/\/roveyayinevi.com.tr\/index.php\/wp-json\/wp\/v2\/product\/718812","targetHints":{"allow":["GET"]}}],"collection":[{"href":"https:\/\/roveyayinevi.com.tr\/index.php\/wp-json\/wp\/v2\/product"}],"about":[{"href":"https:\/\/roveyayinevi.com.tr\/index.php\/wp-json\/wp\/v2\/types\/product"}],"wp:attachment":[{"href":"https:\/\/roveyayinevi.com.tr\/index.php\/wp-json\/wp\/v2\/media?parent=718812"}],"wp:term":[{"taxonomy":"product_brand","embeddable":true,"href":"https:\/\/roveyayinevi.com.tr\/index.php\/wp-json\/wp\/v2\/product_brand?post=718812"},{"taxonomy":"product_cat","embeddable":true,"href":"https:\/\/roveyayinevi.com.tr\/index.php\/wp-json\/wp\/v2\/product_cat?post=718812"},{"taxonomy":"product_tag","embeddable":true,"href":"https:\/\/roveyayinevi.com.tr\/index.php\/wp-json\/wp\/v2\/product_tag?post=718812"}],"curies":[{"name":"wp","href":"https:\/\/api.w.org\/{rel}","templated":true}]}}