{"id":718799,"date":"2025-08-27T18:13:46","date_gmt":"2025-08-27T15:13:46","guid":{"rendered":"https:\/\/roveyayinevi.com.tr\/index.php\/urun\/ali\/"},"modified":"2026-04-16T02:26:50","modified_gmt":"2026-04-15T23:26:50","slug":"ali","status":"publish","type":"product","link":"https:\/\/roveyayinevi.com.tr\/index.php\/urun\/ali\/","title":{"rendered":"Ali"},"content":{"rendered":"<p>Gazeteci Ahmet Ercanlar\u2019dan bir Ali Ko\u00e7 ve Fenerbah\u00e7e Kitab\u0131 S\u0131cak, samimi, vefak\u00e2r ve d\u00fcr\u00fcst bir adam, zenginli\u011fiyle de\u011fil, insanl\u0131\u011f\u0131 ve ki\u015fili\u011fiyle \u00e7evresinde y\u0131k\u0131lmaz bir duvar olu\u015fturdu. Baz\u0131lar\u0131ndan ummad\u0131\u011f\u0131 darbeler de yese, \u201cAli\u201d asla vazge\u00e7meyecek.Bu kitab\u0131 okuyunca siz de nas\u0131l ba\u015fard\u0131\u011f\u0131n\u0131 anlayacaks\u0131n\u0131z. Atat\u00fcrk\u00e7\u00fc, vatansever, \u00fclkesine \u00e7ok ba\u011fl\u0131 bir adam\u0131n Fenerbah\u00e7e Ba\u015fkanl\u0131\u011f\u0131na kadar y\u00fckselme hik\u00e2yesi bu.\u00c7ocuklu\u011funda hayalini kurdu\u011fu Fenerbah\u00e7e Ba\u015fkanl\u0131\u011f\u0131na g\u00f6zya\u015flar\u0131 i\u00e7inde ula\u015fmas\u0131n\u0131n hik\u00e2yesi\u2026G\u0131pta ile bak\u0131lan bir ailenin mahalle ruhlu, dost canl\u0131s\u0131 k\u00fc\u00e7\u00fck karde\u015fi Ali Ko\u00e7\u2019un bir ileti\u015fim stratejisi yoktu. En iyi bildi\u011fi \u015feyi yap\u0131yordu; ailesinden g\u00f6rd\u00fc\u011f\u00fcn\u00fc\u2026Kalpleri fethetmenin de yolu buydu.<\/p>\n","protected":false},"excerpt":{"rendered":"<p>Gazeteci Ahmet Ercanlar\u2019dan bir Ali Ko\u00e7 ve Fenerbah\u00e7e Kitab\u0131 S\u0131cak, samimi, vefak\u00e2r ve d\u00fcr\u00fcst bir adam, zenginli\u011fiyle de\u011fil, insanl\u0131\u011f\u0131 ve ki\u015fili\u011fiyle \u00e7evresinde y\u0131k\u0131lmaz bir duvar olu\u015fturdu.<span class=\"excerpt-hellip\"> [\u2026]<\/span><\/p>\n","protected":false},"featured_media":0,"template":"","meta":{"_monsterinsights_skip_tracking":false,"_monsterinsights_sitenote_active":false,"_monsterinsights_sitenote_note":"","_monsterinsights_sitenote_category":0},"product_brand":[],"product_cat":[15563,15564],"product_tag":[],"class_list":{"0":"post-718799","1":"product","2":"type-product","3":"status-publish","5":"product_cat-hobi","6":"product_cat-spor","7":"pa_cilt-ciltsiz","8":"pa_tur-kitap","9":"pa_yayinevi-kara-karga-yayinlari","10":"pa_yazar-ahmet-ercanlar","12":"first","13":"instock","14":"sale","15":"shipping-taxable","16":"purchasable","17":"product-type-simple"},"_links":{"self":[{"href":"https:\/\/roveyayinevi.com.tr\/index.php\/wp-json\/wp\/v2\/product\/718799","targetHints":{"allow":["GET"]}}],"collection":[{"href":"https:\/\/roveyayinevi.com.tr\/index.php\/wp-json\/wp\/v2\/product"}],"about":[{"href":"https:\/\/roveyayinevi.com.tr\/index.php\/wp-json\/wp\/v2\/types\/product"}],"wp:attachment":[{"href":"https:\/\/roveyayinevi.com.tr\/index.php\/wp-json\/wp\/v2\/media?parent=718799"}],"wp:term":[{"taxonomy":"product_brand","embeddable":true,"href":"https:\/\/roveyayinevi.com.tr\/index.php\/wp-json\/wp\/v2\/product_brand?post=718799"},{"taxonomy":"product_cat","embeddable":true,"href":"https:\/\/roveyayinevi.com.tr\/index.php\/wp-json\/wp\/v2\/product_cat?post=718799"},{"taxonomy":"product_tag","embeddable":true,"href":"https:\/\/roveyayinevi.com.tr\/index.php\/wp-json\/wp\/v2\/product_tag?post=718799"}],"curies":[{"name":"wp","href":"https:\/\/api.w.org\/{rel}","templated":true}]}}