{"id":718796,"date":"2025-08-27T18:13:43","date_gmt":"2025-08-27T15:13:43","guid":{"rendered":"https:\/\/roveyayinevi.com.tr\/index.php\/urun\/efsane-geri-donus-gol-9-ciltli\/"},"modified":"2026-04-16T02:26:50","modified_gmt":"2026-04-15T23:26:50","slug":"efsane-geri-donus-gol-9-ciltli","status":"publish","type":"product","link":"https:\/\/roveyayinevi.com.tr\/index.php\/urun\/efsane-geri-donus-gol-9-ciltli\/","title":{"rendered":"Efsane Geri D\u00f6n\u00fc\u015f &#8211; Gol 9 (Ciltli)"},"content":{"rendered":"<p>Sekiz \u00e7ocu\u011fun maceralar\u0131, hayalleri ve en b\u00fcy\u00fck tutkular\u0131: Futbol!\u015eampiyonan\u0131n ikinci turu ba\u015flad\u0131 ve So\u011fanc\u0131klar hi\u00e7 olmad\u0131klar\u0131 kadar g\u00fc\u00e7l\u00fc: Tommi tak\u0131ma geri d\u00f6nd\u00fc, sorunlu Loris ise tekrar Mavi Akademi\u2019de. Ama bir \u015feyler ters gidiyor&#8230; Tommi herkesle tart\u0131\u015f\u0131yor, A\u015f\u00e7\u0131ba\u015f\u0131 tuhaf bir g\u00f6\u011f\u00fcs a\u011fr\u0131s\u0131 \u00e7ekiyor ve So\u011fanc\u0131klar b\u00fct\u00fcn bir \u00e7i\u00e7ek gibi de\u011fil, birbirlerinden ayr\u0131 ta\u00e7yapraklar gibi g\u00f6r\u00fcn\u00fcyorlar! T\u00fcm bunlara ra\u011fmen finale \u00e7\u0131kabilecekler mi?<\/p>\n","protected":false},"excerpt":{"rendered":"<p>Sekiz \u00e7ocu\u011fun maceralar\u0131, hayalleri ve en b\u00fcy\u00fck tutkular\u0131: Futbol!\u015eampiyonan\u0131n ikinci turu ba\u015flad\u0131 ve So\u011fanc\u0131klar hi\u00e7 olmad\u0131klar\u0131 kadar g\u00fc\u00e7l\u00fc: Tommi tak\u0131ma geri d\u00f6nd\u00fc, sorunlu Loris ise tekrar<span class=\"excerpt-hellip\"> [\u2026]<\/span><\/p>\n","protected":false},"featured_media":0,"template":"","meta":{"_monsterinsights_skip_tracking":false,"_monsterinsights_sitenote_active":false,"_monsterinsights_sitenote_note":"","_monsterinsights_sitenote_category":0},"product_brand":[],"product_cat":[12274,12284],"product_tag":[],"class_list":{"0":"post-718796","1":"product","2":"type-product","3":"status-publish","5":"product_cat-cocuk-ve-genclik-kitaplari","6":"product_cat-hikayeler","7":"pa_cilt-ciltli","8":"pa_tur-kitap","9":"pa_yayinevi-epsilon-yayinlari","10":"pa_yazar-luigi-garlando","12":"first","13":"instock","14":"sale","15":"shipping-taxable","16":"purchasable","17":"product-type-simple"},"_links":{"self":[{"href":"https:\/\/roveyayinevi.com.tr\/index.php\/wp-json\/wp\/v2\/product\/718796","targetHints":{"allow":["GET"]}}],"collection":[{"href":"https:\/\/roveyayinevi.com.tr\/index.php\/wp-json\/wp\/v2\/product"}],"about":[{"href":"https:\/\/roveyayinevi.com.tr\/index.php\/wp-json\/wp\/v2\/types\/product"}],"wp:attachment":[{"href":"https:\/\/roveyayinevi.com.tr\/index.php\/wp-json\/wp\/v2\/media?parent=718796"}],"wp:term":[{"taxonomy":"product_brand","embeddable":true,"href":"https:\/\/roveyayinevi.com.tr\/index.php\/wp-json\/wp\/v2\/product_brand?post=718796"},{"taxonomy":"product_cat","embeddable":true,"href":"https:\/\/roveyayinevi.com.tr\/index.php\/wp-json\/wp\/v2\/product_cat?post=718796"},{"taxonomy":"product_tag","embeddable":true,"href":"https:\/\/roveyayinevi.com.tr\/index.php\/wp-json\/wp\/v2\/product_tag?post=718796"}],"curies":[{"name":"wp","href":"https:\/\/api.w.org\/{rel}","templated":true}]}}